{"id":1418,"date":"2025-02-07T20:02:01","date_gmt":"2025-02-07T20:02:01","guid":{"rendered":"https:\/\/reverbdata.ipl.pt\/?page_id=1418"},"modified":"2025-11-27T12:03:10","modified_gmt":"2025-11-27T12:03:10","slug":"cloister-of-sao-vicente-de-fora-monastery","status":"publish","type":"page","link":"https:\/\/reverbdata.ipl.pt\/pt\/reverbdata\/cloister-of-sao-vicente-de-fora-monastery\/","title":{"rendered":"Claustro do Mosteiro de S\u00e3o Vicente de Fora"},"content":{"rendered":"<div class=\"wp-block-group has-global-padding is-layout-constrained wp-block-group-is-layout-constrained\">\n<div class=\"wp-block-group has-global-padding is-layout-constrained wp-block-group-is-layout-constrained\">\n<div class=\"wp-block-columns is-layout-flex wp-container-core-columns-is-layout-0f3590de wp-block-columns-is-layout-flex\">\n<div class=\"wp-block-column is-layout-flow wp-block-column-is-layout-flow\" style=\"flex-basis:50%\"><h3 class=\"has-link-color wp-elements-d2e51c92208a6a2a5b724660ce272c42 wp-block-post-title has-text-color has-custom-color-1-color\">Claustro do Mosteiro de S\u00e3o Vicente de Fora<\/h3>\n\n\n<figure class=\"wp-block-image size-full\"><img loading=\"lazy\" decoding=\"async\" width=\"2560\" height=\"1920\" src=\"https:\/\/reverbdata.ipl.pt\/wp-content\/uploads\/2025\/02\/1733065140780-scaled.jpg\" alt=\"\" class=\"wp-image-1420\" srcset=\"https:\/\/reverbdata.ipl.pt\/wp-content\/uploads\/2025\/02\/1733065140780-scaled.jpg 2560w, https:\/\/reverbdata.ipl.pt\/wp-content\/uploads\/2025\/02\/1733065140780-300x225.jpg 300w, https:\/\/reverbdata.ipl.pt\/wp-content\/uploads\/2025\/02\/1733065140780-1024x768.jpg 1024w, https:\/\/reverbdata.ipl.pt\/wp-content\/uploads\/2025\/02\/1733065140780-768x576.jpg 768w, https:\/\/reverbdata.ipl.pt\/wp-content\/uploads\/2025\/02\/1733065140780-1536x1152.jpg 1536w, https:\/\/reverbdata.ipl.pt\/wp-content\/uploads\/2025\/02\/1733065140780-2048x1536.jpg 2048w, https:\/\/reverbdata.ipl.pt\/wp-content\/uploads\/2025\/02\/1733065140780-16x12.jpg 16w, https:\/\/reverbdata.ipl.pt\/wp-content\/uploads\/2025\/02\/1733065140780-200x150.jpg 200w\" sizes=\"auto, (max-width: 2560px) 100vw, 2560px\" \/><\/figure>\n\n\n\n<p class=\"justify-text has-body-text-color has-text-color has-link-color wp-elements-ffa2093bffe4fc8c555585ce62051a69\">O actual par de claustros \u00e9 perfeitamente id\u00eantico; cada Claustro tem planta quadrada com ca. 25 m de lado, e um p\u00e9 direito de ca. 12.5 m.<\/p>\n\n\n\n<p class=\"justify-text has-body-text-color has-text-color has-link-color wp-elements-32a9818a39f88c756117b66b86fe06ae\">Principais materiais: alvenaria mista, reboco e estuque pintado, m\u00e1rmore, azulejos.<\/p>\n<\/div>\n\n\n\n<div class=\"wp-block-column is-layout-flow wp-block-column-is-layout-flow\" style=\"padding-top:3rem;flex-basis:50%\">\n<h5 class=\"wp-block-heading has-text-align-left has-custom-color-1-color has-text-color has-link-color wp-elements-74cf0948a3128ab9f4ecf1f8834f4295\">Pontos de medi\u00e7\u00e3o e localiza\u00e7\u00e3o da fonte ac\u00fastica<\/h5>\n\n\n\n<p class=\"justify-text has-body-text-color has-text-color has-link-color wp-elements-d5456175b6dc3d9a0f440c35a5983ffa\">A fonte sonora foi colocada no centro do Claustro (S1), e numa posi\u00e7\u00e3o interm\u00e9dia do corredor sul (S2). As aquisi\u00e7\u00f5es e registos ac\u00fasticos foram realizados em dois locais, o primeiro dentro do Claustro (Pos1) e o segundo numa posi\u00e7\u00e3o interm\u00e9dia do corredor norte (Pos2).<\/p>\n\n\n\n<figure class=\"wp-block-image alignwide size-full is-style-default\"><img loading=\"lazy\" decoding=\"async\" width=\"1292\" height=\"1698\" src=\"https:\/\/reverbdata.ipl.pt\/wp-content\/uploads\/2025\/02\/Cloister-plan_2.jpg\" alt=\"\" class=\"wp-image-1421\" srcset=\"https:\/\/reverbdata.ipl.pt\/wp-content\/uploads\/2025\/02\/Cloister-plan_2.jpg 1292w, https:\/\/reverbdata.ipl.pt\/wp-content\/uploads\/2025\/02\/Cloister-plan_2-228x300.jpg 228w, https:\/\/reverbdata.ipl.pt\/wp-content\/uploads\/2025\/02\/Cloister-plan_2-779x1024.jpg 779w, https:\/\/reverbdata.ipl.pt\/wp-content\/uploads\/2025\/02\/Cloister-plan_2-768x1009.jpg 768w, https:\/\/reverbdata.ipl.pt\/wp-content\/uploads\/2025\/02\/Cloister-plan_2-1169x1536.jpg 1169w, https:\/\/reverbdata.ipl.pt\/wp-content\/uploads\/2025\/02\/Cloister-plan_2-9x12.jpg 9w, https:\/\/reverbdata.ipl.pt\/wp-content\/uploads\/2025\/02\/Cloister-plan_2-200x263.jpg 200w\" sizes=\"auto, (max-width: 1292px) 100vw, 1292px\" \/><\/figure>\n<\/div>\n<\/div>\n<\/div>\n\n\n\n<h3 class=\"wp-block-heading has-custom-color-1-color has-text-color has-link-color wp-elements-01bca5ce57de3daa64864e37b5fec474\">Ficheiros de \u00c1udio de Demonstra\u00e7\u00e3o<\/h3>\n\n\n\n<h6 class=\"wp-block-heading has-custom-color-1-color has-text-color has-link-color wp-elements-5d0b8381b06338b31183daec91eb03ed\">\"Discurso masculino e feminino\" -&gt; Original<\/h6>\n\n\n\n<figure class=\"wp-block-audio\"><audio controls src=\"https:\/\/reverbdata.ipl.pt\/wp-content\/uploads\/2025\/05\/Male_and_Female_speech_40s.wav\"><\/audio><\/figure>\n\n\n\n<h6 class=\"wp-block-heading has-custom-color-1-color has-text-color has-link-color wp-elements-05d1ab4ec7b116d35a88f5889981f89b\">\"Discurso masculino e feminino\" -&gt; Processado em Est\u00e9reo<\/h6>\n\n\n\n<figure class=\"wp-block-audio\"><audio controls src=\"https:\/\/reverbdata.ipl.pt\/wp-content\/uploads\/2025\/04\/Male_and_Female_speech_Stereo_40s-1.wav\"><\/audio><figcaption class=\"wp-element-caption\">Fonte Ac\u00fastica no centro do Claustro (S1) e sistema de aquisi\u00e7\u00e3o na Posi\u00e7\u00e3o 2; T<sub>30,wide<\/sub>&nbsp;= 2.90 s<\/figcaption><\/figure>\n\n\n\n<h6 class=\"wp-block-heading has-custom-color-1-color has-text-color has-link-color wp-elements-cefd33f3fd0d3ace7f548d7653c7219d\">\"Discurso masculino e feminino\" -&gt; Processado em Binaural (usar headphones)<\/h6>\n\n\n\n<figure class=\"wp-block-audio\"><audio controls src=\"https:\/\/reverbdata.ipl.pt\/wp-content\/uploads\/2025\/05\/Male_and_Female_speech_Binaural_40s-7.wav\"><\/audio><figcaption class=\"wp-element-caption\">Fonte Ac\u00fastica no centro do Claustro (S1) e sistema de aquisi\u00e7\u00e3o na Posi\u00e7\u00e3o 2; T<sub>30,wide<\/sub>&nbsp;= 2.90 s<\/figcaption><\/figure>\n\n\n\n<h6 class=\"wp-block-heading has-custom-color-1-color has-text-color has-link-color wp-elements-8b021da4f6891343264ec4075f892193\">\u201cGuitar_Capriccio_Arabe_Tarrega\u201d -&gt; Original<\/h6>\n\n\n\n<figure class=\"wp-block-audio\"><audio controls src=\"https:\/\/reverbdata.ipl.pt\/wp-content\/uploads\/2025\/05\/Guitar_Capriccio_Arabe_Tarrega_40s.wav\"><\/audio><\/figure>\n\n\n\n<h6 class=\"wp-block-heading has-custom-color-1-color has-text-color has-link-color wp-elements-da811de222d07d25a08b3306dca9165a\">\u201cGuitar_Capriccio_Arabe_Tarrega\u201d -&gt; Processado em Est\u00e9reo<\/h6>\n\n\n\n<figure class=\"wp-block-audio\"><audio controls src=\"https:\/\/reverbdata.ipl.pt\/wp-content\/uploads\/2025\/04\/Guitar_Capriccio_Arabe_Tarrega_Stereo_40s-1.wav\"><\/audio><figcaption class=\"wp-element-caption\">Fonte Ac\u00fastica no centro do Claustro (S1) e sistema de aquisi\u00e7\u00e3o na Posi\u00e7\u00e3o 2; T<sub>30,wide<\/sub>&nbsp;= 2.90 s<\/figcaption><\/figure>\n\n\n\n<h6 class=\"wp-block-heading has-custom-color-1-color has-text-color has-link-color wp-elements-3e4b1e9003c333e6a9be23ad9cfcf89e\">\u201cGuitar_Capriccio_Arabe_Tarrega\u201d -&gt; Processado em Binaural (usar headphones)<\/h6>\n\n\n\n<figure class=\"wp-block-audio\"><audio controls src=\"https:\/\/reverbdata.ipl.pt\/wp-content\/uploads\/2025\/04\/Guitar_Capriccio_Arabe_Tarrega_Binaural_40s-1.wav\"><\/audio><figcaption class=\"wp-element-caption\">Fonte Ac\u00fastica no centro do Claustro (S1) e sistema de aquisi\u00e7\u00e3o na Posi\u00e7\u00e3o 2; T<sub>30,wide<\/sub>&nbsp;= 2.90 s<\/figcaption><\/figure>\n\n\n\n<h6 class=\"wp-block-heading has-custom-color-1-color has-text-color has-link-color wp-elements-5e3ef03a3904366221432726cf86b293\">\u201cKyrie_Missa_Notre_Dame_Guillame_de_Machaut\u201d -&gt; Original<\/h6>\n\n\n\n<figure class=\"wp-block-audio\"><audio controls src=\"https:\/\/reverbdata.ipl.pt\/wp-content\/uploads\/2025\/05\/Kyrie_Missa_Notre_Dame_Guillame_de_Machaut_40s.wav\"><\/audio><\/figure>\n\n\n\n<h6 class=\"wp-block-heading has-custom-color-1-color has-text-color has-link-color wp-elements-c8ec8eb0b94e1c4a27ce45cb43d2255f\">\u201cKyrie_Missa_Notre_Dame_Guillame_de_Machaut\u201d -&gt; Processado em Est\u00e9reo<\/h6>\n\n\n\n<figure class=\"wp-block-audio\"><audio controls src=\"https:\/\/reverbdata.ipl.pt\/wp-content\/uploads\/2025\/04\/Kyrie_Missa_Notre_Dame_Guillaume_de_Machaut_Stereo_40s-1.wav\"><\/audio><figcaption class=\"wp-element-caption\">Fonte Ac\u00fastica no centro do Claustro (S1) e sistema de aquisi\u00e7\u00e3o na Posi\u00e7\u00e3o 2; T<sub>30,wide<\/sub>&nbsp;= 2.90 s<\/figcaption><\/figure>\n\n\n\n<h6 class=\"wp-block-heading has-custom-color-1-color has-text-color has-link-color wp-elements-ee7412d73cf813a98ed7e6f4bd41f78f\">\u201cKyrie_Missa_Notre_Dame_Guillame_de_Machaut\u201d -&gt; Processado em Binaural (usar headphones)<\/h6>\n\n\n\n<figure class=\"wp-block-audio\"><audio controls src=\"https:\/\/reverbdata.ipl.pt\/wp-content\/uploads\/2025\/04\/Kyrie_Missa_Notre_Dame_Guillaume_de_Machaut_Binaural_40s-1.wav\"><\/audio><figcaption class=\"wp-element-caption\">Fonte Ac\u00fastica no centro do Claustro (S1) e sistema de aquisi\u00e7\u00e3o na Posi\u00e7\u00e3o 2; T<sub>30,wide<\/sub>&nbsp;= 2.90 s<\/figcaption><\/figure>\n<\/div>\n\n\n\n<div class=\"wp-block-group has-global-padding is-layout-constrained wp-block-group-is-layout-constrained\">\n<div style=\"height:40px\" aria-hidden=\"true\" class=\"wp-block-spacer\"><\/div>\n\n\n\n<div class=\"wp-block-group has-custom-color-1-background-color has-background has-global-padding is-layout-constrained wp-container-core-group-is-layout-e8732830 wp-block-group-is-layout-constrained\" style=\"min-height:0px;margin-top:0;margin-bottom:0;padding-right:5rem;padding-left:5rem\">\n<h3 class=\"wp-block-heading has-text-align-center has-base-color has-text-color has-link-color wp-elements-bdebf145cae9fa4460087a537381715d\" style=\"padding-top:0;padding-right:0;padding-bottom:0;padding-left:0\">Ficheiros de Resposta ao Impulso do Espa\u00e7o<\/h3>\n\n\n\n<div class=\"wp-block-buttons alignwide is-horizontal is-content-justification-center is-layout-flex wp-container-core-buttons-is-layout-967d4589 wp-block-buttons-is-layout-flex\" style=\"margin-top:var(--wp--preset--spacing--40);margin-bottom:0\">\n<div class=\"wp-block-button is-style-fill\"><a class=\"wp-block-button__link has-section-bg-color has-heading-background-color has-text-color has-background has-link-color has-text-align-center wp-element-button\" href=\"https:\/\/iplx-my.sharepoint.com\/:f:\/g\/personal\/reverbdata_esml_ipl_pt\/EvYKQklB-ulPuvZVe1k7f5EBbEBxeJ2MsojbNp-fTjujIw?e=09hWP3\" style=\"border-style:none;border-width:0px\"><strong>Download<\/strong><\/a><\/div>\n<\/div>\n<\/div>\n\n\n\n<div class=\"wp-block-buttons is-content-justification-left is-layout-flex wp-container-core-buttons-is-layout-fc4fd283 wp-block-buttons-is-layout-flex\">\n<div class=\"wp-block-button is-style-outline is-style-outline--1\"><a class=\"wp-block-button__link has-custom-color-1-color has-white-background-color has-text-color has-background has-link-color wp-element-button\" href=\"https:\/\/reverbdata.ipl.pt\/pt\/#sao-vicente-de-fora-monastery\">Voltar ao Mosteiro de S\u00e3o Vicente de Fora<\/a><\/div>\n<\/div>\n\n\n\n<div class=\"wp-block-buttons is-content-justification-right is-layout-flex wp-container-core-buttons-is-layout-d445cf74 wp-block-buttons-is-layout-flex\">\n<div class=\"wp-block-button is-style-fill\"><a class=\"wp-block-button__link has-heading-color has-white-background-color has-text-color has-background has-link-color wp-element-button\" href=\"https:\/\/reverbdata.ipl.pt\/pt\/\">Voltar \u00e0 Pagina Inicial<\/a><\/div>\n<\/div>\n<\/div>","protected":false},"excerpt":{"rendered":"<p>The current pair of cloisters is perfectly identical; each Cloister has a square plan with ca. 25 m on the side, and ceiling height of ca. 12.5 m. Main materials: mixed masonry, plaster and painted stucco, marble, tiles. Measurement points and source location The sound source was placed in the centre of the Cloister (S1), [&hellip;]<\/p>\n","protected":false},"author":4,"featured_media":1420,"parent":514,"menu_order":0,"comment_status":"closed","ping_status":"closed","template":"","meta":{"footnotes":""},"class_list":["post-1418","page","type-page","status-publish","has-post-thumbnail","hentry"],"featured_image_src":"https:\/\/reverbdata.ipl.pt\/wp-content\/uploads\/2025\/02\/1733065140780-scaled.jpg","_links":{"self":[{"href":"https:\/\/reverbdata.ipl.pt\/pt\/wp-json\/wp\/v2\/pages\/1418","targetHints":{"allow":["GET"]}}],"collection":[{"href":"https:\/\/reverbdata.ipl.pt\/pt\/wp-json\/wp\/v2\/pages"}],"about":[{"href":"https:\/\/reverbdata.ipl.pt\/pt\/wp-json\/wp\/v2\/types\/page"}],"author":[{"embeddable":true,"href":"https:\/\/reverbdata.ipl.pt\/pt\/wp-json\/wp\/v2\/users\/4"}],"replies":[{"embeddable":true,"href":"https:\/\/reverbdata.ipl.pt\/pt\/wp-json\/wp\/v2\/comments?post=1418"}],"version-history":[{"count":8,"href":"https:\/\/reverbdata.ipl.pt\/pt\/wp-json\/wp\/v2\/pages\/1418\/revisions"}],"predecessor-version":[{"id":2231,"href":"https:\/\/reverbdata.ipl.pt\/pt\/wp-json\/wp\/v2\/pages\/1418\/revisions\/2231"}],"up":[{"embeddable":true,"href":"https:\/\/reverbdata.ipl.pt\/pt\/wp-json\/wp\/v2\/pages\/514"}],"wp:featuredmedia":[{"embeddable":true,"href":"https:\/\/reverbdata.ipl.pt\/pt\/wp-json\/wp\/v2\/media\/1420"}],"wp:attachment":[{"href":"https:\/\/reverbdata.ipl.pt\/pt\/wp-json\/wp\/v2\/media?parent=1418"}],"curies":[{"name":"wp","href":"https:\/\/api.w.org\/{rel}","templated":true}]}}

Claustro do Mosteiro de São Vicente de Fora

<div class="wp-block-group has-global-padding is-layout-constrained wp-block-group-is-layout-constrained">
<div class="wp-block-group has-global-padding is-layout-constrained wp-block-group-is-layout-constrained">
<div class="wp-block-columns is-layout-flex wp-container-core-columns-is-layout-0f3590de wp-block-columns-is-layout-flex">
<div class="wp-block-column is-layout-flow wp-block-column-is-layout-flow" style="flex-basis:50%"><h3 class="has-link-color wp-elements-d2e51c92208a6a2a5b724660ce272c42 wp-block-post-title has-text-color has-custom-color-1-color">Claustro do Mosteiro de São Vicente de Fora</h3>


<figure class="wp-block-image size-full"><img loading="lazy" decoding="async" width="2560" height="1920" src="https://reverbdata.ipl.pt/wp-content/uploads/2025/02/1733065140780-scaled.jpg" alt="" class="wp-image-1420" srcset="https://reverbdata.ipl.pt/wp-content/uploads/2025/02/1733065140780-scaled.jpg 2560w, https://reverbdata.ipl.pt/wp-content/uploads/2025/02/1733065140780-300x225.jpg 300w, https://reverbdata.ipl.pt/wp-content/uploads/2025/02/1733065140780-1024x768.jpg 1024w, https://reverbdata.ipl.pt/wp-content/uploads/2025/02/1733065140780-768x576.jpg 768w, https://reverbdata.ipl.pt/wp-content/uploads/2025/02/1733065140780-1536x1152.jpg 1536w, https://reverbdata.ipl.pt/wp-content/uploads/2025/02/1733065140780-2048x1536.jpg 2048w, https://reverbdata.ipl.pt/wp-content/uploads/2025/02/1733065140780-16x12.jpg 16w, https://reverbdata.ipl.pt/wp-content/uploads/2025/02/1733065140780-200x150.jpg 200w" sizes="auto, (max-width: 2560px) 100vw, 2560px" /></figure>



<p class="justify-text has-body-text-color has-text-color has-link-color wp-elements-ffa2093bffe4fc8c555585ce62051a69">O actual par de claustros é perfeitamente idêntico; cada Claustro tem planta quadrada com ca. 25 m de lado, e um pé direito de ca. 12.5 m.</p>



<p class="justify-text has-body-text-color has-text-color has-link-color wp-elements-32a9818a39f88c756117b66b86fe06ae">Principais materiais: alvenaria mista, reboco e estuque pintado, mármore, azulejos.</p>
</div>



<div class="wp-block-column is-layout-flow wp-block-column-is-layout-flow" style="padding-top:3rem;flex-basis:50%">
<h5 class="wp-block-heading has-text-align-left has-custom-color-1-color has-text-color has-link-color wp-elements-74cf0948a3128ab9f4ecf1f8834f4295">Pontos de medição e localização da fonte acústica</h5>



<p class="justify-text has-body-text-color has-text-color has-link-color wp-elements-d5456175b6dc3d9a0f440c35a5983ffa">A fonte sonora foi colocada no centro do Claustro (S1), e numa posição intermédia do corredor sul (S2). As aquisições e registos acústicos foram realizados em dois locais, o primeiro dentro do Claustro (Pos1) e o segundo numa posição intermédia do corredor norte (Pos2).</p>



<figure class="wp-block-image alignwide size-full is-style-default"><img loading="lazy" decoding="async" width="1292" height="1698" src="https://reverbdata.ipl.pt/wp-content/uploads/2025/02/Cloister-plan_2.jpg" alt="" class="wp-image-1421" srcset="https://reverbdata.ipl.pt/wp-content/uploads/2025/02/Cloister-plan_2.jpg 1292w, https://reverbdata.ipl.pt/wp-content/uploads/2025/02/Cloister-plan_2-228x300.jpg 228w, https://reverbdata.ipl.pt/wp-content/uploads/2025/02/Cloister-plan_2-779x1024.jpg 779w, https://reverbdata.ipl.pt/wp-content/uploads/2025/02/Cloister-plan_2-768x1009.jpg 768w, https://reverbdata.ipl.pt/wp-content/uploads/2025/02/Cloister-plan_2-1169x1536.jpg 1169w, https://reverbdata.ipl.pt/wp-content/uploads/2025/02/Cloister-plan_2-9x12.jpg 9w, https://reverbdata.ipl.pt/wp-content/uploads/2025/02/Cloister-plan_2-200x263.jpg 200w" sizes="auto, (max-width: 1292px) 100vw, 1292px" /></figure>
</div>
</div>
</div>



<h3 class="wp-block-heading has-custom-color-1-color has-text-color has-link-color wp-elements-01bca5ce57de3daa64864e37b5fec474">Ficheiros de Áudio de Demonstração</h3>



<h6 class="wp-block-heading has-custom-color-1-color has-text-color has-link-color wp-elements-5d0b8381b06338b31183daec91eb03ed">"Discurso masculino e feminino" -&gt; Original</h6>



<figure class="wp-block-audio"><audio controls src="https://reverbdata.ipl.pt/wp-content/uploads/2025/05/Male_and_Female_speech_40s.wav"></audio></figure>



<h6 class="wp-block-heading has-custom-color-1-color has-text-color has-link-color wp-elements-05d1ab4ec7b116d35a88f5889981f89b">"Discurso masculino e feminino" -&gt; Processado em Estéreo</h6>



<figure class="wp-block-audio"><audio controls src="https://reverbdata.ipl.pt/wp-content/uploads/2025/04/Male_and_Female_speech_Stereo_40s-1.wav"></audio><figcaption class="wp-element-caption">Fonte Acústica no centro do Claustro (S1) e sistema de aquisição na Posição 2; T<sub>30,wide</sub>&nbsp;= 2.90 s</figcaption></figure>



<h6 class="wp-block-heading has-custom-color-1-color has-text-color has-link-color wp-elements-cefd33f3fd0d3ace7f548d7653c7219d">"Discurso masculino e feminino" -&gt; Processado em Binaural (usar headphones)</h6>



<figure class="wp-block-audio"><audio controls src="https://reverbdata.ipl.pt/wp-content/uploads/2025/05/Male_and_Female_speech_Binaural_40s-7.wav"></audio><figcaption class="wp-element-caption">Fonte Acústica no centro do Claustro (S1) e sistema de aquisição na Posição 2; T<sub>30,wide</sub>&nbsp;= 2.90 s</figcaption></figure>



<h6 class="wp-block-heading has-custom-color-1-color has-text-color has-link-color wp-elements-8b021da4f6891343264ec4075f892193">“Guitar_Capriccio_Arabe_Tarrega” -&gt; Original</h6>



<figure class="wp-block-audio"><audio controls src="https://reverbdata.ipl.pt/wp-content/uploads/2025/05/Guitar_Capriccio_Arabe_Tarrega_40s.wav"></audio></figure>



<h6 class="wp-block-heading has-custom-color-1-color has-text-color has-link-color wp-elements-da811de222d07d25a08b3306dca9165a">“Guitar_Capriccio_Arabe_Tarrega” -&gt; Processado em Estéreo</h6>



<figure class="wp-block-audio"><audio controls src="https://reverbdata.ipl.pt/wp-content/uploads/2025/04/Guitar_Capriccio_Arabe_Tarrega_Stereo_40s-1.wav"></audio><figcaption class="wp-element-caption">Fonte Acústica no centro do Claustro (S1) e sistema de aquisição na Posição 2; T<sub>30,wide</sub>&nbsp;= 2.90 s</figcaption></figure>



<h6 class="wp-block-heading has-custom-color-1-color has-text-color has-link-color wp-elements-3e4b1e9003c333e6a9be23ad9cfcf89e">“Guitar_Capriccio_Arabe_Tarrega” -&gt; Processado em Binaural (usar headphones)</h6>



<figure class="wp-block-audio"><audio controls src="https://reverbdata.ipl.pt/wp-content/uploads/2025/04/Guitar_Capriccio_Arabe_Tarrega_Binaural_40s-1.wav"></audio><figcaption class="wp-element-caption">Fonte Acústica no centro do Claustro (S1) e sistema de aquisição na Posição 2; T<sub>30,wide</sub>&nbsp;= 2.90 s</figcaption></figure>



<h6 class="wp-block-heading has-custom-color-1-color has-text-color has-link-color wp-elements-5e3ef03a3904366221432726cf86b293">“Kyrie_Missa_Notre_Dame_Guillame_de_Machaut” -&gt; Original</h6>



<figure class="wp-block-audio"><audio controls src="https://reverbdata.ipl.pt/wp-content/uploads/2025/05/Kyrie_Missa_Notre_Dame_Guillame_de_Machaut_40s.wav"></audio></figure>



<h6 class="wp-block-heading has-custom-color-1-color has-text-color has-link-color wp-elements-c8ec8eb0b94e1c4a27ce45cb43d2255f">“Kyrie_Missa_Notre_Dame_Guillame_de_Machaut” -&gt; Processado em Estéreo</h6>



<figure class="wp-block-audio"><audio controls src="https://reverbdata.ipl.pt/wp-content/uploads/2025/04/Kyrie_Missa_Notre_Dame_Guillaume_de_Machaut_Stereo_40s-1.wav"></audio><figcaption class="wp-element-caption">Fonte Acústica no centro do Claustro (S1) e sistema de aquisição na Posição 2; T<sub>30,wide</sub>&nbsp;= 2.90 s</figcaption></figure>



<h6 class="wp-block-heading has-custom-color-1-color has-text-color has-link-color wp-elements-ee7412d73cf813a98ed7e6f4bd41f78f">“Kyrie_Missa_Notre_Dame_Guillame_de_Machaut” -&gt; Processado em Binaural (usar headphones)</h6>



<figure class="wp-block-audio"><audio controls src="https://reverbdata.ipl.pt/wp-content/uploads/2025/04/Kyrie_Missa_Notre_Dame_Guillaume_de_Machaut_Binaural_40s-1.wav"></audio><figcaption class="wp-element-caption">Fonte Acústica no centro do Claustro (S1) e sistema de aquisição na Posição 2; T<sub>30,wide</sub>&nbsp;= 2.90 s</figcaption></figure>
</div>



<div class="wp-block-group has-global-padding is-layout-constrained wp-block-group-is-layout-constrained">
<div style="height:40px" aria-hidden="true" class="wp-block-spacer"></div>



<div class="wp-block-group has-custom-color-1-background-color has-background has-global-padding is-layout-constrained wp-container-core-group-is-layout-e8732830 wp-block-group-is-layout-constrained" style="min-height:0px;margin-top:0;margin-bottom:0;padding-right:5rem;padding-left:5rem">
<h3 class="wp-block-heading has-text-align-center has-base-color has-text-color has-link-color wp-elements-bdebf145cae9fa4460087a537381715d" style="padding-top:0;padding-right:0;padding-bottom:0;padding-left:0">Ficheiros de Resposta ao Impulso do Espaço</h3>



<div class="wp-block-buttons alignwide is-horizontal is-content-justification-center is-layout-flex wp-container-core-buttons-is-layout-967d4589 wp-block-buttons-is-layout-flex" style="margin-top:var(--wp--preset--spacing--40);margin-bottom:0">
<div class="wp-block-button is-style-fill"><a class="wp-block-button__link has-section-bg-color has-heading-background-color has-text-color has-background has-link-color has-text-align-center wp-element-button" href="https://iplx-my.sharepoint.com/:f:/g/personal/reverbdata_esml_ipl_pt/EvYKQklB-ulPuvZVe1k7f5EBbEBxeJ2MsojbNp-fTjujIw?e=09hWP3" style="border-style:none;border-width:0px"><strong>Download</strong></a></div>
</div>
</div>



<div class="wp-block-buttons is-content-justification-left is-layout-flex wp-container-core-buttons-is-layout-fc4fd283 wp-block-buttons-is-layout-flex">
<div class="wp-block-button is-style-outline is-style-outline--1"><a class="wp-block-button__link has-custom-color-1-color has-white-background-color has-text-color has-background has-link-color wp-element-button" href="https://reverbdata.ipl.pt/pt/#sao-vicente-de-fora-monastery">Voltar ao Mosteiro de São Vicente de Fora</a></div>
</div>



<div class="wp-block-buttons is-content-justification-right is-layout-flex wp-container-core-buttons-is-layout-d445cf74 wp-block-buttons-is-layout-flex">
<div class="wp-block-button is-style-fill"><a class="wp-block-button__link has-heading-color has-white-background-color has-text-color has-background has-link-color wp-element-button" href="https://reverbdata.ipl.pt/pt/">Voltar à Pagina Inicial</a></div>
</div>
</div>
