{"id":195,"date":"2024-07-21T16:37:37","date_gmt":"2024-07-21T16:37:37","guid":{"rendered":"https:\/\/reverbdata.ipl.pt\/?page_id=195"},"modified":"2025-05-29T09:16:51","modified_gmt":"2025-05-29T09:16:51","slug":"coliseu-micaelense","status":"publish","type":"page","link":"https:\/\/reverbdata.ipl.pt\/pt\/reverbdata\/coliseu-micaelense\/","title":{"rendered":"Coliseu Micaelense"},"content":{"rendered":"<div class=\"wp-block-group has-global-padding is-layout-constrained wp-block-group-is-layout-constrained\">\n<div class=\"wp-block-group has-global-padding is-layout-constrained wp-block-group-is-layout-constrained\">\n<div class=\"wp-block-columns is-layout-flex wp-container-core-columns-is-layout-0f3590de wp-block-columns-is-layout-flex\">\n<div class=\"wp-block-column is-layout-flow wp-block-column-is-layout-flow\" style=\"flex-basis:50%\"><h3 class=\"has-link-color wp-elements-d2e51c92208a6a2a5b724660ce272c42 wp-block-post-title has-text-color has-custom-color-1-color\">Coliseu Micaelense<\/h3>\n\n\n<figure class=\"wp-block-image size-full\"><img loading=\"lazy\" decoding=\"async\" width=\"776\" height=\"508\" src=\"https:\/\/reverbdata.ipl.pt\/wp-content\/uploads\/2024\/07\/Coliseu-Micaelense.png\" alt=\"\" class=\"wp-image-23\" srcset=\"https:\/\/reverbdata.ipl.pt\/wp-content\/uploads\/2024\/07\/Coliseu-Micaelense.png 776w, https:\/\/reverbdata.ipl.pt\/wp-content\/uploads\/2024\/07\/Coliseu-Micaelense-300x196.png 300w, https:\/\/reverbdata.ipl.pt\/wp-content\/uploads\/2024\/07\/Coliseu-Micaelense-768x503.png 768w\" sizes=\"auto, (max-width: 776px) 100vw, 776px\" \/><\/figure>\n\n\n\n<p class=\"justify-text has-body-text-color has-text-color has-link-color wp-elements-4abac014e99f463837d86b6bdf6861c2\">O espa\u00e7o tem formato de ferradura convencional com capacidade para 1270 lugares sentados, distribu\u00eddos pelas 1\u00aa e 2\u00aa plateias (440 lugares), 1\u00ba e 2\u00ba balc\u00f5es centrais e laterais (350 lugares) e pelos 80 camarotes situados nos 1\u00ba e 2\u00ba pisos (480 lugares) . O piso principal central tem uma \u00e1rea de 260 m2.<\/p>\n<\/div>\n\n\n\n<div class=\"wp-block-column is-layout-flow wp-block-column-is-layout-flow\" style=\"padding-top:3rem;flex-basis:50%\">\n<h5 class=\"wp-block-heading has-text-align-left has-custom-color-1-color has-text-color has-link-color wp-elements-8a45a6902f43687e0844961954a22124\" id=\"0-measurement-points-and-source-location\">Pontos de medi\u00e7\u00e3o e localiza\u00e7\u00e3o da fonte ac\u00fastica<\/h5>\n\n\n\n<p class=\"justify-text has-body-text-color has-text-color has-link-color wp-elements-4b1004a0bc067704ecb34e49915e746e\">A planta da sala do Coliseu Micaelense apresenta os 18 pontos de medi\u00e7\u00e3o. A fonte ac\u00fastica estava no centro do palco.<\/p>\n\n\n\n<figure class=\"wp-block-image alignwide size-full\"><img loading=\"lazy\" decoding=\"async\" width=\"3900\" height=\"4200\" src=\"https:\/\/reverbdata.ipl.pt\/wp-content\/uploads\/2024\/09\/Coliseu_Plan_final2.png\" alt=\"\" class=\"wp-image-1057\" srcset=\"https:\/\/reverbdata.ipl.pt\/wp-content\/uploads\/2024\/09\/Coliseu_Plan_final2.png 3900w, https:\/\/reverbdata.ipl.pt\/wp-content\/uploads\/2024\/09\/Coliseu_Plan_final2-279x300.png 279w, https:\/\/reverbdata.ipl.pt\/wp-content\/uploads\/2024\/09\/Coliseu_Plan_final2-951x1024.png 951w, https:\/\/reverbdata.ipl.pt\/wp-content\/uploads\/2024\/09\/Coliseu_Plan_final2-768x827.png 768w, https:\/\/reverbdata.ipl.pt\/wp-content\/uploads\/2024\/09\/Coliseu_Plan_final2-1426x1536.png 1426w, https:\/\/reverbdata.ipl.pt\/wp-content\/uploads\/2024\/09\/Coliseu_Plan_final2-1902x2048.png 1902w, https:\/\/reverbdata.ipl.pt\/wp-content\/uploads\/2024\/09\/Coliseu_Plan_final2-11x12.png 11w, https:\/\/reverbdata.ipl.pt\/wp-content\/uploads\/2024\/09\/Coliseu_Plan_final2-200x215.png 200w\" sizes=\"auto, (max-width: 3900px) 100vw, 3900px\" \/><\/figure>\n<\/div>\n<\/div>\n\n\n\n<h3 class=\"wp-block-heading has-custom-color-1-color has-text-color has-link-color wp-elements-01bca5ce57de3daa64864e37b5fec474\">Ficheiros de \u00c1udio de Demonstra\u00e7\u00e3o<\/h3>\n\n\n\n<h6 class=\"wp-block-heading has-custom-color-1-color has-text-color has-link-color wp-elements-3dcccc6407b28d21ef5ff8dfadb27658\">\"Discurso masculino e feminino\" -&gt; Original<\/h6>\n\n\n\n<figure class=\"wp-block-audio\"><audio controls src=\"https:\/\/reverbdata.ipl.pt\/wp-content\/uploads\/2025\/05\/Male_and_Female_speech_40s.wav\"><\/audio><\/figure>\n\n\n\n<h6 class=\"wp-block-heading has-custom-color-1-color has-text-color has-link-color wp-elements-526f9bc44a54ace3c0b686654b643940\">\"Discurso masculino e feminino\" -&gt; Processado em Est\u00e9reo<\/h6>\n\n\n\n<figure class=\"wp-block-audio\"><audio controls src=\"https:\/\/reverbdata.ipl.pt\/wp-content\/uploads\/2025\/05\/Male_and_Female_speech_Stereo_40s-4.wav\"><\/audio><figcaption class=\"wp-element-caption\">Sistema de aquisi\u00e7\u00e3o no lugar 60; T<sub>30, wide<\/sub> = 1.86 s<\/figcaption><\/figure>\n\n\n\n<h6 class=\"wp-block-heading has-custom-color-1-color has-text-color has-link-color wp-elements-15d1e3bb90b012f2eafa8912ebde65d5\">\"Discurso masculino e feminino\" -&gt; Processado em Binaural (usar headphones)<\/h6>\n\n\n\n<figure class=\"wp-block-audio\"><audio controls src=\"https:\/\/reverbdata.ipl.pt\/wp-content\/uploads\/2025\/05\/Male_and_Female_speech_Binaural_40s-4.wav\"><\/audio><figcaption class=\"wp-element-caption\">Sistema de aquisi\u00e7\u00e3o no lugar 60; T<sub>30, wide<\/sub> = 1.86 s<\/figcaption><\/figure>\n\n\n\n<h6 class=\"wp-block-heading has-custom-color-1-color has-text-color has-link-color wp-elements-8b021da4f6891343264ec4075f892193\">\u201cGuitar_Capriccio_Arabe_Tarrega\u201d -&gt; Original<\/h6>\n\n\n\n<figure class=\"wp-block-audio\"><audio controls src=\"https:\/\/reverbdata.ipl.pt\/wp-content\/uploads\/2025\/05\/Guitar_Capriccio_Arabe_Tarrega_40s.wav\"><\/audio><\/figure>\n\n\n\n<h6 class=\"wp-block-heading has-custom-color-1-color has-text-color has-link-color wp-elements-da811de222d07d25a08b3306dca9165a\">\u201cGuitar_Capriccio_Arabe_Tarrega\u201d -&gt; Processado em Est\u00e9reo<\/h6>\n\n\n\n<figure class=\"wp-block-audio\"><audio controls src=\"https:\/\/reverbdata.ipl.pt\/wp-content\/uploads\/2025\/05\/Guitar_Capriccio_Arabe_Tarrega_Stereo_40s-4.wav\"><\/audio><figcaption class=\"wp-element-caption\">Sistema de aquisi\u00e7\u00e3o no lugar 60; T<sub>30, wide<\/sub> = 1.86 s<\/figcaption><\/figure>\n\n\n\n<h6 class=\"wp-block-heading has-custom-color-1-color has-text-color has-link-color wp-elements-3e4b1e9003c333e6a9be23ad9cfcf89e\">\u201cGuitar_Capriccio_Arabe_Tarrega\u201d -&gt; Processado em Binaural (usar headphones)<\/h6>\n\n\n\n<figure class=\"wp-block-audio\"><audio controls src=\"https:\/\/reverbdata.ipl.pt\/wp-content\/uploads\/2025\/05\/Guitar_Capriccio_Arabe_Tarrega_Binaural_40s-3.wav\"><\/audio><figcaption class=\"wp-element-caption\">Sistema de aquisi\u00e7\u00e3o no lugar 60; T<sub>30, wide<\/sub> = 1.86 s<\/figcaption><\/figure>\n\n\n\n<h6 class=\"wp-block-heading has-custom-color-1-color has-text-color has-link-color wp-elements-7405a5e3bc309897af74397bc80cd2bd\">\u201cHell_of_a_Guy\u201d -&gt; Original<\/h6>\n\n\n\n<figure class=\"wp-block-audio\"><audio controls src=\"https:\/\/reverbdata.ipl.pt\/wp-content\/uploads\/2024\/09\/Hell_of_a_Guy_40s.wav\"><\/audio><\/figure>\n\n\n\n<h6 class=\"wp-block-heading has-custom-color-1-color has-text-color has-link-color wp-elements-62f050fd88eb14d13e2baa73bcd3fbb5\">\u201cHell_of_a_Guy\u201d -&gt; Processado em Est\u00e9reo<\/h6>\n\n\n\n<figure class=\"wp-block-audio\"><audio controls src=\"https:\/\/reverbdata.ipl.pt\/wp-content\/uploads\/2025\/05\/Hell_of_a_Guy_Stereo_40s-2.wav\"><\/audio><figcaption class=\"wp-element-caption\">Sistema de aquisi\u00e7\u00e3o no lugar 60; T<sub>30, wide<\/sub> = 1.86 s<\/figcaption><\/figure>\n\n\n\n<h6 class=\"wp-block-heading has-custom-color-1-color has-text-color has-link-color wp-elements-65b34418b28da383cf39586a23e19532\">\u201cHell_of_a_Guy\u201d -&gt; Processado em Binaural (usar headphones)<\/h6>\n\n\n\n<figure class=\"wp-block-audio\"><audio controls src=\"https:\/\/reverbdata.ipl.pt\/wp-content\/uploads\/2025\/05\/Hell_of_a_Guy_Binaural_40s-2.wav\"><\/audio><figcaption class=\"wp-element-caption\">Sistema de aquisi\u00e7\u00e3o no lugar 60; T<sub>30, wide<\/sub> = 1.86 s<\/figcaption><\/figure>\n<\/div>\n<\/div>\n\n\n\n<div class=\"wp-block-group has-global-padding is-layout-constrained wp-block-group-is-layout-constrained\">\n<div style=\"height:20px\" aria-hidden=\"true\" class=\"wp-block-spacer\"><\/div>\n\n\n\n<div class=\"wp-block-group has-custom-color-1-background-color has-background has-global-padding is-layout-constrained wp-container-core-group-is-layout-e8732830 wp-block-group-is-layout-constrained\" style=\"min-height:0px;margin-top:0;margin-bottom:0;padding-right:5rem;padding-left:5rem\">\n<h3 class=\"wp-block-heading has-text-align-center has-base-color has-text-color has-link-color wp-elements-bdebf145cae9fa4460087a537381715d\" style=\"padding-top:0;padding-right:0;padding-bottom:0;padding-left:0\">Ficheiros de Resposta ao Impulso do Espa\u00e7o<\/h3>\n\n\n\n<div class=\"wp-block-buttons alignwide is-horizontal is-content-justification-center is-layout-flex wp-container-core-buttons-is-layout-967d4589 wp-block-buttons-is-layout-flex\" style=\"margin-top:var(--wp--preset--spacing--40);margin-bottom:0\">\n<div class=\"wp-block-button is-style-fill\"><a class=\"wp-block-button__link has-section-bg-color has-heading-background-color has-text-color has-background has-link-color has-text-align-center wp-element-button\" href=\"https:\/\/iplx-my.sharepoint.com\/:f:\/g\/personal\/reverbdata_esml_ipl_pt\/Em4k1qYarX1Hsf98O7ENcJQBR3LcRDlfz8xzAJOcsQnkeA?e=CSfOFc\" style=\"border-style:none;border-width:0px\"><strong>Download<\/strong><\/a><\/div>\n<\/div>\n<\/div>\n\n\n\n<div class=\"wp-block-buttons is-content-justification-right is-layout-flex wp-container-core-buttons-is-layout-d445cf74 wp-block-buttons-is-layout-flex\">\n<div class=\"wp-block-button is-style-fill\"><a class=\"wp-block-button__link has-heading-color has-white-background-color has-text-color has-background has-link-color wp-element-button\" href=\"https:\/\/reverbdata.ipl.pt\/pt\/\">Voltar \u00e0 Pagina Inicial<\/a><\/div>\n<\/div>\n<\/div>","protected":false},"excerpt":{"rendered":"<p>The Hall has a conventional horseshoe format with a seating capacity of 1270, distributed across the 1st and 2nd stalls (440 seats), the 1st and 2nd central and side balconies (350 seats) and across the 80 boxes located at 1st and 2nd levels (480 seats). The central main floor has an area of 260 m2. [&hellip;]<\/p>\n","protected":false},"author":4,"featured_media":23,"parent":514,"menu_order":0,"comment_status":"closed","ping_status":"closed","template":"","meta":{"footnotes":""},"class_list":["post-195","page","type-page","status-publish","has-post-thumbnail","hentry"],"featured_image_src":"https:\/\/reverbdata.ipl.pt\/wp-content\/uploads\/2024\/07\/Coliseu-Micaelense.png","_links":{"self":[{"href":"https:\/\/reverbdata.ipl.pt\/pt\/wp-json\/wp\/v2\/pages\/195","targetHints":{"allow":["GET"]}}],"collection":[{"href":"https:\/\/reverbdata.ipl.pt\/pt\/wp-json\/wp\/v2\/pages"}],"about":[{"href":"https:\/\/reverbdata.ipl.pt\/pt\/wp-json\/wp\/v2\/types\/page"}],"author":[{"embeddable":true,"href":"https:\/\/reverbdata.ipl.pt\/pt\/wp-json\/wp\/v2\/users\/4"}],"replies":[{"embeddable":true,"href":"https:\/\/reverbdata.ipl.pt\/pt\/wp-json\/wp\/v2\/comments?post=195"}],"version-history":[{"count":37,"href":"https:\/\/reverbdata.ipl.pt\/pt\/wp-json\/wp\/v2\/pages\/195\/revisions"}],"predecessor-version":[{"id":1676,"href":"https:\/\/reverbdata.ipl.pt\/pt\/wp-json\/wp\/v2\/pages\/195\/revisions\/1676"}],"up":[{"embeddable":true,"href":"https:\/\/reverbdata.ipl.pt\/pt\/wp-json\/wp\/v2\/pages\/514"}],"wp:featuredmedia":[{"embeddable":true,"href":"https:\/\/reverbdata.ipl.pt\/pt\/wp-json\/wp\/v2\/media\/23"}],"wp:attachment":[{"href":"https:\/\/reverbdata.ipl.pt\/pt\/wp-json\/wp\/v2\/media?parent=195"}],"curies":[{"name":"wp","href":"https:\/\/api.w.org\/{rel}","templated":true}]}}

<div class="wp-block-group has-global-padding is-layout-constrained wp-block-group-is-layout-constrained">
<div class="wp-block-group has-global-padding is-layout-constrained wp-block-group-is-layout-constrained">
<div class="wp-block-columns is-layout-flex wp-container-core-columns-is-layout-0f3590de wp-block-columns-is-layout-flex">
<div class="wp-block-column is-layout-flow wp-block-column-is-layout-flow" style="flex-basis:50%"><h3 class="has-link-color wp-elements-d2e51c92208a6a2a5b724660ce272c42 wp-block-post-title has-text-color has-custom-color-1-color">Coliseu Micaelense</h3>


<figure class="wp-block-image size-full"><img loading="lazy" decoding="async" width="776" height="508" src="https://reverbdata.ipl.pt/wp-content/uploads/2024/07/Coliseu-Micaelense.png" alt="" class="wp-image-23" srcset="https://reverbdata.ipl.pt/wp-content/uploads/2024/07/Coliseu-Micaelense.png 776w, https://reverbdata.ipl.pt/wp-content/uploads/2024/07/Coliseu-Micaelense-300x196.png 300w, https://reverbdata.ipl.pt/wp-content/uploads/2024/07/Coliseu-Micaelense-768x503.png 768w" sizes="auto, (max-width: 776px) 100vw, 776px" /></figure>



<p class="justify-text has-body-text-color has-text-color has-link-color wp-elements-4abac014e99f463837d86b6bdf6861c2">O espaço tem formato de ferradura convencional com capacidade para 1270 lugares sentados, distribuídos pelas 1ª e 2ª plateias (440 lugares), 1º e 2º balcões centrais e laterais (350 lugares) e pelos 80 camarotes situados nos 1º e 2º pisos (480 lugares) . O piso principal central tem uma área de 260 m2.</p>
</div>



<div class="wp-block-column is-layout-flow wp-block-column-is-layout-flow" style="padding-top:3rem;flex-basis:50%">
<h5 class="wp-block-heading has-text-align-left has-custom-color-1-color has-text-color has-link-color wp-elements-8a45a6902f43687e0844961954a22124" id="0-measurement-points-and-source-location">Pontos de medição e localização da fonte acústica</h5>



<p class="justify-text has-body-text-color has-text-color has-link-color wp-elements-4b1004a0bc067704ecb34e49915e746e">A planta da sala do Coliseu Micaelense apresenta os 18 pontos de medição. A fonte acústica estava no centro do palco.</p>



<figure class="wp-block-image alignwide size-full"><img loading="lazy" decoding="async" width="3900" height="4200" src="https://reverbdata.ipl.pt/wp-content/uploads/2024/09/Coliseu_Plan_final2.png" alt="" class="wp-image-1057" srcset="https://reverbdata.ipl.pt/wp-content/uploads/2024/09/Coliseu_Plan_final2.png 3900w, https://reverbdata.ipl.pt/wp-content/uploads/2024/09/Coliseu_Plan_final2-279x300.png 279w, https://reverbdata.ipl.pt/wp-content/uploads/2024/09/Coliseu_Plan_final2-951x1024.png 951w, https://reverbdata.ipl.pt/wp-content/uploads/2024/09/Coliseu_Plan_final2-768x827.png 768w, https://reverbdata.ipl.pt/wp-content/uploads/2024/09/Coliseu_Plan_final2-1426x1536.png 1426w, https://reverbdata.ipl.pt/wp-content/uploads/2024/09/Coliseu_Plan_final2-1902x2048.png 1902w, https://reverbdata.ipl.pt/wp-content/uploads/2024/09/Coliseu_Plan_final2-11x12.png 11w, https://reverbdata.ipl.pt/wp-content/uploads/2024/09/Coliseu_Plan_final2-200x215.png 200w" sizes="auto, (max-width: 3900px) 100vw, 3900px" /></figure>
</div>
</div>



<h3 class="wp-block-heading has-custom-color-1-color has-text-color has-link-color wp-elements-01bca5ce57de3daa64864e37b5fec474">Ficheiros de Áudio de Demonstração</h3>



<h6 class="wp-block-heading has-custom-color-1-color has-text-color has-link-color wp-elements-3dcccc6407b28d21ef5ff8dfadb27658">"Discurso masculino e feminino" -&gt; Original</h6>



<figure class="wp-block-audio"><audio controls src="https://reverbdata.ipl.pt/wp-content/uploads/2025/05/Male_and_Female_speech_40s.wav"></audio></figure>



<h6 class="wp-block-heading has-custom-color-1-color has-text-color has-link-color wp-elements-526f9bc44a54ace3c0b686654b643940">"Discurso masculino e feminino" -&gt; Processado em Estéreo</h6>



<figure class="wp-block-audio"><audio controls src="https://reverbdata.ipl.pt/wp-content/uploads/2025/05/Male_and_Female_speech_Stereo_40s-4.wav"></audio><figcaption class="wp-element-caption">Sistema de aquisição no lugar 60; T<sub>30, wide</sub> = 1.86 s</figcaption></figure>



<h6 class="wp-block-heading has-custom-color-1-color has-text-color has-link-color wp-elements-15d1e3bb90b012f2eafa8912ebde65d5">"Discurso masculino e feminino" -&gt; Processado em Binaural (usar headphones)</h6>



<figure class="wp-block-audio"><audio controls src="https://reverbdata.ipl.pt/wp-content/uploads/2025/05/Male_and_Female_speech_Binaural_40s-4.wav"></audio><figcaption class="wp-element-caption">Sistema de aquisição no lugar 60; T<sub>30, wide</sub> = 1.86 s</figcaption></figure>



<h6 class="wp-block-heading has-custom-color-1-color has-text-color has-link-color wp-elements-8b021da4f6891343264ec4075f892193">“Guitar_Capriccio_Arabe_Tarrega” -&gt; Original</h6>



<figure class="wp-block-audio"><audio controls src="https://reverbdata.ipl.pt/wp-content/uploads/2025/05/Guitar_Capriccio_Arabe_Tarrega_40s.wav"></audio></figure>



<h6 class="wp-block-heading has-custom-color-1-color has-text-color has-link-color wp-elements-da811de222d07d25a08b3306dca9165a">“Guitar_Capriccio_Arabe_Tarrega” -&gt; Processado em Estéreo</h6>



<figure class="wp-block-audio"><audio controls src="https://reverbdata.ipl.pt/wp-content/uploads/2025/05/Guitar_Capriccio_Arabe_Tarrega_Stereo_40s-4.wav"></audio><figcaption class="wp-element-caption">Sistema de aquisição no lugar 60; T<sub>30, wide</sub> = 1.86 s</figcaption></figure>



<h6 class="wp-block-heading has-custom-color-1-color has-text-color has-link-color wp-elements-3e4b1e9003c333e6a9be23ad9cfcf89e">“Guitar_Capriccio_Arabe_Tarrega” -&gt; Processado em Binaural (usar headphones)</h6>



<figure class="wp-block-audio"><audio controls src="https://reverbdata.ipl.pt/wp-content/uploads/2025/05/Guitar_Capriccio_Arabe_Tarrega_Binaural_40s-3.wav"></audio><figcaption class="wp-element-caption">Sistema de aquisição no lugar 60; T<sub>30, wide</sub> = 1.86 s</figcaption></figure>



<h6 class="wp-block-heading has-custom-color-1-color has-text-color has-link-color wp-elements-7405a5e3bc309897af74397bc80cd2bd">“Hell_of_a_Guy” -&gt; Original</h6>



<figure class="wp-block-audio"><audio controls src="https://reverbdata.ipl.pt/wp-content/uploads/2024/09/Hell_of_a_Guy_40s.wav"></audio></figure>



<h6 class="wp-block-heading has-custom-color-1-color has-text-color has-link-color wp-elements-62f050fd88eb14d13e2baa73bcd3fbb5">“Hell_of_a_Guy” -&gt; Processado em Estéreo</h6>



<figure class="wp-block-audio"><audio controls src="https://reverbdata.ipl.pt/wp-content/uploads/2025/05/Hell_of_a_Guy_Stereo_40s-2.wav"></audio><figcaption class="wp-element-caption">Sistema de aquisição no lugar 60; T<sub>30, wide</sub> = 1.86 s</figcaption></figure>



<h6 class="wp-block-heading has-custom-color-1-color has-text-color has-link-color wp-elements-65b34418b28da383cf39586a23e19532">“Hell_of_a_Guy” -&gt; Processado em Binaural (usar headphones)</h6>



<figure class="wp-block-audio"><audio controls src="https://reverbdata.ipl.pt/wp-content/uploads/2025/05/Hell_of_a_Guy_Binaural_40s-2.wav"></audio><figcaption class="wp-element-caption">Sistema de aquisição no lugar 60; T<sub>30, wide</sub> = 1.86 s</figcaption></figure>
</div>
</div>



<div class="wp-block-group has-global-padding is-layout-constrained wp-block-group-is-layout-constrained">
<div style="height:20px" aria-hidden="true" class="wp-block-spacer"></div>



<div class="wp-block-group has-custom-color-1-background-color has-background has-global-padding is-layout-constrained wp-container-core-group-is-layout-e8732830 wp-block-group-is-layout-constrained" style="min-height:0px;margin-top:0;margin-bottom:0;padding-right:5rem;padding-left:5rem">
<h3 class="wp-block-heading has-text-align-center has-base-color has-text-color has-link-color wp-elements-bdebf145cae9fa4460087a537381715d" style="padding-top:0;padding-right:0;padding-bottom:0;padding-left:0">Ficheiros de Resposta ao Impulso do Espaço</h3>



<div class="wp-block-buttons alignwide is-horizontal is-content-justification-center is-layout-flex wp-container-core-buttons-is-layout-967d4589 wp-block-buttons-is-layout-flex" style="margin-top:var(--wp--preset--spacing--40);margin-bottom:0">
<div class="wp-block-button is-style-fill"><a class="wp-block-button__link has-section-bg-color has-heading-background-color has-text-color has-background has-link-color has-text-align-center wp-element-button" href="https://iplx-my.sharepoint.com/:f:/g/personal/reverbdata_esml_ipl_pt/Em4k1qYarX1Hsf98O7ENcJQBR3LcRDlfz8xzAJOcsQnkeA?e=CSfOFc" style="border-style:none;border-width:0px"><strong>Download</strong></a></div>
</div>
</div>



<div class="wp-block-buttons is-content-justification-right is-layout-flex wp-container-core-buttons-is-layout-d445cf74 wp-block-buttons-is-layout-flex">
<div class="wp-block-button is-style-fill"><a class="wp-block-button__link has-heading-color has-white-background-color has-text-color has-background has-link-color wp-element-button" href="https://reverbdata.ipl.pt/pt/">Voltar à Pagina Inicial</a></div>
</div>
</div>
