{"id":241,"date":"2024-07-21T16:38:00","date_gmt":"2024-07-21T16:38:00","guid":{"rendered":"https:\/\/reverbdata.ipl.pt\/?page_id=241"},"modified":"2025-05-29T09:22:52","modified_gmt":"2025-05-29T09:22:52","slug":"great-hall-of-esel","status":"publish","type":"page","link":"https:\/\/reverbdata.ipl.pt\/pt\/reverbdata\/great-hall-of-esel\/","title":{"rendered":"Grande Audit\u00f3rio da ESELx"},"content":{"rendered":"<div class=\"wp-block-group has-global-padding is-layout-constrained wp-block-group-is-layout-constrained\">\n<div class=\"wp-block-group has-global-padding is-layout-constrained wp-block-group-is-layout-constrained\">\n<div class=\"wp-block-columns is-layout-flex wp-container-core-columns-is-layout-0f3590de wp-block-columns-is-layout-flex\">\n<div class=\"wp-block-column is-layout-flow wp-block-column-is-layout-flow\" style=\"flex-basis:50%\"><h3 class=\"has-link-color wp-elements-d2e51c92208a6a2a5b724660ce272c42 wp-block-post-title has-text-color has-custom-color-1-color\">Grande Audit\u00f3rio da ESELx<\/h3>\n\n\n<figure class=\"wp-block-image size-full\"><img loading=\"lazy\" decoding=\"async\" width=\"2560\" height=\"1920\" src=\"https:\/\/reverbdata.ipl.pt\/wp-content\/uploads\/2024\/07\/Great-Hall-ESELx-scaled.jpg\" alt=\"\" class=\"wp-image-400\" srcset=\"https:\/\/reverbdata.ipl.pt\/wp-content\/uploads\/2024\/07\/Great-Hall-ESELx-scaled.jpg 2560w, https:\/\/reverbdata.ipl.pt\/wp-content\/uploads\/2024\/07\/Great-Hall-ESELx-300x225.jpg 300w, https:\/\/reverbdata.ipl.pt\/wp-content\/uploads\/2024\/07\/Great-Hall-ESELx-1024x768.jpg 1024w, https:\/\/reverbdata.ipl.pt\/wp-content\/uploads\/2024\/07\/Great-Hall-ESELx-768x576.jpg 768w, https:\/\/reverbdata.ipl.pt\/wp-content\/uploads\/2024\/07\/Great-Hall-ESELx-1536x1152.jpg 1536w, https:\/\/reverbdata.ipl.pt\/wp-content\/uploads\/2024\/07\/Great-Hall-ESELx-2048x1536.jpg 2048w, https:\/\/reverbdata.ipl.pt\/wp-content\/uploads\/2024\/07\/Great-Hall-ESELx-200x150.jpg 200w\" sizes=\"auto, (max-width: 2560px) 100vw, 2560px\" \/><\/figure>\n\n\n\n<p class=\"justify-text has-body-text-color has-text-color has-link-color wp-elements-2a80633e2c119b824360188573b112e2\">O Sal\u00e3o Nobre da Escola Superior de Educa\u00e7\u00e3o de Lisboa (ESELx), tem uma \u00e1rea \u00fatil de cerca de 300 m2 e capacidade m\u00e1xima para 300 pessoas. O espa\u00e7o disp\u00f5e de uma \u00e1rea de plateia plana, com cadeiras individuais, e um balc\u00e3o de forma circular.<\/p>\n<\/div>\n\n\n\n<div class=\"wp-block-column is-layout-flow wp-block-column-is-layout-flow\" style=\"padding-top:3rem;flex-basis:50%\">\n<h5 class=\"wp-block-heading has-text-align-left has-custom-color-1-color has-text-color has-link-color wp-elements-74cf0948a3128ab9f4ecf1f8834f4295\">Pontos de medi\u00e7\u00e3o e localiza\u00e7\u00e3o da fonte ac\u00fastica<\/h5>\n\n\n\n<p class=\"justify-text has-body-text-color has-text-color has-link-color wp-elements-b9d76348bcc6adc4cbc545604bf36f57\">A planta da sala mostra a localiza\u00e7\u00e3o da fonte ac\u00fastica e dos 6 pontos de medi\u00e7\u00e3o, 3 localizados na zona da plateia e 3 localizados no balc\u00e3o.<\/p>\n\n\n\n<figure class=\"wp-block-image size-full\"><img loading=\"lazy\" decoding=\"async\" width=\"3750\" height=\"4800\" src=\"https:\/\/reverbdata.ipl.pt\/wp-content\/uploads\/2024\/09\/ESELx-Plan_final.png\" alt=\"\" class=\"wp-image-1002\" srcset=\"https:\/\/reverbdata.ipl.pt\/wp-content\/uploads\/2024\/09\/ESELx-Plan_final.png 3750w, https:\/\/reverbdata.ipl.pt\/wp-content\/uploads\/2024\/09\/ESELx-Plan_final-234x300.png 234w, https:\/\/reverbdata.ipl.pt\/wp-content\/uploads\/2024\/09\/ESELx-Plan_final-800x1024.png 800w, https:\/\/reverbdata.ipl.pt\/wp-content\/uploads\/2024\/09\/ESELx-Plan_final-768x983.png 768w, https:\/\/reverbdata.ipl.pt\/wp-content\/uploads\/2024\/09\/ESELx-Plan_final-1200x1536.png 1200w, https:\/\/reverbdata.ipl.pt\/wp-content\/uploads\/2024\/09\/ESELx-Plan_final-1600x2048.png 1600w, https:\/\/reverbdata.ipl.pt\/wp-content\/uploads\/2024\/09\/ESELx-Plan_final-9x12.png 9w, https:\/\/reverbdata.ipl.pt\/wp-content\/uploads\/2024\/09\/ESELx-Plan_final-200x256.png 200w\" sizes=\"auto, (max-width: 3750px) 100vw, 3750px\" \/><\/figure>\n<\/div>\n<\/div>\n<\/div>\n\n\n\n<h3 class=\"wp-block-heading has-custom-color-1-color has-text-color has-link-color wp-elements-01bca5ce57de3daa64864e37b5fec474\">Ficheiros de \u00c1udio de Demonstra\u00e7\u00e3o<\/h3>\n\n\n\n<h6 class=\"wp-block-heading has-custom-color-1-color has-text-color has-link-color wp-elements-3dcccc6407b28d21ef5ff8dfadb27658\">\"Discurso masculino e feminino\" -&gt; Original<\/h6>\n\n\n\n<figure class=\"wp-block-audio\"><audio controls src=\"https:\/\/reverbdata.ipl.pt\/wp-content\/uploads\/2025\/05\/Male_and_Female_speech_40s.wav\"><\/audio><\/figure>\n\n\n\n<h6 class=\"wp-block-heading has-custom-color-1-color has-text-color has-link-color wp-elements-526f9bc44a54ace3c0b686654b643940\">\"Discurso masculino e feminino\" -&gt; Processado em Est\u00e9reo<\/h6>\n\n\n\n<figure class=\"wp-block-audio\"><audio controls src=\"https:\/\/reverbdata.ipl.pt\/wp-content\/uploads\/2025\/04\/Male_and_Female_speech_Stereo_40s-5.wav\"><\/audio><figcaption class=\"wp-element-caption\">Sistema de Aquisi\u00e7\u00e3o na posi\u00e7\u00e3o 2 da plateia; T<sub>30, wide<\/sub> = 1.38 s<\/figcaption><\/figure>\n\n\n\n<h6 class=\"wp-block-heading has-custom-color-1-color has-text-color has-link-color wp-elements-15d1e3bb90b012f2eafa8912ebde65d5\">\"Discurso masculino e feminino\" -&gt; Processado em Binaural (usar headphones)<\/h6>\n\n\n\n<figure class=\"wp-block-audio\"><audio controls src=\"https:\/\/reverbdata.ipl.pt\/wp-content\/uploads\/2025\/04\/Male_and_Female_speech_Binaural_40s-4.wav\"><\/audio><figcaption class=\"wp-element-caption\">Sistema de Aquisi\u00e7\u00e3o na posi\u00e7\u00e3o 2 da plateia; T<sub>30, wide<\/sub> = 1.38 s<\/figcaption><\/figure>\n\n\n\n<h6 class=\"wp-block-heading has-custom-color-1-color has-text-color has-link-color wp-elements-8b021da4f6891343264ec4075f892193\">\u201cGuitar_Capriccio_Arabe_Tarrega\u201d -&gt; Original<\/h6>\n\n\n\n<figure class=\"wp-block-audio\"><audio controls src=\"https:\/\/reverbdata.ipl.pt\/wp-content\/uploads\/2025\/05\/Guitar_Capriccio_Arabe_Tarrega_40s.wav\"><\/audio><\/figure>\n\n\n\n<h6 class=\"wp-block-heading has-custom-color-1-color has-text-color has-link-color wp-elements-da811de222d07d25a08b3306dca9165a\">\u201cGuitar_Capriccio_Arabe_Tarrega\u201d -&gt; Processado em Est\u00e9reo<\/h6>\n\n\n\n<figure class=\"wp-block-audio\"><audio controls src=\"https:\/\/reverbdata.ipl.pt\/wp-content\/uploads\/2025\/04\/Guitar_Capriccio_Arabe_Tarrega_Stereo_40s-4.wav\"><\/audio><figcaption class=\"wp-element-caption\">Sistema de Aquisi\u00e7\u00e3o na posi\u00e7\u00e3o 2 da plateia; T<sub>30, wide<\/sub> = 1.38 s<\/figcaption><\/figure>\n\n\n\n<h6 class=\"wp-block-heading has-custom-color-1-color has-text-color has-link-color wp-elements-3e4b1e9003c333e6a9be23ad9cfcf89e\">\u201cGuitar_Capriccio_Arabe_Tarrega\u201d -&gt; Processado em Binaural (usar headphones)<\/h6>\n\n\n\n<figure class=\"wp-block-audio\"><audio controls src=\"https:\/\/reverbdata.ipl.pt\/wp-content\/uploads\/2025\/04\/Guitar_Capriccio_Arabe_Tarrega_Binaural_40s-4.wav\"><\/audio><figcaption class=\"wp-element-caption\">Sistema de Aquisi\u00e7\u00e3o na posi\u00e7\u00e3o 2 da plateia; T<sub>30, wide<\/sub> = 1.38 s<\/figcaption><\/figure>\n\n\n\n<h6 class=\"wp-block-heading has-custom-color-1-color has-text-color has-link-color wp-elements-7405a5e3bc309897af74397bc80cd2bd\">\u201cHell_of_a_Guy\u201d -&gt; Original<\/h6>\n\n\n\n<figure class=\"wp-block-audio\"><audio controls src=\"https:\/\/reverbdata.ipl.pt\/wp-content\/uploads\/2024\/09\/Hell_of_a_Guy_40s.wav\"><\/audio><\/figure>\n\n\n\n<h6 class=\"wp-block-heading has-custom-color-1-color has-text-color has-link-color wp-elements-62f050fd88eb14d13e2baa73bcd3fbb5\">\u201cHell_of_a_Guy\u201d -&gt; Processado em Est\u00e9reo<\/h6>\n\n\n\n<figure class=\"wp-block-audio\"><audio controls src=\"https:\/\/reverbdata.ipl.pt\/wp-content\/uploads\/2025\/04\/Hell_of_a_Guy_Stereo_40s.wav\"><\/audio><figcaption class=\"wp-element-caption\">Sistema de Aquisi\u00e7\u00e3o na posi\u00e7\u00e3o 2 da plateia; T<sub>30, wide<\/sub> = 1.38 s<\/figcaption><\/figure>\n\n\n\n<h6 class=\"wp-block-heading has-custom-color-1-color has-text-color has-link-color wp-elements-65b34418b28da383cf39586a23e19532\">\u201cHell_of_a_Guy\u201d -&gt; Processado em Binaural (usar headphones)<\/h6>\n\n\n\n<figure class=\"wp-block-audio\"><audio controls src=\"https:\/\/reverbdata.ipl.pt\/wp-content\/uploads\/2025\/04\/Hell_of_a_Guy_Binaural_40s.wav\"><\/audio><figcaption class=\"wp-element-caption\">Sistema de Aquisi\u00e7\u00e3o na posi\u00e7\u00e3o 2 da plateia; T<sub>30, wide<\/sub> = 1.38 s<\/figcaption><\/figure>\n<\/div>\n\n\n\n<div class=\"wp-block-group has-global-padding is-layout-constrained wp-block-group-is-layout-constrained\">\n<div style=\"height:40px\" aria-hidden=\"true\" class=\"wp-block-spacer\"><\/div>\n\n\n\n<div class=\"wp-block-group has-custom-color-1-background-color has-background has-global-padding is-layout-constrained wp-container-core-group-is-layout-e8732830 wp-block-group-is-layout-constrained\" style=\"min-height:0px;margin-top:0;margin-bottom:0;padding-right:5rem;padding-left:5rem\">\n<h3 class=\"wp-block-heading has-text-align-center has-base-color has-text-color has-link-color wp-elements-bdebf145cae9fa4460087a537381715d\" style=\"padding-top:0;padding-right:0;padding-bottom:0;padding-left:0\">Ficheiros de Resposta ao Impulso do Espa\u00e7o<\/h3>\n\n\n\n<div class=\"wp-block-buttons alignwide is-horizontal is-content-justification-center is-layout-flex wp-container-core-buttons-is-layout-967d4589 wp-block-buttons-is-layout-flex\" style=\"margin-top:var(--wp--preset--spacing--40);margin-bottom:0\">\n<div class=\"wp-block-button is-style-fill\"><a class=\"wp-block-button__link has-section-bg-color has-heading-background-color has-text-color has-background has-link-color has-text-align-center wp-element-button\" href=\"https:\/\/iplx-my.sharepoint.com\/:f:\/g\/personal\/reverbdata_esml_ipl_pt\/ElvVKBs7ObBDvAvcAbiU-CgBb9RSBq0AKg8mwArNjsr-5Q?e=kSnyVC\" style=\"border-style:none;border-width:0px\"><strong>Download<\/strong><\/a><\/div>\n<\/div>\n<\/div>\n\n\n\n<div class=\"wp-block-buttons is-content-justification-right is-layout-flex wp-container-core-buttons-is-layout-d445cf74 wp-block-buttons-is-layout-flex\">\n<div class=\"wp-block-button is-style-fill\"><a class=\"wp-block-button__link has-heading-color has-white-background-color has-text-color has-background has-link-color wp-element-button\" href=\"https:\/\/reverbdata.ipl.pt\/pt\/\">Voltar \u00e0 Pagina Inicial<\/a><\/div>\n<\/div>\n<\/div>\n\n\n\n<p><\/p>","protected":false},"excerpt":{"rendered":"<p>The Great Hall of the Lisbon School of Education (ESELx), with a floor area of around 300 m2 and a maximum seating capacity for 300 persons,. The hall has a flat audience area, with individual chairs, and a circular shape balcony. Measurement points and source location The hall\u2019s plan shows the locations of the acoustic [&hellip;]<\/p>\n","protected":false},"author":4,"featured_media":164,"parent":514,"menu_order":0,"comment_status":"closed","ping_status":"closed","template":"","meta":{"footnotes":""},"class_list":["post-241","page","type-page","status-publish","has-post-thumbnail","hentry"],"featured_image_src":"https:\/\/reverbdata.ipl.pt\/wp-content\/uploads\/2024\/07\/Great-Hall-ESELx-1.png","_links":{"self":[{"href":"https:\/\/reverbdata.ipl.pt\/pt\/wp-json\/wp\/v2\/pages\/241","targetHints":{"allow":["GET"]}}],"collection":[{"href":"https:\/\/reverbdata.ipl.pt\/pt\/wp-json\/wp\/v2\/pages"}],"about":[{"href":"https:\/\/reverbdata.ipl.pt\/pt\/wp-json\/wp\/v2\/types\/page"}],"author":[{"embeddable":true,"href":"https:\/\/reverbdata.ipl.pt\/pt\/wp-json\/wp\/v2\/users\/4"}],"replies":[{"embeddable":true,"href":"https:\/\/reverbdata.ipl.pt\/pt\/wp-json\/wp\/v2\/comments?post=241"}],"version-history":[{"count":24,"href":"https:\/\/reverbdata.ipl.pt\/pt\/wp-json\/wp\/v2\/pages\/241\/revisions"}],"predecessor-version":[{"id":1680,"href":"https:\/\/reverbdata.ipl.pt\/pt\/wp-json\/wp\/v2\/pages\/241\/revisions\/1680"}],"up":[{"embeddable":true,"href":"https:\/\/reverbdata.ipl.pt\/pt\/wp-json\/wp\/v2\/pages\/514"}],"wp:featuredmedia":[{"embeddable":true,"href":"https:\/\/reverbdata.ipl.pt\/pt\/wp-json\/wp\/v2\/media\/164"}],"wp:attachment":[{"href":"https:\/\/reverbdata.ipl.pt\/pt\/wp-json\/wp\/v2\/media?parent=241"}],"curies":[{"name":"wp","href":"https:\/\/api.w.org\/{rel}","templated":true}]}}

Grande Auditório da ESELx

<div class="wp-block-group has-global-padding is-layout-constrained wp-block-group-is-layout-constrained">
<div class="wp-block-group has-global-padding is-layout-constrained wp-block-group-is-layout-constrained">
<div class="wp-block-columns is-layout-flex wp-container-core-columns-is-layout-0f3590de wp-block-columns-is-layout-flex">
<div class="wp-block-column is-layout-flow wp-block-column-is-layout-flow" style="flex-basis:50%"><h3 class="has-link-color wp-elements-d2e51c92208a6a2a5b724660ce272c42 wp-block-post-title has-text-color has-custom-color-1-color">Grande Auditório da ESELx</h3>


<figure class="wp-block-image size-full"><img loading="lazy" decoding="async" width="2560" height="1920" src="https://reverbdata.ipl.pt/wp-content/uploads/2024/07/Great-Hall-ESELx-scaled.jpg" alt="" class="wp-image-400" srcset="https://reverbdata.ipl.pt/wp-content/uploads/2024/07/Great-Hall-ESELx-scaled.jpg 2560w, https://reverbdata.ipl.pt/wp-content/uploads/2024/07/Great-Hall-ESELx-300x225.jpg 300w, https://reverbdata.ipl.pt/wp-content/uploads/2024/07/Great-Hall-ESELx-1024x768.jpg 1024w, https://reverbdata.ipl.pt/wp-content/uploads/2024/07/Great-Hall-ESELx-768x576.jpg 768w, https://reverbdata.ipl.pt/wp-content/uploads/2024/07/Great-Hall-ESELx-1536x1152.jpg 1536w, https://reverbdata.ipl.pt/wp-content/uploads/2024/07/Great-Hall-ESELx-2048x1536.jpg 2048w, https://reverbdata.ipl.pt/wp-content/uploads/2024/07/Great-Hall-ESELx-200x150.jpg 200w" sizes="auto, (max-width: 2560px) 100vw, 2560px" /></figure>



<p class="justify-text has-body-text-color has-text-color has-link-color wp-elements-2a80633e2c119b824360188573b112e2">O Salão Nobre da Escola Superior de Educação de Lisboa (ESELx), tem uma área útil de cerca de 300 m2 e capacidade máxima para 300 pessoas. O espaço dispõe de uma área de plateia plana, com cadeiras individuais, e um balcão de forma circular.</p>
</div>



<div class="wp-block-column is-layout-flow wp-block-column-is-layout-flow" style="padding-top:3rem;flex-basis:50%">
<h5 class="wp-block-heading has-text-align-left has-custom-color-1-color has-text-color has-link-color wp-elements-74cf0948a3128ab9f4ecf1f8834f4295">Pontos de medição e localização da fonte acústica</h5>



<p class="justify-text has-body-text-color has-text-color has-link-color wp-elements-b9d76348bcc6adc4cbc545604bf36f57">A planta da sala mostra a localização da fonte acústica e dos 6 pontos de medição, 3 localizados na zona da plateia e 3 localizados no balcão.</p>



<figure class="wp-block-image size-full"><img loading="lazy" decoding="async" width="3750" height="4800" src="https://reverbdata.ipl.pt/wp-content/uploads/2024/09/ESELx-Plan_final.png" alt="" class="wp-image-1002" srcset="https://reverbdata.ipl.pt/wp-content/uploads/2024/09/ESELx-Plan_final.png 3750w, https://reverbdata.ipl.pt/wp-content/uploads/2024/09/ESELx-Plan_final-234x300.png 234w, https://reverbdata.ipl.pt/wp-content/uploads/2024/09/ESELx-Plan_final-800x1024.png 800w, https://reverbdata.ipl.pt/wp-content/uploads/2024/09/ESELx-Plan_final-768x983.png 768w, https://reverbdata.ipl.pt/wp-content/uploads/2024/09/ESELx-Plan_final-1200x1536.png 1200w, https://reverbdata.ipl.pt/wp-content/uploads/2024/09/ESELx-Plan_final-1600x2048.png 1600w, https://reverbdata.ipl.pt/wp-content/uploads/2024/09/ESELx-Plan_final-9x12.png 9w, https://reverbdata.ipl.pt/wp-content/uploads/2024/09/ESELx-Plan_final-200x256.png 200w" sizes="auto, (max-width: 3750px) 100vw, 3750px" /></figure>
</div>
</div>
</div>



<h3 class="wp-block-heading has-custom-color-1-color has-text-color has-link-color wp-elements-01bca5ce57de3daa64864e37b5fec474">Ficheiros de Áudio de Demonstração</h3>



<h6 class="wp-block-heading has-custom-color-1-color has-text-color has-link-color wp-elements-3dcccc6407b28d21ef5ff8dfadb27658">"Discurso masculino e feminino" -&gt; Original</h6>



<figure class="wp-block-audio"><audio controls src="https://reverbdata.ipl.pt/wp-content/uploads/2025/05/Male_and_Female_speech_40s.wav"></audio></figure>



<h6 class="wp-block-heading has-custom-color-1-color has-text-color has-link-color wp-elements-526f9bc44a54ace3c0b686654b643940">"Discurso masculino e feminino" -&gt; Processado em Estéreo</h6>



<figure class="wp-block-audio"><audio controls src="https://reverbdata.ipl.pt/wp-content/uploads/2025/04/Male_and_Female_speech_Stereo_40s-5.wav"></audio><figcaption class="wp-element-caption">Sistema de Aquisição na posição 2 da plateia; T<sub>30, wide</sub> = 1.38 s</figcaption></figure>



<h6 class="wp-block-heading has-custom-color-1-color has-text-color has-link-color wp-elements-15d1e3bb90b012f2eafa8912ebde65d5">"Discurso masculino e feminino" -&gt; Processado em Binaural (usar headphones)</h6>



<figure class="wp-block-audio"><audio controls src="https://reverbdata.ipl.pt/wp-content/uploads/2025/04/Male_and_Female_speech_Binaural_40s-4.wav"></audio><figcaption class="wp-element-caption">Sistema de Aquisição na posição 2 da plateia; T<sub>30, wide</sub> = 1.38 s</figcaption></figure>



<h6 class="wp-block-heading has-custom-color-1-color has-text-color has-link-color wp-elements-8b021da4f6891343264ec4075f892193">“Guitar_Capriccio_Arabe_Tarrega” -&gt; Original</h6>



<figure class="wp-block-audio"><audio controls src="https://reverbdata.ipl.pt/wp-content/uploads/2025/05/Guitar_Capriccio_Arabe_Tarrega_40s.wav"></audio></figure>



<h6 class="wp-block-heading has-custom-color-1-color has-text-color has-link-color wp-elements-da811de222d07d25a08b3306dca9165a">“Guitar_Capriccio_Arabe_Tarrega” -&gt; Processado em Estéreo</h6>



<figure class="wp-block-audio"><audio controls src="https://reverbdata.ipl.pt/wp-content/uploads/2025/04/Guitar_Capriccio_Arabe_Tarrega_Stereo_40s-4.wav"></audio><figcaption class="wp-element-caption">Sistema de Aquisição na posição 2 da plateia; T<sub>30, wide</sub> = 1.38 s</figcaption></figure>



<h6 class="wp-block-heading has-custom-color-1-color has-text-color has-link-color wp-elements-3e4b1e9003c333e6a9be23ad9cfcf89e">“Guitar_Capriccio_Arabe_Tarrega” -&gt; Processado em Binaural (usar headphones)</h6>



<figure class="wp-block-audio"><audio controls src="https://reverbdata.ipl.pt/wp-content/uploads/2025/04/Guitar_Capriccio_Arabe_Tarrega_Binaural_40s-4.wav"></audio><figcaption class="wp-element-caption">Sistema de Aquisição na posição 2 da plateia; T<sub>30, wide</sub> = 1.38 s</figcaption></figure>



<h6 class="wp-block-heading has-custom-color-1-color has-text-color has-link-color wp-elements-7405a5e3bc309897af74397bc80cd2bd">“Hell_of_a_Guy” -&gt; Original</h6>



<figure class="wp-block-audio"><audio controls src="https://reverbdata.ipl.pt/wp-content/uploads/2024/09/Hell_of_a_Guy_40s.wav"></audio></figure>



<h6 class="wp-block-heading has-custom-color-1-color has-text-color has-link-color wp-elements-62f050fd88eb14d13e2baa73bcd3fbb5">“Hell_of_a_Guy” -&gt; Processado em Estéreo</h6>



<figure class="wp-block-audio"><audio controls src="https://reverbdata.ipl.pt/wp-content/uploads/2025/04/Hell_of_a_Guy_Stereo_40s.wav"></audio><figcaption class="wp-element-caption">Sistema de Aquisição na posição 2 da plateia; T<sub>30, wide</sub> = 1.38 s</figcaption></figure>



<h6 class="wp-block-heading has-custom-color-1-color has-text-color has-link-color wp-elements-65b34418b28da383cf39586a23e19532">“Hell_of_a_Guy” -&gt; Processado em Binaural (usar headphones)</h6>



<figure class="wp-block-audio"><audio controls src="https://reverbdata.ipl.pt/wp-content/uploads/2025/04/Hell_of_a_Guy_Binaural_40s.wav"></audio><figcaption class="wp-element-caption">Sistema de Aquisição na posição 2 da plateia; T<sub>30, wide</sub> = 1.38 s</figcaption></figure>
</div>



<div class="wp-block-group has-global-padding is-layout-constrained wp-block-group-is-layout-constrained">
<div style="height:40px" aria-hidden="true" class="wp-block-spacer"></div>



<div class="wp-block-group has-custom-color-1-background-color has-background has-global-padding is-layout-constrained wp-container-core-group-is-layout-e8732830 wp-block-group-is-layout-constrained" style="min-height:0px;margin-top:0;margin-bottom:0;padding-right:5rem;padding-left:5rem">
<h3 class="wp-block-heading has-text-align-center has-base-color has-text-color has-link-color wp-elements-bdebf145cae9fa4460087a537381715d" style="padding-top:0;padding-right:0;padding-bottom:0;padding-left:0">Ficheiros de Resposta ao Impulso do Espaço</h3>



<div class="wp-block-buttons alignwide is-horizontal is-content-justification-center is-layout-flex wp-container-core-buttons-is-layout-967d4589 wp-block-buttons-is-layout-flex" style="margin-top:var(--wp--preset--spacing--40);margin-bottom:0">
<div class="wp-block-button is-style-fill"><a class="wp-block-button__link has-section-bg-color has-heading-background-color has-text-color has-background has-link-color has-text-align-center wp-element-button" href="https://iplx-my.sharepoint.com/:f:/g/personal/reverbdata_esml_ipl_pt/ElvVKBs7ObBDvAvcAbiU-CgBb9RSBq0AKg8mwArNjsr-5Q?e=kSnyVC" style="border-style:none;border-width:0px"><strong>Download</strong></a></div>
</div>
</div>



<div class="wp-block-buttons is-content-justification-right is-layout-flex wp-container-core-buttons-is-layout-d445cf74 wp-block-buttons-is-layout-flex">
<div class="wp-block-button is-style-fill"><a class="wp-block-button__link has-heading-color has-white-background-color has-text-color has-background has-link-color wp-element-button" href="https://reverbdata.ipl.pt/pt/">Voltar à Pagina Inicial</a></div>
</div>
</div>



<p></p>
