{"id":265,"date":"2024-07-21T16:50:09","date_gmt":"2024-07-21T16:50:09","guid":{"rendered":"https:\/\/reverbdata.ipl.pt\/?page_id=265"},"modified":"2025-05-29T09:38:34","modified_gmt":"2025-05-29T09:38:34","slug":"st-dominic-convent","status":"publish","type":"page","link":"https:\/\/reverbdata.ipl.pt\/pt\/reverbdata\/st-dominic-convent\/","title":{"rendered":"Igreja do Convento de S. Domingos"},"content":{"rendered":"<div class=\"wp-block-group has-global-padding is-layout-constrained wp-block-group-is-layout-constrained\">\n<div class=\"wp-block-group has-global-padding is-layout-constrained wp-block-group-is-layout-constrained\">\n<div class=\"wp-block-columns is-layout-flex wp-container-core-columns-is-layout-0f3590de wp-block-columns-is-layout-flex\">\n<div class=\"wp-block-column is-layout-flow wp-block-column-is-layout-flow\" style=\"flex-basis:50%\"><h3 class=\"has-link-color wp-elements-d2e51c92208a6a2a5b724660ce272c42 wp-block-post-title has-text-color has-custom-color-1-color\">Igreja do Convento de S. Domingos<\/h3>\n\n\n<figure class=\"wp-block-image size-full\"><img loading=\"lazy\" decoding=\"async\" width=\"2560\" height=\"1920\" src=\"https:\/\/reverbdata.ipl.pt\/wp-content\/uploads\/2024\/07\/St-Dominic-Convent-Church-scaled.jpg\" alt=\"\" class=\"wp-image-398\" srcset=\"https:\/\/reverbdata.ipl.pt\/wp-content\/uploads\/2024\/07\/St-Dominic-Convent-Church-scaled.jpg 2560w, https:\/\/reverbdata.ipl.pt\/wp-content\/uploads\/2024\/07\/St-Dominic-Convent-Church-300x225.jpg 300w, https:\/\/reverbdata.ipl.pt\/wp-content\/uploads\/2024\/07\/St-Dominic-Convent-Church-1024x768.jpg 1024w, https:\/\/reverbdata.ipl.pt\/wp-content\/uploads\/2024\/07\/St-Dominic-Convent-Church-768x576.jpg 768w, https:\/\/reverbdata.ipl.pt\/wp-content\/uploads\/2024\/07\/St-Dominic-Convent-Church-1536x1152.jpg 1536w, https:\/\/reverbdata.ipl.pt\/wp-content\/uploads\/2024\/07\/St-Dominic-Convent-Church-2048x1536.jpg 2048w, https:\/\/reverbdata.ipl.pt\/wp-content\/uploads\/2024\/07\/St-Dominic-Convent-Church-200x150.jpg 200w\" sizes=\"auto, (max-width: 2560px) 100vw, 2560px\" \/><\/figure>\n\n\n\n<p class=\"justify-text has-body-text-color has-text-color has-link-color wp-elements-2f856dd380da9e8e459425de13e290b3\">A Igreja do Convento de S\u00e3o Domingos tem um pavimento retangular com 12,5 m x 35 m e uma altura consider\u00e1vel de 15 m. O espa\u00e7o possui uma grande janela que se abre para o claustro interior e o ch\u00e3o \u00e9 ligeiramente inclinado para o altar.<\/p>\n<\/div>\n\n\n\n<div class=\"wp-block-column is-layout-flow wp-block-column-is-layout-flow\" style=\"padding-top:3rem;flex-basis:50%\">\n<h5 class=\"wp-block-heading has-text-align-left has-custom-color-1-color has-text-color has-link-color wp-elements-74cf0948a3128ab9f4ecf1f8834f4295\">Pontos de medi\u00e7\u00e3o e localiza\u00e7\u00e3o da fonte ac\u00fastica<\/h5>\n\n\n\n<p class=\"justify-text has-body-text-color has-text-color has-link-color wp-elements-c740d527a3a01b1ac3861bd0268013b8\">A planta da Igreja do Convento de S\u00e3o Domingos mostra os 8 pontos de aquisi\u00e7\u00e3o espalhados pelo p\u00fablico e a localiza\u00e7\u00e3o da fonte ac\u00fastica perto do altar.<\/p>\n\n\n\n<figure class=\"wp-block-image alignwide size-full\"><img loading=\"lazy\" decoding=\"async\" width=\"5100\" height=\"9000\" src=\"https:\/\/reverbdata.ipl.pt\/wp-content\/uploads\/2024\/09\/St-Dominic-Convent-Church_plan_final.png\" alt=\"\" class=\"wp-image-1022\" srcset=\"https:\/\/reverbdata.ipl.pt\/wp-content\/uploads\/2024\/09\/St-Dominic-Convent-Church_plan_final.png 5100w, https:\/\/reverbdata.ipl.pt\/wp-content\/uploads\/2024\/09\/St-Dominic-Convent-Church_plan_final-170x300.png 170w, https:\/\/reverbdata.ipl.pt\/wp-content\/uploads\/2024\/09\/St-Dominic-Convent-Church_plan_final-580x1024.png 580w, https:\/\/reverbdata.ipl.pt\/wp-content\/uploads\/2024\/09\/St-Dominic-Convent-Church_plan_final-768x1355.png 768w, https:\/\/reverbdata.ipl.pt\/wp-content\/uploads\/2024\/09\/St-Dominic-Convent-Church_plan_final-870x1536.png 870w, https:\/\/reverbdata.ipl.pt\/wp-content\/uploads\/2024\/09\/St-Dominic-Convent-Church_plan_final-1161x2048.png 1161w, https:\/\/reverbdata.ipl.pt\/wp-content\/uploads\/2024\/09\/St-Dominic-Convent-Church_plan_final-7x12.png 7w, https:\/\/reverbdata.ipl.pt\/wp-content\/uploads\/2024\/09\/St-Dominic-Convent-Church_plan_final-200x353.png 200w\" sizes=\"auto, (max-width: 5100px) 100vw, 5100px\" \/><\/figure>\n<\/div>\n<\/div>\n\n\n\n<div style=\"height:10px\" aria-hidden=\"true\" class=\"wp-block-spacer\"><\/div>\n<\/div>\n\n\n\n<h3 class=\"wp-block-heading has-custom-color-1-color has-text-color has-link-color wp-elements-01bca5ce57de3daa64864e37b5fec474\">Ficheiros de \u00c1udio de Demonstra\u00e7\u00e3o<\/h3>\n\n\n\n<h6 class=\"wp-block-heading has-custom-color-1-color has-text-color has-link-color wp-elements-5d0b8381b06338b31183daec91eb03ed\">\"Discurso masculino e feminino\" -&gt; Original<\/h6>\n\n\n\n<figure class=\"wp-block-audio\"><audio controls src=\"https:\/\/reverbdata.ipl.pt\/wp-content\/uploads\/2025\/05\/Male_and_Female_speech_40s.wav\"><\/audio><\/figure>\n\n\n\n<h6 class=\"wp-block-heading has-custom-color-1-color has-text-color has-link-color wp-elements-05d1ab4ec7b116d35a88f5889981f89b\">\"Discurso masculino e feminino\" -&gt; Processado em Est\u00e9reo<\/h6>\n\n\n\n<figure class=\"wp-block-audio\"><audio controls src=\"https:\/\/reverbdata.ipl.pt\/wp-content\/uploads\/2025\/04\/Male_and_Female_speech_Stereo_40s-13.wav\"><\/audio><figcaption class=\"wp-element-caption\">Sistema de Aquisi\u00e7\u00e3o na posi\u00e7\u00e3o E2; T<sub>30, wide<\/sub> = 2.61 s<\/figcaption><\/figure>\n\n\n\n<h6 class=\"wp-block-heading has-custom-color-1-color has-text-color has-link-color wp-elements-cefd33f3fd0d3ace7f548d7653c7219d\">\"Discurso masculino e feminino\" -&gt; Processado em Binaural (usar headphones)<\/h6>\n\n\n\n<figure class=\"wp-block-audio\"><audio controls src=\"https:\/\/reverbdata.ipl.pt\/wp-content\/uploads\/2025\/04\/Male_and_Female_speech_Binaural_40s-13.wav\"><\/audio><figcaption class=\"wp-element-caption\">Sistema de Aquisi\u00e7\u00e3o na posi\u00e7\u00e3o E2; T<sub>30, wide<\/sub> = 2.61 s<\/figcaption><\/figure>\n\n\n\n<h6 class=\"wp-block-heading has-custom-color-1-color has-text-color has-link-color wp-elements-8b021da4f6891343264ec4075f892193\">\u201cGuitar_Capriccio_Arabe_Tarrega\u201d -&gt; Original<\/h6>\n\n\n\n<figure class=\"wp-block-audio\"><audio controls src=\"https:\/\/reverbdata.ipl.pt\/wp-content\/uploads\/2025\/05\/Guitar_Capriccio_Arabe_Tarrega_40s.wav\"><\/audio><\/figure>\n\n\n\n<h6 class=\"wp-block-heading has-custom-color-1-color has-text-color has-link-color wp-elements-da811de222d07d25a08b3306dca9165a\">\u201cGuitar_Capriccio_Arabe_Tarrega\u201d -&gt; Processado em Est\u00e9reo<\/h6>\n\n\n\n<figure class=\"wp-block-audio\"><audio controls src=\"https:\/\/reverbdata.ipl.pt\/wp-content\/uploads\/2025\/04\/Guitar_Capriccio_Arabe_Tarrega_Stereo_40s-12.wav\"><\/audio><figcaption class=\"wp-element-caption\">Sistema de Aquisi\u00e7\u00e3o na posi\u00e7\u00e3o E2; T<sub>30, wide<\/sub> = 2.61 s<\/figcaption><\/figure>\n\n\n\n<h6 class=\"wp-block-heading has-custom-color-1-color has-text-color has-link-color wp-elements-3e4b1e9003c333e6a9be23ad9cfcf89e\">\u201cGuitar_Capriccio_Arabe_Tarrega\u201d -&gt; Processado em Binaural (usar headphones)<\/h6>\n\n\n\n<figure class=\"wp-block-audio\"><audio controls src=\"https:\/\/reverbdata.ipl.pt\/wp-content\/uploads\/2025\/04\/Guitar_Capriccio_Arabe_Tarrega_Binaural_40s-13.wav\"><\/audio><figcaption class=\"wp-element-caption\">Sistema de Aquisi\u00e7\u00e3o na posi\u00e7\u00e3o E2; T<sub>30, wide<\/sub> = 2.61 s<\/figcaption><\/figure>\n\n\n\n<h6 class=\"wp-block-heading has-custom-color-1-color has-text-color has-link-color wp-elements-5e3ef03a3904366221432726cf86b293\">\u201cKyrie_Missa_Notre_Dame_Guillame_de_Machaut\u201d -&gt; Original<\/h6>\n\n\n\n<figure class=\"wp-block-audio\"><audio controls src=\"https:\/\/reverbdata.ipl.pt\/wp-content\/uploads\/2025\/05\/Kyrie_Missa_Notre_Dame_Guillame_de_Machaut_40s.wav\"><\/audio><\/figure>\n\n\n\n<h6 class=\"wp-block-heading has-custom-color-1-color has-text-color has-link-color wp-elements-c8ec8eb0b94e1c4a27ce45cb43d2255f\">\u201cKyrie_Missa_Notre_Dame_Guillame_de_Machaut\u201d -&gt; Processado em Est\u00e9reo<\/h6>\n\n\n\n<figure class=\"wp-block-audio\"><audio controls src=\"https:\/\/reverbdata.ipl.pt\/wp-content\/uploads\/2025\/04\/Kyrie_Missa_Notre_Dame_Guillaume_de_Machaut_Stereo_40s-7.wav\"><\/audio><figcaption class=\"wp-element-caption\">Sistema de Aquisi\u00e7\u00e3o na posi\u00e7\u00e3o E2; T<sub>30, wide<\/sub> = 2.61 s<\/figcaption><\/figure>\n\n\n\n<h6 class=\"wp-block-heading has-custom-color-1-color has-text-color has-link-color wp-elements-ee7412d73cf813a98ed7e6f4bd41f78f\">\u201cKyrie_Missa_Notre_Dame_Guillame_de_Machaut\u201d -&gt; Processado em Binaural (usar headphones)<\/h6>\n\n\n\n<figure class=\"wp-block-audio\"><audio controls src=\"https:\/\/reverbdata.ipl.pt\/wp-content\/uploads\/2025\/04\/Kyrie_Missa_Notre_Dame_Guillaume_de_Machaut_Binaural_40s-7.wav\"><\/audio><figcaption class=\"wp-element-caption\">Sistema de Aquisi\u00e7\u00e3o na posi\u00e7\u00e3o E2; T<sub>30, wide<\/sub> = 2.61 s<\/figcaption><\/figure>\n<\/div>\n\n\n\n<div class=\"wp-block-group has-global-padding is-layout-constrained wp-block-group-is-layout-constrained\">\n<div style=\"height:40px\" aria-hidden=\"true\" class=\"wp-block-spacer\"><\/div>\n\n\n\n<div class=\"wp-block-group has-custom-color-1-background-color has-background has-global-padding is-layout-constrained wp-container-core-group-is-layout-e8732830 wp-block-group-is-layout-constrained\" style=\"min-height:0px;margin-top:0;margin-bottom:0;padding-right:5rem;padding-left:5rem\">\n<h3 class=\"wp-block-heading has-text-align-center has-base-color has-text-color has-link-color wp-elements-bdebf145cae9fa4460087a537381715d\" style=\"padding-top:0;padding-right:0;padding-bottom:0;padding-left:0\">Ficheiros de Resposta ao Impulso do Espa\u00e7o<\/h3>\n\n\n\n<div class=\"wp-block-buttons alignwide is-horizontal is-content-justification-center is-layout-flex wp-container-core-buttons-is-layout-967d4589 wp-block-buttons-is-layout-flex\" style=\"margin-top:var(--wp--preset--spacing--40);margin-bottom:0\">\n<div class=\"wp-block-button is-style-fill\"><a class=\"wp-block-button__link has-section-bg-color has-heading-background-color has-text-color has-background has-link-color has-text-align-center wp-element-button\" href=\"https:\/\/iplx-my.sharepoint.com\/:f:\/g\/personal\/reverbdata_esml_ipl_pt\/EpjROmYzBHdJkDyI9A_2th4BM_yzbtLEbXxbRPFCgz6MDQ?e=GHRsII\" style=\"border-style:none;border-width:0px\"><strong>Download<\/strong><\/a><\/div>\n<\/div>\n<\/div>\n\n\n\n<div class=\"wp-block-buttons is-content-justification-right is-layout-flex wp-container-core-buttons-is-layout-d445cf74 wp-block-buttons-is-layout-flex\">\n<div class=\"wp-block-button is-style-fill\"><a class=\"wp-block-button__link has-heading-color has-white-background-color has-text-color has-background has-link-color wp-element-button\" href=\"https:\/\/reverbdata.ipl.pt\/pt\/\">Voltar \u00e0 Pagina Inicial<\/a><\/div>\n<\/div>\n<\/div>","protected":false},"excerpt":{"rendered":"<p>St. Dominic Convent Church has a rectangular shaped floor measuring 12.5 m&nbsp;x 35.0 m and a considerable large height of ca. 15.0 m. The space has a large window that opens onto the inner cloister, the floor is slightly inclined towards the altar. Measurement points and source location The St Dominic Convent Church&#8217;s plan shows [&hellip;]<\/p>\n","protected":false},"author":4,"featured_media":29,"parent":514,"menu_order":0,"comment_status":"closed","ping_status":"closed","template":"","meta":{"footnotes":""},"class_list":["post-265","page","type-page","status-publish","has-post-thumbnail","hentry"],"featured_image_src":"https:\/\/reverbdata.ipl.pt\/wp-content\/uploads\/2024\/07\/St-Dominic-Convent-Church.png","_links":{"self":[{"href":"https:\/\/reverbdata.ipl.pt\/pt\/wp-json\/wp\/v2\/pages\/265","targetHints":{"allow":["GET"]}}],"collection":[{"href":"https:\/\/reverbdata.ipl.pt\/pt\/wp-json\/wp\/v2\/pages"}],"about":[{"href":"https:\/\/reverbdata.ipl.pt\/pt\/wp-json\/wp\/v2\/types\/page"}],"author":[{"embeddable":true,"href":"https:\/\/reverbdata.ipl.pt\/pt\/wp-json\/wp\/v2\/users\/4"}],"replies":[{"embeddable":true,"href":"https:\/\/reverbdata.ipl.pt\/pt\/wp-json\/wp\/v2\/comments?post=265"}],"version-history":[{"count":17,"href":"https:\/\/reverbdata.ipl.pt\/pt\/wp-json\/wp\/v2\/pages\/265\/revisions"}],"predecessor-version":[{"id":1693,"href":"https:\/\/reverbdata.ipl.pt\/pt\/wp-json\/wp\/v2\/pages\/265\/revisions\/1693"}],"up":[{"embeddable":true,"href":"https:\/\/reverbdata.ipl.pt\/pt\/wp-json\/wp\/v2\/pages\/514"}],"wp:featuredmedia":[{"embeddable":true,"href":"https:\/\/reverbdata.ipl.pt\/pt\/wp-json\/wp\/v2\/media\/29"}],"wp:attachment":[{"href":"https:\/\/reverbdata.ipl.pt\/pt\/wp-json\/wp\/v2\/media?parent=265"}],"curies":[{"name":"wp","href":"https:\/\/api.w.org\/{rel}","templated":true}]}}

<div class="wp-block-group has-global-padding is-layout-constrained wp-block-group-is-layout-constrained">
<div class="wp-block-group has-global-padding is-layout-constrained wp-block-group-is-layout-constrained">
<div class="wp-block-columns is-layout-flex wp-container-core-columns-is-layout-0f3590de wp-block-columns-is-layout-flex">
<div class="wp-block-column is-layout-flow wp-block-column-is-layout-flow" style="flex-basis:50%"><h3 class="has-link-color wp-elements-d2e51c92208a6a2a5b724660ce272c42 wp-block-post-title has-text-color has-custom-color-1-color">Igreja do Convento de S. Domingos</h3>


<figure class="wp-block-image size-full"><img loading="lazy" decoding="async" width="2560" height="1920" src="https://reverbdata.ipl.pt/wp-content/uploads/2024/07/St-Dominic-Convent-Church-scaled.jpg" alt="" class="wp-image-398" srcset="https://reverbdata.ipl.pt/wp-content/uploads/2024/07/St-Dominic-Convent-Church-scaled.jpg 2560w, https://reverbdata.ipl.pt/wp-content/uploads/2024/07/St-Dominic-Convent-Church-300x225.jpg 300w, https://reverbdata.ipl.pt/wp-content/uploads/2024/07/St-Dominic-Convent-Church-1024x768.jpg 1024w, https://reverbdata.ipl.pt/wp-content/uploads/2024/07/St-Dominic-Convent-Church-768x576.jpg 768w, https://reverbdata.ipl.pt/wp-content/uploads/2024/07/St-Dominic-Convent-Church-1536x1152.jpg 1536w, https://reverbdata.ipl.pt/wp-content/uploads/2024/07/St-Dominic-Convent-Church-2048x1536.jpg 2048w, https://reverbdata.ipl.pt/wp-content/uploads/2024/07/St-Dominic-Convent-Church-200x150.jpg 200w" sizes="auto, (max-width: 2560px) 100vw, 2560px" /></figure>



<p class="justify-text has-body-text-color has-text-color has-link-color wp-elements-2f856dd380da9e8e459425de13e290b3">A Igreja do Convento de São Domingos tem um pavimento retangular com 12,5 m x 35 m e uma altura considerável de 15 m. O espaço possui uma grande janela que se abre para o claustro interior e o chão é ligeiramente inclinado para o altar.</p>
</div>



<div class="wp-block-column is-layout-flow wp-block-column-is-layout-flow" style="padding-top:3rem;flex-basis:50%">
<h5 class="wp-block-heading has-text-align-left has-custom-color-1-color has-text-color has-link-color wp-elements-74cf0948a3128ab9f4ecf1f8834f4295">Pontos de medição e localização da fonte acústica</h5>



<p class="justify-text has-body-text-color has-text-color has-link-color wp-elements-c740d527a3a01b1ac3861bd0268013b8">A planta da Igreja do Convento de São Domingos mostra os 8 pontos de aquisição espalhados pelo público e a localização da fonte acústica perto do altar.</p>



<figure class="wp-block-image alignwide size-full"><img loading="lazy" decoding="async" width="5100" height="9000" src="https://reverbdata.ipl.pt/wp-content/uploads/2024/09/St-Dominic-Convent-Church_plan_final.png" alt="" class="wp-image-1022" srcset="https://reverbdata.ipl.pt/wp-content/uploads/2024/09/St-Dominic-Convent-Church_plan_final.png 5100w, https://reverbdata.ipl.pt/wp-content/uploads/2024/09/St-Dominic-Convent-Church_plan_final-170x300.png 170w, https://reverbdata.ipl.pt/wp-content/uploads/2024/09/St-Dominic-Convent-Church_plan_final-580x1024.png 580w, https://reverbdata.ipl.pt/wp-content/uploads/2024/09/St-Dominic-Convent-Church_plan_final-768x1355.png 768w, https://reverbdata.ipl.pt/wp-content/uploads/2024/09/St-Dominic-Convent-Church_plan_final-870x1536.png 870w, https://reverbdata.ipl.pt/wp-content/uploads/2024/09/St-Dominic-Convent-Church_plan_final-1161x2048.png 1161w, https://reverbdata.ipl.pt/wp-content/uploads/2024/09/St-Dominic-Convent-Church_plan_final-7x12.png 7w, https://reverbdata.ipl.pt/wp-content/uploads/2024/09/St-Dominic-Convent-Church_plan_final-200x353.png 200w" sizes="auto, (max-width: 5100px) 100vw, 5100px" /></figure>
</div>
</div>



<div style="height:10px" aria-hidden="true" class="wp-block-spacer"></div>
</div>



<h3 class="wp-block-heading has-custom-color-1-color has-text-color has-link-color wp-elements-01bca5ce57de3daa64864e37b5fec474">Ficheiros de Áudio de Demonstração</h3>



<h6 class="wp-block-heading has-custom-color-1-color has-text-color has-link-color wp-elements-5d0b8381b06338b31183daec91eb03ed">"Discurso masculino e feminino" -&gt; Original</h6>



<figure class="wp-block-audio"><audio controls src="https://reverbdata.ipl.pt/wp-content/uploads/2025/05/Male_and_Female_speech_40s.wav"></audio></figure>



<h6 class="wp-block-heading has-custom-color-1-color has-text-color has-link-color wp-elements-05d1ab4ec7b116d35a88f5889981f89b">"Discurso masculino e feminino" -&gt; Processado em Estéreo</h6>



<figure class="wp-block-audio"><audio controls src="https://reverbdata.ipl.pt/wp-content/uploads/2025/04/Male_and_Female_speech_Stereo_40s-13.wav"></audio><figcaption class="wp-element-caption">Sistema de Aquisição na posição E2; T<sub>30, wide</sub> = 2.61 s</figcaption></figure>



<h6 class="wp-block-heading has-custom-color-1-color has-text-color has-link-color wp-elements-cefd33f3fd0d3ace7f548d7653c7219d">"Discurso masculino e feminino" -&gt; Processado em Binaural (usar headphones)</h6>



<figure class="wp-block-audio"><audio controls src="https://reverbdata.ipl.pt/wp-content/uploads/2025/04/Male_and_Female_speech_Binaural_40s-13.wav"></audio><figcaption class="wp-element-caption">Sistema de Aquisição na posição E2; T<sub>30, wide</sub> = 2.61 s</figcaption></figure>



<h6 class="wp-block-heading has-custom-color-1-color has-text-color has-link-color wp-elements-8b021da4f6891343264ec4075f892193">“Guitar_Capriccio_Arabe_Tarrega” -&gt; Original</h6>



<figure class="wp-block-audio"><audio controls src="https://reverbdata.ipl.pt/wp-content/uploads/2025/05/Guitar_Capriccio_Arabe_Tarrega_40s.wav"></audio></figure>



<h6 class="wp-block-heading has-custom-color-1-color has-text-color has-link-color wp-elements-da811de222d07d25a08b3306dca9165a">“Guitar_Capriccio_Arabe_Tarrega” -&gt; Processado em Estéreo</h6>



<figure class="wp-block-audio"><audio controls src="https://reverbdata.ipl.pt/wp-content/uploads/2025/04/Guitar_Capriccio_Arabe_Tarrega_Stereo_40s-12.wav"></audio><figcaption class="wp-element-caption">Sistema de Aquisição na posição E2; T<sub>30, wide</sub> = 2.61 s</figcaption></figure>



<h6 class="wp-block-heading has-custom-color-1-color has-text-color has-link-color wp-elements-3e4b1e9003c333e6a9be23ad9cfcf89e">“Guitar_Capriccio_Arabe_Tarrega” -&gt; Processado em Binaural (usar headphones)</h6>



<figure class="wp-block-audio"><audio controls src="https://reverbdata.ipl.pt/wp-content/uploads/2025/04/Guitar_Capriccio_Arabe_Tarrega_Binaural_40s-13.wav"></audio><figcaption class="wp-element-caption">Sistema de Aquisição na posição E2; T<sub>30, wide</sub> = 2.61 s</figcaption></figure>



<h6 class="wp-block-heading has-custom-color-1-color has-text-color has-link-color wp-elements-5e3ef03a3904366221432726cf86b293">“Kyrie_Missa_Notre_Dame_Guillame_de_Machaut” -&gt; Original</h6>



<figure class="wp-block-audio"><audio controls src="https://reverbdata.ipl.pt/wp-content/uploads/2025/05/Kyrie_Missa_Notre_Dame_Guillame_de_Machaut_40s.wav"></audio></figure>



<h6 class="wp-block-heading has-custom-color-1-color has-text-color has-link-color wp-elements-c8ec8eb0b94e1c4a27ce45cb43d2255f">“Kyrie_Missa_Notre_Dame_Guillame_de_Machaut” -&gt; Processado em Estéreo</h6>



<figure class="wp-block-audio"><audio controls src="https://reverbdata.ipl.pt/wp-content/uploads/2025/04/Kyrie_Missa_Notre_Dame_Guillaume_de_Machaut_Stereo_40s-7.wav"></audio><figcaption class="wp-element-caption">Sistema de Aquisição na posição E2; T<sub>30, wide</sub> = 2.61 s</figcaption></figure>



<h6 class="wp-block-heading has-custom-color-1-color has-text-color has-link-color wp-elements-ee7412d73cf813a98ed7e6f4bd41f78f">“Kyrie_Missa_Notre_Dame_Guillame_de_Machaut” -&gt; Processado em Binaural (usar headphones)</h6>



<figure class="wp-block-audio"><audio controls src="https://reverbdata.ipl.pt/wp-content/uploads/2025/04/Kyrie_Missa_Notre_Dame_Guillaume_de_Machaut_Binaural_40s-7.wav"></audio><figcaption class="wp-element-caption">Sistema de Aquisição na posição E2; T<sub>30, wide</sub> = 2.61 s</figcaption></figure>
</div>



<div class="wp-block-group has-global-padding is-layout-constrained wp-block-group-is-layout-constrained">
<div style="height:40px" aria-hidden="true" class="wp-block-spacer"></div>



<div class="wp-block-group has-custom-color-1-background-color has-background has-global-padding is-layout-constrained wp-container-core-group-is-layout-e8732830 wp-block-group-is-layout-constrained" style="min-height:0px;margin-top:0;margin-bottom:0;padding-right:5rem;padding-left:5rem">
<h3 class="wp-block-heading has-text-align-center has-base-color has-text-color has-link-color wp-elements-bdebf145cae9fa4460087a537381715d" style="padding-top:0;padding-right:0;padding-bottom:0;padding-left:0">Ficheiros de Resposta ao Impulso do Espaço</h3>



<div class="wp-block-buttons alignwide is-horizontal is-content-justification-center is-layout-flex wp-container-core-buttons-is-layout-967d4589 wp-block-buttons-is-layout-flex" style="margin-top:var(--wp--preset--spacing--40);margin-bottom:0">
<div class="wp-block-button is-style-fill"><a class="wp-block-button__link has-section-bg-color has-heading-background-color has-text-color has-background has-link-color has-text-align-center wp-element-button" href="https://iplx-my.sharepoint.com/:f:/g/personal/reverbdata_esml_ipl_pt/EpjROmYzBHdJkDyI9A_2th4BM_yzbtLEbXxbRPFCgz6MDQ?e=GHRsII" style="border-style:none;border-width:0px"><strong>Download</strong></a></div>
</div>
</div>



<div class="wp-block-buttons is-content-justification-right is-layout-flex wp-container-core-buttons-is-layout-d445cf74 wp-block-buttons-is-layout-flex">
<div class="wp-block-button is-style-fill"><a class="wp-block-button__link has-heading-color has-white-background-color has-text-color has-background has-link-color wp-element-button" href="https://reverbdata.ipl.pt/pt/">Voltar à Pagina Inicial</a></div>
</div>
</div>
