{"id":269,"date":"2024-07-21T16:37:25","date_gmt":"2024-07-21T16:37:25","guid":{"rendered":"https:\/\/reverbdata.ipl.pt\/?page_id=269"},"modified":"2025-03-31T13:17:48","modified_gmt":"2025-03-31T13:17:48","slug":"cartuxa-monastery-church","status":"publish","type":"page","link":"https:\/\/reverbdata.ipl.pt\/pt\/reverbdata\/cartuxa-monastery-church\/","title":{"rendered":"Igreja do Mosteiro da Cartuxa"},"content":{"rendered":"<div class=\"wp-block-group has-global-padding is-layout-constrained wp-container-core-group-is-layout-1746d7f9 wp-block-group-is-layout-constrained\" style=\"min-height:0px;padding-top:0;padding-right:0;padding-bottom:0;padding-left:0\">\n<div class=\"wp-block-group has-global-padding is-layout-constrained wp-container-core-group-is-layout-67eb8b2f wp-block-group-is-layout-constrained\" style=\"min-height:0px;margin-top:0;margin-bottom:0;padding-right:0;padding-left:0\">\n<div class=\"wp-block-columns is-layout-flex wp-container-core-columns-is-layout-e7da8a79 wp-block-columns-is-layout-flex\" style=\"border-style:none;border-width:0px;padding-right:0;padding-left:0\">\n<div class=\"wp-block-column has-global-padding is-layout-constrained wp-block-column-is-layout-constrained\" style=\"flex-basis:50%\"><h3 class=\"has-link-color wp-elements-d2e51c92208a6a2a5b724660ce272c42 wp-block-post-title has-text-color has-custom-color-1-color\">Igreja do Mosteiro da Cartuxa<\/h3>\n\n\n<figure class=\"wp-block-image size-full\"><img loading=\"lazy\" decoding=\"async\" width=\"761\" height=\"508\" src=\"https:\/\/reverbdata.ipl.pt\/wp-content\/uploads\/2024\/07\/Cartuxa-Church.png\" alt=\"\" class=\"wp-image-30\" srcset=\"https:\/\/reverbdata.ipl.pt\/wp-content\/uploads\/2024\/07\/Cartuxa-Church.png 761w, https:\/\/reverbdata.ipl.pt\/wp-content\/uploads\/2024\/07\/Cartuxa-Church-300x200.png 300w\" sizes=\"auto, (max-width: 761px) 100vw, 761px\" \/><\/figure>\n\n\n\n<p class=\"justify-text has-body-text-color has-text-color has-link-color wp-elements-702de5088a75733f409ec9601959d53a\">A Igreja do Mosteiro Santa Maria Vallis Misericordiae \u00e9 constitu\u00edda por uma nave com 33,72 metros  de  comprimento  por  8,85  metros  de  largura  e  15,19  metros  de  altura  (medidas interiores), e rematada por uma ab\u00f3bada de arco de volta perfeita. As paredes da nave s\u00e3o em  alvenaria  com  cerca  de  2  metros  de  espessura  constantes  ao  longo  da  sua  altura, ebocadas com um fingido que imita a estereotomia da cantaria, e decoradas com dois frisos em cantaria que limitam o espa\u00e7o das janelas. A  ilumina\u00e7\u00e3o  natural  do  interior  da  Igreja  surge  atrav\u00e9s  de  janelas  superiores:  uma  na fachada principal da Igreja, sete nas paredes laterais da nave (quatro a nascente e tr\u00eas a poente) e uma na Capela-mor, (embora existam dois v\u00e3os de janelas na Capela-mor, a do lado este \u00e9 falsa). A Capela-mor, ou abside, eleva-se em rela\u00e7\u00e3o \u00e0 nave e encontra-se diferenciada por um arco de volta perfeita e pilastras duplas de capitel cor\u00edntio.<\/p>\n<\/div>\n\n\n\n<div class=\"wp-block-column has-global-padding is-layout-constrained wp-block-column-is-layout-constrained\" style=\"padding-top:3rem;padding-bottom:0;flex-basis:60%\">\n<h5 class=\"wp-block-heading has-text-align-left has-custom-color-1-color has-text-color has-link-color wp-elements-0af1a90c92a9bc15e815f0249dc07532\" style=\"padding-top:0rem;padding-bottom:0rem\">Pontos de medi\u00e7\u00e3o e localiza\u00e7\u00e3o da fonte ac\u00fastica<\/h5>\n\n\n\n<p class=\"justify-text has-body-text-color has-text-color has-link-color wp-elements-216dbaeaba970eb0b304ab108af6d169\">A planta da Igreja do Mosteiro da Cartuxa apresenta os 7 pontos de aquisi\u00e7\u00e3o espalhados pela audi\u00eancia e a localiza\u00e7\u00e3o da fonte ac\u00fastica junto ao altar e no coro alto.<\/p>\n\n\n\n<figure class=\"wp-block-image alignwide size-full\"><img loading=\"lazy\" decoding=\"async\" width=\"4137\" height=\"6300\" src=\"https:\/\/reverbdata.ipl.pt\/wp-content\/uploads\/2024\/10\/Cartuxa_altar3b.png\" alt=\"\" class=\"wp-image-1133\" srcset=\"https:\/\/reverbdata.ipl.pt\/wp-content\/uploads\/2024\/10\/Cartuxa_altar3b.png 4137w, https:\/\/reverbdata.ipl.pt\/wp-content\/uploads\/2024\/10\/Cartuxa_altar3b-197x300.png 197w, https:\/\/reverbdata.ipl.pt\/wp-content\/uploads\/2024\/10\/Cartuxa_altar3b-672x1024.png 672w, https:\/\/reverbdata.ipl.pt\/wp-content\/uploads\/2024\/10\/Cartuxa_altar3b-768x1170.png 768w, https:\/\/reverbdata.ipl.pt\/wp-content\/uploads\/2024\/10\/Cartuxa_altar3b-1009x1536.png 1009w, https:\/\/reverbdata.ipl.pt\/wp-content\/uploads\/2024\/10\/Cartuxa_altar3b-1345x2048.png 1345w, https:\/\/reverbdata.ipl.pt\/wp-content\/uploads\/2024\/10\/Cartuxa_altar3b-8x12.png 8w, https:\/\/reverbdata.ipl.pt\/wp-content\/uploads\/2024\/10\/Cartuxa_altar3b-200x305.png 200w\" sizes=\"auto, (max-width: 4137px) 100vw, 4137px\" \/><\/figure>\n<\/div>\n<\/div>\n<\/div>\n\n\n\n<div class=\"wp-block-group has-global-padding is-layout-constrained wp-block-group-is-layout-constrained\">\n<div style=\"height:10px\" aria-hidden=\"true\" class=\"wp-block-spacer\"><\/div>\n\n\n\n<h3 class=\"wp-block-heading has-custom-color-1-color has-text-color has-link-color wp-elements-01bca5ce57de3daa64864e37b5fec474\">Ficheiros de \u00c1udio de Demonstra\u00e7\u00e3o<\/h3>\n\n\n\n<h6 class=\"wp-block-heading has-custom-color-1-color has-text-color has-link-color wp-elements-5d0b8381b06338b31183daec91eb03ed\">\"Discurso masculino e feminino\" -&gt; Original<\/h6>\n\n\n\n<figure class=\"wp-block-audio\"><audio controls src=\"https:\/\/reverbdata.ipl.pt\/wp-content\/uploads\/2025\/03\/Male_and_Female_speech_40s.wav\"><\/audio><\/figure>\n\n\n\n<h6 class=\"wp-block-heading has-custom-color-1-color has-text-color has-link-color wp-elements-80505ec05fcab08737b30cdef42b6a7e\">\"Discurso masculino e feminino\" -&gt; Processado em Est\u00e9reo<\/h6>\n\n\n\n<figure class=\"wp-block-audio\"><audio controls src=\"https:\/\/reverbdata.ipl.pt\/wp-content\/uploads\/2025\/03\/Male_and_Female_speech_Stereo_40s.wav\"><\/audio><figcaption class=\"wp-element-caption\">Fonte Ac\u00fastica no Coro Alto e sistema de aquisi\u00e7\u00e3o na posi\u00e7\u00e3o 7; T<sub>30, wide<\/sub> = 2.85 s<\/figcaption><\/figure>\n\n\n\n<h6 class=\"wp-block-heading has-custom-color-1-color has-text-color has-link-color wp-elements-38add5d4e3ba7495cf5b907e61d1b2c2\">\"Discurso masculino e feminino\" -&gt; Processado em Binaural (usar headphones)<\/h6>\n\n\n\n<figure class=\"wp-block-audio\"><audio controls src=\"https:\/\/reverbdata.ipl.pt\/wp-content\/uploads\/2025\/03\/Male_and_Female_speech_Binaural_40s.wav\"><\/audio><figcaption class=\"wp-element-caption\">Fonte Ac\u00fastica no Coro Alto e sistema de aquisi\u00e7\u00e3o na posi\u00e7\u00e3o 7; T<sub>30, wide<\/sub> = 2.85 s<\/figcaption><\/figure>\n\n\n\n<h6 class=\"wp-block-heading has-custom-color-1-color has-text-color has-link-color wp-elements-8b021da4f6891343264ec4075f892193\">\u201cGuitar_Capriccio_Arabe_Tarrega\u201d -&gt; Original<\/h6>\n\n\n\n<figure class=\"wp-block-audio\"><audio controls src=\"https:\/\/reverbdata.ipl.pt\/wp-content\/uploads\/2025\/03\/Guitar_Capriccio_Arabe_Tarrega_40s.wav\"><\/audio><figcaption class=\"wp-element-caption\">Fonte Ac\u00fastica no Coro Alto e sistema de aquisi\u00e7\u00e3o na posi\u00e7\u00e3o 7; T<sub>30, wide<\/sub> = 2.85 s<\/figcaption><\/figure>\n\n\n\n<h6 class=\"wp-block-heading has-custom-color-1-color has-text-color has-link-color wp-elements-da811de222d07d25a08b3306dca9165a\">\u201cGuitar_Capriccio_Arabe_Tarrega\u201d -&gt; Processado em Est\u00e9reo<\/h6>\n\n\n\n<figure class=\"wp-block-audio\"><audio controls src=\"https:\/\/reverbdata.ipl.pt\/wp-content\/uploads\/2025\/03\/Guitar_Capriccio_Arabe_Tarrega_Stereo_40s.wav\"><\/audio><figcaption class=\"wp-element-caption\">Fonte Ac\u00fastica no Coro Alto e sistema de aquisi\u00e7\u00e3o na posi\u00e7\u00e3o 7; T<sub>30, wide<\/sub> = 2.85 s<\/figcaption><\/figure>\n\n\n\n<h6 class=\"wp-block-heading has-custom-color-1-color has-text-color has-link-color wp-elements-3e4b1e9003c333e6a9be23ad9cfcf89e\">\u201cGuitar_Capriccio_Arabe_Tarrega\u201d -&gt; Processado em Binaural (usar headphones)<\/h6>\n\n\n\n<figure class=\"wp-block-audio\"><audio controls src=\"https:\/\/reverbdata.ipl.pt\/wp-content\/uploads\/2025\/03\/Guitar_Capriccio_Arabe_Tarrega_Binaural_40s.wav\"><\/audio><figcaption class=\"wp-element-caption\">Fonte Ac\u00fastica no Coro Alto e sistema de aquisi\u00e7\u00e3o na posi\u00e7\u00e3o 7; T<sub>30, wide<\/sub> = 2.85 s<\/figcaption><\/figure>\n\n\n\n<h6 class=\"wp-block-heading has-custom-color-1-color has-text-color has-link-color wp-elements-5e3ef03a3904366221432726cf86b293\">\u201cKyrie_Missa_Notre_Dame_Guillame_de_Machaut\u201d -&gt; Original<\/h6>\n\n\n\n<figure class=\"wp-block-audio\"><audio controls src=\"https:\/\/reverbdata.ipl.pt\/wp-content\/uploads\/2025\/03\/Kyrie_Missa_Notre_Dame_Guillaume_de_Machaut_40s.wav\"><\/audio><\/figure>\n\n\n\n<h6 class=\"wp-block-heading has-custom-color-1-color has-text-color has-link-color wp-elements-c8ec8eb0b94e1c4a27ce45cb43d2255f\">\u201cKyrie_Missa_Notre_Dame_Guillame_de_Machaut\u201d -&gt; Processado em Est\u00e9reo<\/h6>\n\n\n\n<figure class=\"wp-block-audio\"><audio controls src=\"https:\/\/reverbdata.ipl.pt\/wp-content\/uploads\/2025\/03\/Kyrie_Missa_Notre_Dame_Guillaume_de_Machaut_Stereo_40s.wav\"><\/audio><figcaption class=\"wp-element-caption\">Fonte Ac\u00fastica no Coro Alto e sistema de aquisi\u00e7\u00e3o na posi\u00e7\u00e3o 7; T<sub>30, wide<\/sub> = 2.85 s<\/figcaption><\/figure>\n\n\n\n<h6 class=\"wp-block-heading has-custom-color-1-color has-text-color has-link-color wp-elements-ee7412d73cf813a98ed7e6f4bd41f78f\">\u201cKyrie_Missa_Notre_Dame_Guillame_de_Machaut\u201d -&gt; Processado em Binaural (usar headphones)<\/h6>\n\n\n\n<figure class=\"wp-block-audio\"><audio controls src=\"https:\/\/reverbdata.ipl.pt\/wp-content\/uploads\/2025\/03\/Kyrie_Missa_Notre_Dame_Guillaume_de_Machaut_Binaural_40s.wav\"><\/audio><figcaption class=\"wp-element-caption\">Fonte Ac\u00fastica no Coro Alto e sistema de aquisi\u00e7\u00e3o na posi\u00e7\u00e3o 7; T<sub>30, wide<\/sub> = 2.85 s<\/figcaption><\/figure>\n\n\n\n<div style=\"height:30px\" aria-hidden=\"true\" class=\"wp-block-spacer\"><\/div>\n\n\n\n<div class=\"wp-block-group has-custom-color-1-background-color has-background has-global-padding is-layout-constrained wp-container-core-group-is-layout-e8732830 wp-block-group-is-layout-constrained\" style=\"min-height:0px;margin-top:0;margin-bottom:0;padding-right:5rem;padding-left:5rem\">\n<h3 class=\"wp-block-heading has-text-align-center has-base-color has-text-color has-link-color wp-elements-bdebf145cae9fa4460087a537381715d\" style=\"padding-top:0;padding-right:0;padding-bottom:0;padding-left:0\">Ficheiros de Resposta ao Impulso do Espa\u00e7o<\/h3>\n\n\n\n<div class=\"wp-block-buttons alignwide is-horizontal is-content-justification-center is-layout-flex wp-container-core-buttons-is-layout-967d4589 wp-block-buttons-is-layout-flex\" style=\"margin-top:var(--wp--preset--spacing--40);margin-bottom:0\">\n<div class=\"wp-block-button is-style-fill\"><a class=\"wp-block-button__link has-section-bg-color has-heading-background-color has-text-color has-background has-link-color has-text-align-center wp-element-button\" href=\"https:\/\/iplx-my.sharepoint.com\/:f:\/g\/personal\/reverbdata_esml_ipl_pt\/EurmpS7yqfdJoFltq-4eTrsBtX_3Vh7yXD-qHsIFC0BWaQ?e=d8wQZx\" style=\"border-style:none;border-width:0px\"><strong>Download<\/strong><\/a><\/div>\n<\/div>\n<\/div>\n\n\n\n<div class=\"wp-block-buttons is-content-justification-right is-layout-flex wp-container-core-buttons-is-layout-d445cf74 wp-block-buttons-is-layout-flex\">\n<div class=\"wp-block-button is-style-fill\"><a class=\"wp-block-button__link has-heading-color has-white-background-color has-text-color has-background has-link-color wp-element-button\" href=\"https:\/\/reverbdata.ipl.pt\/pt\/\">Voltar \u00e0 Pagina Inicial<\/a><\/div>\n<\/div>\n<\/div>\n<\/div>","protected":false},"excerpt":{"rendered":"<p>The Church of the Santa Maria Vallis Misericordiae Monastery is made up of a nave measuring 33.72 meters long by 8.85 meters wide and 15.19 meters high (internal measurements), and topped by a round arch vault. The walls of the nave are made of masonry, approximately 2 meters thick, constant throughout its height, outlined with [&hellip;]<\/p>\n","protected":false},"author":4,"featured_media":30,"parent":514,"menu_order":0,"comment_status":"closed","ping_status":"closed","template":"","meta":{"footnotes":""},"class_list":["post-269","page","type-page","status-publish","has-post-thumbnail","hentry"],"featured_image_src":"https:\/\/reverbdata.ipl.pt\/wp-content\/uploads\/2024\/07\/Cartuxa-Church.png","_links":{"self":[{"href":"https:\/\/reverbdata.ipl.pt\/pt\/wp-json\/wp\/v2\/pages\/269","targetHints":{"allow":["GET"]}}],"collection":[{"href":"https:\/\/reverbdata.ipl.pt\/pt\/wp-json\/wp\/v2\/pages"}],"about":[{"href":"https:\/\/reverbdata.ipl.pt\/pt\/wp-json\/wp\/v2\/types\/page"}],"author":[{"embeddable":true,"href":"https:\/\/reverbdata.ipl.pt\/pt\/wp-json\/wp\/v2\/users\/4"}],"replies":[{"embeddable":true,"href":"https:\/\/reverbdata.ipl.pt\/pt\/wp-json\/wp\/v2\/comments?post=269"}],"version-history":[{"count":57,"href":"https:\/\/reverbdata.ipl.pt\/pt\/wp-json\/wp\/v2\/pages\/269\/revisions"}],"predecessor-version":[{"id":1451,"href":"https:\/\/reverbdata.ipl.pt\/pt\/wp-json\/wp\/v2\/pages\/269\/revisions\/1451"}],"up":[{"embeddable":true,"href":"https:\/\/reverbdata.ipl.pt\/pt\/wp-json\/wp\/v2\/pages\/514"}],"wp:featuredmedia":[{"embeddable":true,"href":"https:\/\/reverbdata.ipl.pt\/pt\/wp-json\/wp\/v2\/media\/30"}],"wp:attachment":[{"href":"https:\/\/reverbdata.ipl.pt\/pt\/wp-json\/wp\/v2\/media?parent=269"}],"curies":[{"name":"wp","href":"https:\/\/api.w.org\/{rel}","templated":true}]}}

<div class="wp-block-group has-global-padding is-layout-constrained wp-container-core-group-is-layout-1746d7f9 wp-block-group-is-layout-constrained" style="min-height:0px;padding-top:0;padding-right:0;padding-bottom:0;padding-left:0">
<div class="wp-block-group has-global-padding is-layout-constrained wp-container-core-group-is-layout-67eb8b2f wp-block-group-is-layout-constrained" style="min-height:0px;margin-top:0;margin-bottom:0;padding-right:0;padding-left:0">
<div class="wp-block-columns is-layout-flex wp-container-core-columns-is-layout-e7da8a79 wp-block-columns-is-layout-flex" style="border-style:none;border-width:0px;padding-right:0;padding-left:0">
<div class="wp-block-column has-global-padding is-layout-constrained wp-block-column-is-layout-constrained" style="flex-basis:50%"><h3 class="has-link-color wp-elements-d2e51c92208a6a2a5b724660ce272c42 wp-block-post-title has-text-color has-custom-color-1-color">Igreja do Mosteiro da Cartuxa</h3>


<figure class="wp-block-image size-full"><img loading="lazy" decoding="async" width="761" height="508" src="https://reverbdata.ipl.pt/wp-content/uploads/2024/07/Cartuxa-Church.png" alt="" class="wp-image-30" srcset="https://reverbdata.ipl.pt/wp-content/uploads/2024/07/Cartuxa-Church.png 761w, https://reverbdata.ipl.pt/wp-content/uploads/2024/07/Cartuxa-Church-300x200.png 300w" sizes="auto, (max-width: 761px) 100vw, 761px" /></figure>



<p class="justify-text has-body-text-color has-text-color has-link-color wp-elements-702de5088a75733f409ec9601959d53a">A Igreja do Mosteiro Santa Maria Vallis Misericordiae é constituída por uma nave com 33,72 metros  de  comprimento  por  8,85  metros  de  largura  e  15,19  metros  de  altura  (medidas interiores), e rematada por uma abóbada de arco de volta perfeita. As paredes da nave são em  alvenaria  com  cerca  de  2  metros  de  espessura  constantes  ao  longo  da  sua  altura, ebocadas com um fingido que imita a estereotomia da cantaria, e decoradas com dois frisos em cantaria que limitam o espaço das janelas. A  iluminação  natural  do  interior  da  Igreja  surge  através  de  janelas  superiores:  uma  na fachada principal da Igreja, sete nas paredes laterais da nave (quatro a nascente e três a poente) e uma na Capela-mor, (embora existam dois vãos de janelas na Capela-mor, a do lado este é falsa). A Capela-mor, ou abside, eleva-se em relação à nave e encontra-se diferenciada por um arco de volta perfeita e pilastras duplas de capitel coríntio.</p>
</div>



<div class="wp-block-column has-global-padding is-layout-constrained wp-block-column-is-layout-constrained" style="padding-top:3rem;padding-bottom:0;flex-basis:60%">
<h5 class="wp-block-heading has-text-align-left has-custom-color-1-color has-text-color has-link-color wp-elements-0af1a90c92a9bc15e815f0249dc07532" style="padding-top:0rem;padding-bottom:0rem">Pontos de medição e localização da fonte acústica</h5>



<p class="justify-text has-body-text-color has-text-color has-link-color wp-elements-216dbaeaba970eb0b304ab108af6d169">A planta da Igreja do Mosteiro da Cartuxa apresenta os 7 pontos de aquisição espalhados pela audiência e a localização da fonte acústica junto ao altar e no coro alto.</p>



<figure class="wp-block-image alignwide size-full"><img loading="lazy" decoding="async" width="4137" height="6300" src="https://reverbdata.ipl.pt/wp-content/uploads/2024/10/Cartuxa_altar3b.png" alt="" class="wp-image-1133" srcset="https://reverbdata.ipl.pt/wp-content/uploads/2024/10/Cartuxa_altar3b.png 4137w, https://reverbdata.ipl.pt/wp-content/uploads/2024/10/Cartuxa_altar3b-197x300.png 197w, https://reverbdata.ipl.pt/wp-content/uploads/2024/10/Cartuxa_altar3b-672x1024.png 672w, https://reverbdata.ipl.pt/wp-content/uploads/2024/10/Cartuxa_altar3b-768x1170.png 768w, https://reverbdata.ipl.pt/wp-content/uploads/2024/10/Cartuxa_altar3b-1009x1536.png 1009w, https://reverbdata.ipl.pt/wp-content/uploads/2024/10/Cartuxa_altar3b-1345x2048.png 1345w, https://reverbdata.ipl.pt/wp-content/uploads/2024/10/Cartuxa_altar3b-8x12.png 8w, https://reverbdata.ipl.pt/wp-content/uploads/2024/10/Cartuxa_altar3b-200x305.png 200w" sizes="auto, (max-width: 4137px) 100vw, 4137px" /></figure>
</div>
</div>
</div>



<div class="wp-block-group has-global-padding is-layout-constrained wp-block-group-is-layout-constrained">
<div style="height:10px" aria-hidden="true" class="wp-block-spacer"></div>



<h3 class="wp-block-heading has-custom-color-1-color has-text-color has-link-color wp-elements-01bca5ce57de3daa64864e37b5fec474">Ficheiros de Áudio de Demonstração</h3>



<h6 class="wp-block-heading has-custom-color-1-color has-text-color has-link-color wp-elements-5d0b8381b06338b31183daec91eb03ed">"Discurso masculino e feminino" -&gt; Original</h6>



<figure class="wp-block-audio"><audio controls src="https://reverbdata.ipl.pt/wp-content/uploads/2025/03/Male_and_Female_speech_40s.wav"></audio></figure>



<h6 class="wp-block-heading has-custom-color-1-color has-text-color has-link-color wp-elements-80505ec05fcab08737b30cdef42b6a7e">"Discurso masculino e feminino" -&gt; Processado em Estéreo</h6>



<figure class="wp-block-audio"><audio controls src="https://reverbdata.ipl.pt/wp-content/uploads/2025/03/Male_and_Female_speech_Stereo_40s.wav"></audio><figcaption class="wp-element-caption">Fonte Acústica no Coro Alto e sistema de aquisição na posição 7; T<sub>30, wide</sub> = 2.85 s</figcaption></figure>



<h6 class="wp-block-heading has-custom-color-1-color has-text-color has-link-color wp-elements-38add5d4e3ba7495cf5b907e61d1b2c2">"Discurso masculino e feminino" -&gt; Processado em Binaural (usar headphones)</h6>



<figure class="wp-block-audio"><audio controls src="https://reverbdata.ipl.pt/wp-content/uploads/2025/03/Male_and_Female_speech_Binaural_40s.wav"></audio><figcaption class="wp-element-caption">Fonte Acústica no Coro Alto e sistema de aquisição na posição 7; T<sub>30, wide</sub> = 2.85 s</figcaption></figure>



<h6 class="wp-block-heading has-custom-color-1-color has-text-color has-link-color wp-elements-8b021da4f6891343264ec4075f892193">“Guitar_Capriccio_Arabe_Tarrega” -&gt; Original</h6>



<figure class="wp-block-audio"><audio controls src="https://reverbdata.ipl.pt/wp-content/uploads/2025/03/Guitar_Capriccio_Arabe_Tarrega_40s.wav"></audio><figcaption class="wp-element-caption">Fonte Acústica no Coro Alto e sistema de aquisição na posição 7; T<sub>30, wide</sub> = 2.85 s</figcaption></figure>



<h6 class="wp-block-heading has-custom-color-1-color has-text-color has-link-color wp-elements-da811de222d07d25a08b3306dca9165a">“Guitar_Capriccio_Arabe_Tarrega” -&gt; Processado em Estéreo</h6>



<figure class="wp-block-audio"><audio controls src="https://reverbdata.ipl.pt/wp-content/uploads/2025/03/Guitar_Capriccio_Arabe_Tarrega_Stereo_40s.wav"></audio><figcaption class="wp-element-caption">Fonte Acústica no Coro Alto e sistema de aquisição na posição 7; T<sub>30, wide</sub> = 2.85 s</figcaption></figure>



<h6 class="wp-block-heading has-custom-color-1-color has-text-color has-link-color wp-elements-3e4b1e9003c333e6a9be23ad9cfcf89e">“Guitar_Capriccio_Arabe_Tarrega” -&gt; Processado em Binaural (usar headphones)</h6>



<figure class="wp-block-audio"><audio controls src="https://reverbdata.ipl.pt/wp-content/uploads/2025/03/Guitar_Capriccio_Arabe_Tarrega_Binaural_40s.wav"></audio><figcaption class="wp-element-caption">Fonte Acústica no Coro Alto e sistema de aquisição na posição 7; T<sub>30, wide</sub> = 2.85 s</figcaption></figure>



<h6 class="wp-block-heading has-custom-color-1-color has-text-color has-link-color wp-elements-5e3ef03a3904366221432726cf86b293">“Kyrie_Missa_Notre_Dame_Guillame_de_Machaut” -&gt; Original</h6>



<figure class="wp-block-audio"><audio controls src="https://reverbdata.ipl.pt/wp-content/uploads/2025/03/Kyrie_Missa_Notre_Dame_Guillaume_de_Machaut_40s.wav"></audio></figure>



<h6 class="wp-block-heading has-custom-color-1-color has-text-color has-link-color wp-elements-c8ec8eb0b94e1c4a27ce45cb43d2255f">“Kyrie_Missa_Notre_Dame_Guillame_de_Machaut” -&gt; Processado em Estéreo</h6>



<figure class="wp-block-audio"><audio controls src="https://reverbdata.ipl.pt/wp-content/uploads/2025/03/Kyrie_Missa_Notre_Dame_Guillaume_de_Machaut_Stereo_40s.wav"></audio><figcaption class="wp-element-caption">Fonte Acústica no Coro Alto e sistema de aquisição na posição 7; T<sub>30, wide</sub> = 2.85 s</figcaption></figure>



<h6 class="wp-block-heading has-custom-color-1-color has-text-color has-link-color wp-elements-ee7412d73cf813a98ed7e6f4bd41f78f">“Kyrie_Missa_Notre_Dame_Guillame_de_Machaut” -&gt; Processado em Binaural (usar headphones)</h6>



<figure class="wp-block-audio"><audio controls src="https://reverbdata.ipl.pt/wp-content/uploads/2025/03/Kyrie_Missa_Notre_Dame_Guillaume_de_Machaut_Binaural_40s.wav"></audio><figcaption class="wp-element-caption">Fonte Acústica no Coro Alto e sistema de aquisição na posição 7; T<sub>30, wide</sub> = 2.85 s</figcaption></figure>



<div style="height:30px" aria-hidden="true" class="wp-block-spacer"></div>



<div class="wp-block-group has-custom-color-1-background-color has-background has-global-padding is-layout-constrained wp-container-core-group-is-layout-e8732830 wp-block-group-is-layout-constrained" style="min-height:0px;margin-top:0;margin-bottom:0;padding-right:5rem;padding-left:5rem">
<h3 class="wp-block-heading has-text-align-center has-base-color has-text-color has-link-color wp-elements-bdebf145cae9fa4460087a537381715d" style="padding-top:0;padding-right:0;padding-bottom:0;padding-left:0">Ficheiros de Resposta ao Impulso do Espaço</h3>



<div class="wp-block-buttons alignwide is-horizontal is-content-justification-center is-layout-flex wp-container-core-buttons-is-layout-967d4589 wp-block-buttons-is-layout-flex" style="margin-top:var(--wp--preset--spacing--40);margin-bottom:0">
<div class="wp-block-button is-style-fill"><a class="wp-block-button__link has-section-bg-color has-heading-background-color has-text-color has-background has-link-color has-text-align-center wp-element-button" href="https://iplx-my.sharepoint.com/:f:/g/personal/reverbdata_esml_ipl_pt/EurmpS7yqfdJoFltq-4eTrsBtX_3Vh7yXD-qHsIFC0BWaQ?e=d8wQZx" style="border-style:none;border-width:0px"><strong>Download</strong></a></div>
</div>
</div>



<div class="wp-block-buttons is-content-justification-right is-layout-flex wp-container-core-buttons-is-layout-d445cf74 wp-block-buttons-is-layout-flex">
<div class="wp-block-button is-style-fill"><a class="wp-block-button__link has-heading-color has-white-background-color has-text-color has-background has-link-color wp-element-button" href="https://reverbdata.ipl.pt/pt/">Voltar à Pagina Inicial</a></div>
</div>
</div>
</div>
