{"id":271,"date":"2024-07-21T16:38:49","date_gmt":"2024-07-21T16:38:49","guid":{"rendered":"https:\/\/reverbdata.ipl.pt\/?page_id=271"},"modified":"2025-05-29T09:15:16","modified_gmt":"2025-05-29T09:15:16","slug":"gulbenkian-hall","status":"publish","type":"page","link":"https:\/\/reverbdata.ipl.pt\/pt\/reverbdata\/gulbenkian-hall\/","title":{"rendered":"Grande Audit\u00f3rio da Gulbenkian"},"content":{"rendered":"<div class=\"wp-block-group has-global-padding is-layout-constrained wp-block-group-is-layout-constrained\">\n<div class=\"wp-block-group has-global-padding is-layout-constrained wp-block-group-is-layout-constrained\">\n<div class=\"wp-block-columns is-layout-flex wp-container-core-columns-is-layout-0f3590de wp-block-columns-is-layout-flex\">\n<div class=\"wp-block-column is-layout-flow wp-block-column-is-layout-flow\" style=\"flex-basis:50%\"><h3 class=\"has-link-color wp-elements-d2e51c92208a6a2a5b724660ce272c42 wp-block-post-title has-text-color has-custom-color-1-color\">Grande Audit\u00f3rio da Gulbenkian<\/h3>\n\n\n<figure class=\"wp-block-image size-full\"><img loading=\"lazy\" decoding=\"async\" width=\"2560\" height=\"1920\" src=\"https:\/\/reverbdata.ipl.pt\/wp-content\/uploads\/2024\/07\/Gulbenkian-Great-Hall-scaled.jpg\" alt=\"\" class=\"wp-image-396\" srcset=\"https:\/\/reverbdata.ipl.pt\/wp-content\/uploads\/2024\/07\/Gulbenkian-Great-Hall-scaled.jpg 2560w, https:\/\/reverbdata.ipl.pt\/wp-content\/uploads\/2024\/07\/Gulbenkian-Great-Hall-300x225.jpg 300w, https:\/\/reverbdata.ipl.pt\/wp-content\/uploads\/2024\/07\/Gulbenkian-Great-Hall-1024x768.jpg 1024w, https:\/\/reverbdata.ipl.pt\/wp-content\/uploads\/2024\/07\/Gulbenkian-Great-Hall-768x576.jpg 768w, https:\/\/reverbdata.ipl.pt\/wp-content\/uploads\/2024\/07\/Gulbenkian-Great-Hall-1536x1152.jpg 1536w, https:\/\/reverbdata.ipl.pt\/wp-content\/uploads\/2024\/07\/Gulbenkian-Great-Hall-2048x1536.jpg 2048w, https:\/\/reverbdata.ipl.pt\/wp-content\/uploads\/2024\/07\/Gulbenkian-Great-Hall-200x150.jpg 200w\" sizes=\"auto, (max-width: 2560px) 100vw, 2560px\" \/><\/figure>\n\n\n\n<p class=\"justify-text has-body-text-color has-text-color has-link-color wp-elements-05aac39b56647ae0c479b7b68c5a9546\">O Audit\u00f3rio Gulbenkian tem capacidade para 1203 pessoas, distribu\u00eddas por 36 filas em 3 n\u00edveis distintos: 651 lugares na 1\u00aa plateia , 416 na 2\u00aa plateia e 161 no balc\u00e3o. A sala tem uma \u00e1rea \u00fatil de 875 m2 e uma altura de 8 metros.<\/p>\n<\/div>\n\n\n\n<div class=\"wp-block-column is-layout-flow wp-block-column-is-layout-flow\" style=\"padding-top:3rem;flex-basis:50%\">\n<h5 class=\"wp-block-heading has-text-align-left has-custom-color-1-color has-text-color has-link-color wp-elements-74cf0948a3128ab9f4ecf1f8834f4295\">Pontos de medi\u00e7\u00e3o e localiza\u00e7\u00e3o da fonte ac\u00fastica<\/h5>\n\n\n\n<p class=\"justify-text has-body-text-color has-text-color has-link-color wp-elements-397faa897ebfbfb210d321950e12a9f2\">A planta do Audit\u00f3rio Gulbenkian mostra os 12 pontos de aquisi\u00e7\u00e3o espalhados pela plateia e balc\u00e3o e a localiza\u00e7\u00e3o da fonte ac\u00fastica no palco.<\/p>\n\n\n\n<figure class=\"wp-block-image alignwide size-full\"><img loading=\"lazy\" decoding=\"async\" width=\"4500\" height=\"6750\" src=\"https:\/\/reverbdata.ipl.pt\/wp-content\/uploads\/2024\/09\/Grande_Auditorio_planta_final3.png\" alt=\"\" class=\"wp-image-1054\" srcset=\"https:\/\/reverbdata.ipl.pt\/wp-content\/uploads\/2024\/09\/Grande_Auditorio_planta_final3.png 4500w, https:\/\/reverbdata.ipl.pt\/wp-content\/uploads\/2024\/09\/Grande_Auditorio_planta_final3-200x300.png 200w, https:\/\/reverbdata.ipl.pt\/wp-content\/uploads\/2024\/09\/Grande_Auditorio_planta_final3-683x1024.png 683w, https:\/\/reverbdata.ipl.pt\/wp-content\/uploads\/2024\/09\/Grande_Auditorio_planta_final3-768x1152.png 768w, https:\/\/reverbdata.ipl.pt\/wp-content\/uploads\/2024\/09\/Grande_Auditorio_planta_final3-1024x1536.png 1024w, https:\/\/reverbdata.ipl.pt\/wp-content\/uploads\/2024\/09\/Grande_Auditorio_planta_final3-1365x2048.png 1365w, https:\/\/reverbdata.ipl.pt\/wp-content\/uploads\/2024\/09\/Grande_Auditorio_planta_final3-8x12.png 8w\" sizes=\"auto, (max-width: 4500px) 100vw, 4500px\" \/><\/figure>\n<\/div>\n<\/div>\n<\/div>\n\n\n\n<h3 class=\"wp-block-heading has-custom-color-1-color has-text-color has-link-color wp-elements-01bca5ce57de3daa64864e37b5fec474\">Ficheiros de \u00c1udio de Demonstra\u00e7\u00e3o<\/h3>\n\n\n\n<h6 class=\"wp-block-heading has-custom-color-1-color has-text-color has-link-color wp-elements-5d0b8381b06338b31183daec91eb03ed\">\"Discurso masculino e feminino\" -&gt; Original<\/h6>\n\n\n\n<figure class=\"wp-block-audio\"><audio controls src=\"https:\/\/reverbdata.ipl.pt\/wp-content\/uploads\/2025\/05\/Male_and_Female_speech_40s.wav\"><\/audio><\/figure>\n\n\n\n<h6 class=\"wp-block-heading has-custom-color-1-color has-text-color has-link-color wp-elements-80505ec05fcab08737b30cdef42b6a7e\">\"Discurso masculino e feminino\" -&gt; Processado em Est\u00e9reo<\/h6>\n\n\n\n<figure class=\"wp-block-audio\"><audio controls src=\"https:\/\/reverbdata.ipl.pt\/wp-content\/uploads\/2025\/04\/Male_and_Female_speech_Stereo_40s-7.wav\"><\/audio><figcaption class=\"wp-element-caption\">Sistema de Aquisi\u00e7\u00e3o na posi\u00e7\u00e3o 3 (configura\u00e7\u00e3o para orquestra); T<sub>30, wide<\/sub> = 1.54 s<\/figcaption><\/figure>\n\n\n\n<h6 class=\"wp-block-heading has-custom-color-1-color has-text-color has-link-color wp-elements-38add5d4e3ba7495cf5b907e61d1b2c2\">\"Discurso masculino e feminino\" -&gt; Processado em Binaural (usar headphones)<\/h6>\n\n\n\n<figure class=\"wp-block-audio\"><audio controls src=\"https:\/\/reverbdata.ipl.pt\/wp-content\/uploads\/2025\/04\/Male_and_Female_speech_Binaural_40s-6.wav\"><\/audio><figcaption class=\"wp-element-caption\">Sistema de Aquisi\u00e7\u00e3o na posi\u00e7\u00e3o 3 (configura\u00e7\u00e3o para orquestra); T<sub>30, wide<\/sub> = 1.54 s<\/figcaption><\/figure>\n\n\n\n<h6 class=\"wp-block-heading has-custom-color-1-color has-text-color has-link-color wp-elements-8b021da4f6891343264ec4075f892193\">\u201cGuitar_Capriccio_Arabe_Tarrega\u201d -&gt; Original<\/h6>\n\n\n\n<figure class=\"wp-block-audio\"><audio controls src=\"https:\/\/reverbdata.ipl.pt\/wp-content\/uploads\/2025\/05\/Guitar_Capriccio_Arabe_Tarrega_40s.wav\"><\/audio><\/figure>\n\n\n\n<h6 class=\"wp-block-heading has-custom-color-1-color has-text-color has-link-color wp-elements-da811de222d07d25a08b3306dca9165a\">\u201cGuitar_Capriccio_Arabe_Tarrega\u201d -&gt; Processado em Est\u00e9reo<\/h6>\n\n\n\n<figure class=\"wp-block-audio\"><audio controls src=\"https:\/\/reverbdata.ipl.pt\/wp-content\/uploads\/2025\/04\/Guitar_Capriccio_Arabe_Tarrega_Stereo_40s-6.wav\"><\/audio><figcaption class=\"wp-element-caption\">Sistema de Aquisi\u00e7\u00e3o na posi\u00e7\u00e3o 3 (configura\u00e7\u00e3o para orquestra); T<sub>30, wide<\/sub> = 1.54 s<\/figcaption><\/figure>\n\n\n\n<h6 class=\"wp-block-heading has-custom-color-1-color has-text-color has-link-color wp-elements-3e4b1e9003c333e6a9be23ad9cfcf89e\">\u201cGuitar_Capriccio_Arabe_Tarrega\u201d -&gt; Processado em Binaural (usar headphones)<\/h6>\n\n\n\n<figure class=\"wp-block-audio\"><audio controls src=\"https:\/\/reverbdata.ipl.pt\/wp-content\/uploads\/2025\/04\/Guitar_Capriccio_Arabe_Tarrega_Binaural_40s-6.wav\"><\/audio><figcaption class=\"wp-element-caption\">Sistema de Aquisi\u00e7\u00e3o na posi\u00e7\u00e3o 3 (configura\u00e7\u00e3o para orquestra); T<sub>30, wide<\/sub> = 1.54 s<\/figcaption><\/figure>\n\n\n\n<h6 class=\"wp-block-heading has-custom-color-1-color has-text-color has-link-color wp-elements-5e3ef03a3904366221432726cf86b293\">\u201cKyrie_Missa_Notre_Dame_Guillame_de_Machaut\u201d -&gt; Original<\/h6>\n\n\n\n<figure class=\"wp-block-audio\"><audio controls src=\"https:\/\/reverbdata.ipl.pt\/wp-content\/uploads\/2025\/05\/Kyrie_Missa_Notre_Dame_Guillame_de_Machaut_40s.wav\"><\/audio><\/figure>\n\n\n\n<h6 class=\"wp-block-heading has-custom-color-1-color has-text-color has-link-color wp-elements-c8ec8eb0b94e1c4a27ce45cb43d2255f\">\u201cKyrie_Missa_Notre_Dame_Guillame_de_Machaut\u201d -&gt; Processado em Est\u00e9reo<\/h6>\n\n\n\n<figure class=\"wp-block-audio\"><audio controls src=\"https:\/\/reverbdata.ipl.pt\/wp-content\/uploads\/2025\/04\/Kyrie_Missa_Notre_Dame_Guillaume_de_Machaut_Stereo_40s-4.wav\"><\/audio><figcaption class=\"wp-element-caption\">Sistema de Aquisi\u00e7\u00e3o na posi\u00e7\u00e3o 3 (configura\u00e7\u00e3o para orquestra); T<sub>30, wide<\/sub> = 1.54 s<\/figcaption><\/figure>\n\n\n\n<h6 class=\"wp-block-heading has-custom-color-1-color has-text-color has-link-color wp-elements-ee7412d73cf813a98ed7e6f4bd41f78f\">\u201cKyrie_Missa_Notre_Dame_Guillame_de_Machaut\u201d -&gt; Processado em Binaural (usar headphones)<\/h6>\n\n\n\n<figure class=\"wp-block-audio\"><audio controls src=\"https:\/\/reverbdata.ipl.pt\/wp-content\/uploads\/2025\/04\/Kyrie_Missa_Notre_Dame_Guillaume_de_Machaut_Binaural_40s-4.wav\"><\/audio><figcaption class=\"wp-element-caption\">Sistema de Aquisi\u00e7\u00e3o na posi\u00e7\u00e3o 3 (configura\u00e7\u00e3o para orquestra); T<sub>30, wide<\/sub> = 1.54 s<\/figcaption><\/figure>\n<\/div>\n\n\n\n<div class=\"wp-block-group has-global-padding is-layout-constrained wp-block-group-is-layout-constrained\">\n<div class=\"wp-block-group has-custom-color-1-background-color has-background has-global-padding is-layout-constrained wp-container-core-group-is-layout-e8732830 wp-block-group-is-layout-constrained\" style=\"min-height:0px;margin-top:0;margin-bottom:0;padding-right:5rem;padding-left:5rem\">\n<h3 class=\"wp-block-heading has-text-align-center has-base-color has-text-color has-link-color wp-elements-bdebf145cae9fa4460087a537381715d\" style=\"padding-top:0;padding-right:0;padding-bottom:0;padding-left:0\">Ficheiros de Resposta ao Impulso do Espa\u00e7o<\/h3>\n\n\n\n<div class=\"wp-block-buttons alignwide is-horizontal is-content-justification-center is-layout-flex wp-container-core-buttons-is-layout-967d4589 wp-block-buttons-is-layout-flex\" style=\"margin-top:var(--wp--preset--spacing--40);margin-bottom:0\">\n<div class=\"wp-block-button is-style-fill\"><a class=\"wp-block-button__link has-section-bg-color has-heading-background-color has-text-color has-background has-link-color has-text-align-center wp-element-button\" href=\"https:\/\/iplx-my.sharepoint.com\/:f:\/g\/personal\/reverbdata_esml_ipl_pt\/EqSC8NaVV4FNjhyUoVG61dIBu4htzpoEIh18n8GjeKExFA?e=Cz4oOP\" style=\"border-style:none;border-width:0px\"><strong>Download<\/strong><\/a><\/div>\n<\/div>\n<\/div>\n\n\n\n<div class=\"wp-block-buttons is-content-justification-right is-layout-flex wp-container-core-buttons-is-layout-d445cf74 wp-block-buttons-is-layout-flex\">\n<div class=\"wp-block-button is-style-fill\"><a class=\"wp-block-button__link has-heading-color has-white-background-color has-text-color has-background has-link-color wp-element-button\" href=\"https:\/\/reverbdata.ipl.pt\/pt\/\">Voltar \u00e0 Pagina Inicial<\/a><\/div>\n<\/div>\n<\/div>","protected":false},"excerpt":{"rendered":"<p>Gulbenkian Great Hall has a capacity for 1203 people, spread over 36 rows on 3 different levels: 651 seats on the 1st audience stalls, 416 on the 2nd audience stalls and 161 on the balcony. The hall has a floor area of 875 m2 and a height of ca. 8 m. Measurement points and source [&hellip;]<\/p>\n","protected":false},"author":4,"featured_media":31,"parent":514,"menu_order":0,"comment_status":"closed","ping_status":"closed","template":"","meta":{"footnotes":""},"class_list":["post-271","page","type-page","status-publish","has-post-thumbnail","hentry"],"featured_image_src":"https:\/\/reverbdata.ipl.pt\/wp-content\/uploads\/2024\/07\/Gulbenkian-Great-Hall.png","_links":{"self":[{"href":"https:\/\/reverbdata.ipl.pt\/pt\/wp-json\/wp\/v2\/pages\/271","targetHints":{"allow":["GET"]}}],"collection":[{"href":"https:\/\/reverbdata.ipl.pt\/pt\/wp-json\/wp\/v2\/pages"}],"about":[{"href":"https:\/\/reverbdata.ipl.pt\/pt\/wp-json\/wp\/v2\/types\/page"}],"author":[{"embeddable":true,"href":"https:\/\/reverbdata.ipl.pt\/pt\/wp-json\/wp\/v2\/users\/4"}],"replies":[{"embeddable":true,"href":"https:\/\/reverbdata.ipl.pt\/pt\/wp-json\/wp\/v2\/comments?post=271"}],"version-history":[{"count":24,"href":"https:\/\/reverbdata.ipl.pt\/pt\/wp-json\/wp\/v2\/pages\/271\/revisions"}],"predecessor-version":[{"id":1675,"href":"https:\/\/reverbdata.ipl.pt\/pt\/wp-json\/wp\/v2\/pages\/271\/revisions\/1675"}],"up":[{"embeddable":true,"href":"https:\/\/reverbdata.ipl.pt\/pt\/wp-json\/wp\/v2\/pages\/514"}],"wp:featuredmedia":[{"embeddable":true,"href":"https:\/\/reverbdata.ipl.pt\/pt\/wp-json\/wp\/v2\/media\/31"}],"wp:attachment":[{"href":"https:\/\/reverbdata.ipl.pt\/pt\/wp-json\/wp\/v2\/media?parent=271"}],"curies":[{"name":"wp","href":"https:\/\/api.w.org\/{rel}","templated":true}]}}

Grande Auditório da Gulbenkian

<div class="wp-block-group has-global-padding is-layout-constrained wp-block-group-is-layout-constrained">
<div class="wp-block-group has-global-padding is-layout-constrained wp-block-group-is-layout-constrained">
<div class="wp-block-columns is-layout-flex wp-container-core-columns-is-layout-0f3590de wp-block-columns-is-layout-flex">
<div class="wp-block-column is-layout-flow wp-block-column-is-layout-flow" style="flex-basis:50%"><h3 class="has-link-color wp-elements-d2e51c92208a6a2a5b724660ce272c42 wp-block-post-title has-text-color has-custom-color-1-color">Grande Auditório da Gulbenkian</h3>


<figure class="wp-block-image size-full"><img loading="lazy" decoding="async" width="2560" height="1920" src="https://reverbdata.ipl.pt/wp-content/uploads/2024/07/Gulbenkian-Great-Hall-scaled.jpg" alt="" class="wp-image-396" srcset="https://reverbdata.ipl.pt/wp-content/uploads/2024/07/Gulbenkian-Great-Hall-scaled.jpg 2560w, https://reverbdata.ipl.pt/wp-content/uploads/2024/07/Gulbenkian-Great-Hall-300x225.jpg 300w, https://reverbdata.ipl.pt/wp-content/uploads/2024/07/Gulbenkian-Great-Hall-1024x768.jpg 1024w, https://reverbdata.ipl.pt/wp-content/uploads/2024/07/Gulbenkian-Great-Hall-768x576.jpg 768w, https://reverbdata.ipl.pt/wp-content/uploads/2024/07/Gulbenkian-Great-Hall-1536x1152.jpg 1536w, https://reverbdata.ipl.pt/wp-content/uploads/2024/07/Gulbenkian-Great-Hall-2048x1536.jpg 2048w, https://reverbdata.ipl.pt/wp-content/uploads/2024/07/Gulbenkian-Great-Hall-200x150.jpg 200w" sizes="auto, (max-width: 2560px) 100vw, 2560px" /></figure>



<p class="justify-text has-body-text-color has-text-color has-link-color wp-elements-05aac39b56647ae0c479b7b68c5a9546">O Auditório Gulbenkian tem capacidade para 1203 pessoas, distribuídas por 36 filas em 3 níveis distintos: 651 lugares na 1ª plateia , 416 na 2ª plateia e 161 no balcão. A sala tem uma área útil de 875 m2 e uma altura de 8 metros.</p>
</div>



<div class="wp-block-column is-layout-flow wp-block-column-is-layout-flow" style="padding-top:3rem;flex-basis:50%">
<h5 class="wp-block-heading has-text-align-left has-custom-color-1-color has-text-color has-link-color wp-elements-74cf0948a3128ab9f4ecf1f8834f4295">Pontos de medição e localização da fonte acústica</h5>



<p class="justify-text has-body-text-color has-text-color has-link-color wp-elements-397faa897ebfbfb210d321950e12a9f2">A planta do Auditório Gulbenkian mostra os 12 pontos de aquisição espalhados pela plateia e balcão e a localização da fonte acústica no palco.</p>



<figure class="wp-block-image alignwide size-full"><img loading="lazy" decoding="async" width="4500" height="6750" src="https://reverbdata.ipl.pt/wp-content/uploads/2024/09/Grande_Auditorio_planta_final3.png" alt="" class="wp-image-1054" srcset="https://reverbdata.ipl.pt/wp-content/uploads/2024/09/Grande_Auditorio_planta_final3.png 4500w, https://reverbdata.ipl.pt/wp-content/uploads/2024/09/Grande_Auditorio_planta_final3-200x300.png 200w, https://reverbdata.ipl.pt/wp-content/uploads/2024/09/Grande_Auditorio_planta_final3-683x1024.png 683w, https://reverbdata.ipl.pt/wp-content/uploads/2024/09/Grande_Auditorio_planta_final3-768x1152.png 768w, https://reverbdata.ipl.pt/wp-content/uploads/2024/09/Grande_Auditorio_planta_final3-1024x1536.png 1024w, https://reverbdata.ipl.pt/wp-content/uploads/2024/09/Grande_Auditorio_planta_final3-1365x2048.png 1365w, https://reverbdata.ipl.pt/wp-content/uploads/2024/09/Grande_Auditorio_planta_final3-8x12.png 8w" sizes="auto, (max-width: 4500px) 100vw, 4500px" /></figure>
</div>
</div>
</div>



<h3 class="wp-block-heading has-custom-color-1-color has-text-color has-link-color wp-elements-01bca5ce57de3daa64864e37b5fec474">Ficheiros de Áudio de Demonstração</h3>



<h6 class="wp-block-heading has-custom-color-1-color has-text-color has-link-color wp-elements-5d0b8381b06338b31183daec91eb03ed">"Discurso masculino e feminino" -&gt; Original</h6>



<figure class="wp-block-audio"><audio controls src="https://reverbdata.ipl.pt/wp-content/uploads/2025/05/Male_and_Female_speech_40s.wav"></audio></figure>



<h6 class="wp-block-heading has-custom-color-1-color has-text-color has-link-color wp-elements-80505ec05fcab08737b30cdef42b6a7e">"Discurso masculino e feminino" -&gt; Processado em Estéreo</h6>



<figure class="wp-block-audio"><audio controls src="https://reverbdata.ipl.pt/wp-content/uploads/2025/04/Male_and_Female_speech_Stereo_40s-7.wav"></audio><figcaption class="wp-element-caption">Sistema de Aquisição na posição 3 (configuração para orquestra); T<sub>30, wide</sub> = 1.54 s</figcaption></figure>



<h6 class="wp-block-heading has-custom-color-1-color has-text-color has-link-color wp-elements-38add5d4e3ba7495cf5b907e61d1b2c2">"Discurso masculino e feminino" -&gt; Processado em Binaural (usar headphones)</h6>



<figure class="wp-block-audio"><audio controls src="https://reverbdata.ipl.pt/wp-content/uploads/2025/04/Male_and_Female_speech_Binaural_40s-6.wav"></audio><figcaption class="wp-element-caption">Sistema de Aquisição na posição 3 (configuração para orquestra); T<sub>30, wide</sub> = 1.54 s</figcaption></figure>



<h6 class="wp-block-heading has-custom-color-1-color has-text-color has-link-color wp-elements-8b021da4f6891343264ec4075f892193">“Guitar_Capriccio_Arabe_Tarrega” -&gt; Original</h6>



<figure class="wp-block-audio"><audio controls src="https://reverbdata.ipl.pt/wp-content/uploads/2025/05/Guitar_Capriccio_Arabe_Tarrega_40s.wav"></audio></figure>



<h6 class="wp-block-heading has-custom-color-1-color has-text-color has-link-color wp-elements-da811de222d07d25a08b3306dca9165a">“Guitar_Capriccio_Arabe_Tarrega” -&gt; Processado em Estéreo</h6>



<figure class="wp-block-audio"><audio controls src="https://reverbdata.ipl.pt/wp-content/uploads/2025/04/Guitar_Capriccio_Arabe_Tarrega_Stereo_40s-6.wav"></audio><figcaption class="wp-element-caption">Sistema de Aquisição na posição 3 (configuração para orquestra); T<sub>30, wide</sub> = 1.54 s</figcaption></figure>



<h6 class="wp-block-heading has-custom-color-1-color has-text-color has-link-color wp-elements-3e4b1e9003c333e6a9be23ad9cfcf89e">“Guitar_Capriccio_Arabe_Tarrega” -&gt; Processado em Binaural (usar headphones)</h6>



<figure class="wp-block-audio"><audio controls src="https://reverbdata.ipl.pt/wp-content/uploads/2025/04/Guitar_Capriccio_Arabe_Tarrega_Binaural_40s-6.wav"></audio><figcaption class="wp-element-caption">Sistema de Aquisição na posição 3 (configuração para orquestra); T<sub>30, wide</sub> = 1.54 s</figcaption></figure>



<h6 class="wp-block-heading has-custom-color-1-color has-text-color has-link-color wp-elements-5e3ef03a3904366221432726cf86b293">“Kyrie_Missa_Notre_Dame_Guillame_de_Machaut” -&gt; Original</h6>



<figure class="wp-block-audio"><audio controls src="https://reverbdata.ipl.pt/wp-content/uploads/2025/05/Kyrie_Missa_Notre_Dame_Guillame_de_Machaut_40s.wav"></audio></figure>



<h6 class="wp-block-heading has-custom-color-1-color has-text-color has-link-color wp-elements-c8ec8eb0b94e1c4a27ce45cb43d2255f">“Kyrie_Missa_Notre_Dame_Guillame_de_Machaut” -&gt; Processado em Estéreo</h6>



<figure class="wp-block-audio"><audio controls src="https://reverbdata.ipl.pt/wp-content/uploads/2025/04/Kyrie_Missa_Notre_Dame_Guillaume_de_Machaut_Stereo_40s-4.wav"></audio><figcaption class="wp-element-caption">Sistema de Aquisição na posição 3 (configuração para orquestra); T<sub>30, wide</sub> = 1.54 s</figcaption></figure>



<h6 class="wp-block-heading has-custom-color-1-color has-text-color has-link-color wp-elements-ee7412d73cf813a98ed7e6f4bd41f78f">“Kyrie_Missa_Notre_Dame_Guillame_de_Machaut” -&gt; Processado em Binaural (usar headphones)</h6>



<figure class="wp-block-audio"><audio controls src="https://reverbdata.ipl.pt/wp-content/uploads/2025/04/Kyrie_Missa_Notre_Dame_Guillaume_de_Machaut_Binaural_40s-4.wav"></audio><figcaption class="wp-element-caption">Sistema de Aquisição na posição 3 (configuração para orquestra); T<sub>30, wide</sub> = 1.54 s</figcaption></figure>
</div>



<div class="wp-block-group has-global-padding is-layout-constrained wp-block-group-is-layout-constrained">
<div class="wp-block-group has-custom-color-1-background-color has-background has-global-padding is-layout-constrained wp-container-core-group-is-layout-e8732830 wp-block-group-is-layout-constrained" style="min-height:0px;margin-top:0;margin-bottom:0;padding-right:5rem;padding-left:5rem">
<h3 class="wp-block-heading has-text-align-center has-base-color has-text-color has-link-color wp-elements-bdebf145cae9fa4460087a537381715d" style="padding-top:0;padding-right:0;padding-bottom:0;padding-left:0">Ficheiros de Resposta ao Impulso do Espaço</h3>



<div class="wp-block-buttons alignwide is-horizontal is-content-justification-center is-layout-flex wp-container-core-buttons-is-layout-967d4589 wp-block-buttons-is-layout-flex" style="margin-top:var(--wp--preset--spacing--40);margin-bottom:0">
<div class="wp-block-button is-style-fill"><a class="wp-block-button__link has-section-bg-color has-heading-background-color has-text-color has-background has-link-color has-text-align-center wp-element-button" href="https://iplx-my.sharepoint.com/:f:/g/personal/reverbdata_esml_ipl_pt/EqSC8NaVV4FNjhyUoVG61dIBu4htzpoEIh18n8GjeKExFA?e=Cz4oOP" style="border-style:none;border-width:0px"><strong>Download</strong></a></div>
</div>
</div>



<div class="wp-block-buttons is-content-justification-right is-layout-flex wp-container-core-buttons-is-layout-d445cf74 wp-block-buttons-is-layout-flex">
<div class="wp-block-button is-style-fill"><a class="wp-block-button__link has-heading-color has-white-background-color has-text-color has-background has-link-color wp-element-button" href="https://reverbdata.ipl.pt/pt/">Voltar à Pagina Inicial</a></div>
</div>
</div>
