{"id":613,"date":"2024-08-27T15:07:35","date_gmt":"2024-08-27T15:07:35","guid":{"rendered":"https:\/\/reverbdata.ipl.pt\/?page_id=613"},"modified":"2025-11-27T10:28:59","modified_gmt":"2025-11-27T10:28:59","slug":"church-of-convent-of-christ","status":"publish","type":"page","link":"https:\/\/reverbdata.ipl.pt\/pt\/reverbdata\/church-of-convent-of-christ\/","title":{"rendered":"Igreja do Convento de Cristo"},"content":{"rendered":"<div class=\"wp-block-group has-global-padding is-layout-constrained wp-block-group-is-layout-constrained\">\n<div class=\"wp-block-group has-global-padding is-layout-constrained wp-block-group-is-layout-constrained\">\n<div class=\"wp-block-columns is-layout-flex wp-container-core-columns-is-layout-0f3590de wp-block-columns-is-layout-flex\">\n<div class=\"wp-block-column is-layout-flow wp-block-column-is-layout-flow\" style=\"flex-basis:50%\"><h3 class=\"has-link-color wp-elements-d2e51c92208a6a2a5b724660ce272c42 wp-block-post-title has-text-color has-custom-color-1-color\">Igreja do Convento de Cristo<\/h3>\n\n\n<figure class=\"wp-block-image size-full\"><img loading=\"lazy\" decoding=\"async\" width=\"5250\" height=\"10499\" src=\"https:\/\/reverbdata.ipl.pt\/wp-content\/uploads\/2024\/08\/Church_comp.png\" alt=\"\" class=\"wp-image-611\" srcset=\"https:\/\/reverbdata.ipl.pt\/wp-content\/uploads\/2024\/08\/Church_comp.png 5250w, https:\/\/reverbdata.ipl.pt\/wp-content\/uploads\/2024\/08\/Church_comp-150x300.png 150w, https:\/\/reverbdata.ipl.pt\/wp-content\/uploads\/2024\/08\/Church_comp-512x1024.png 512w, https:\/\/reverbdata.ipl.pt\/wp-content\/uploads\/2024\/08\/Church_comp-768x1536.png 768w, https:\/\/reverbdata.ipl.pt\/wp-content\/uploads\/2024\/08\/Church_comp-1024x2048.png 1024w, https:\/\/reverbdata.ipl.pt\/wp-content\/uploads\/2024\/08\/Church_comp-6x12.png 6w, https:\/\/reverbdata.ipl.pt\/wp-content\/uploads\/2024\/08\/Church_comp-200x400.png 200w\" sizes=\"auto, (max-width: 5250px) 100vw, 5250px\" \/><\/figure>\n\n\n\n<p class=\"justify-text has-body-text-color has-text-color has-link-color wp-elements-5cd69a7c23de1b2aa203934fc7563b66\">A Igreja do Convento de Cristo \u00e9 composta pela Charola e pelo Corpo da Igreja.<\/p>\n<\/div>\n\n\n\n<div class=\"wp-block-column is-layout-flow wp-block-column-is-layout-flow\" style=\"padding-top:3rem;flex-basis:50%\">\n<h5 class=\"wp-block-heading has-text-align-left has-custom-color-1-color has-text-color has-link-color wp-elements-8a45a6902f43687e0844961954a22124\" id=\"0-measurement-points-and-source-location\">Pontos de medi\u00e7\u00e3o e localiza\u00e7\u00e3o da fonte ac\u00fastica<\/h5>\n\n\n\n<p class=\"justify-text has-body-text-color has-text-color has-link-color wp-elements-2291d6b9542ebe76a7a4390dbfef3cd7\">A fonte ac\u00fastica foi colocada no p\u00falpito, junto ao arco triunfal de liga\u00e7\u00e3o entre a Charola e o Corpo da Igreja, e tamb\u00e9m no meio do coro alto, situado no Corpo da Igreja. As aquisi\u00e7\u00f5es e registos ac\u00fasticos foram efectuados em tr\u00eas locais na Charola: um situado no centro do orat\u00f3rio, outro situado mais a norte e outro situado mais a sul, na zona de corredor da rotunda.<\/p>\n\n\n\n<figure class=\"wp-block-image alignwide size-full is-style-default\"><img loading=\"lazy\" decoding=\"async\" width=\"5100\" height=\"9750\" src=\"https:\/\/reverbdata.ipl.pt\/wp-content\/uploads\/2024\/09\/Church_piso-3_final2.png\" alt=\"\" class=\"wp-image-990\" srcset=\"https:\/\/reverbdata.ipl.pt\/wp-content\/uploads\/2024\/09\/Church_piso-3_final2.png 5100w, https:\/\/reverbdata.ipl.pt\/wp-content\/uploads\/2024\/09\/Church_piso-3_final2-157x300.png 157w, https:\/\/reverbdata.ipl.pt\/wp-content\/uploads\/2024\/09\/Church_piso-3_final2-536x1024.png 536w, https:\/\/reverbdata.ipl.pt\/wp-content\/uploads\/2024\/09\/Church_piso-3_final2-768x1468.png 768w, https:\/\/reverbdata.ipl.pt\/wp-content\/uploads\/2024\/09\/Church_piso-3_final2-803x1536.png 803w, https:\/\/reverbdata.ipl.pt\/wp-content\/uploads\/2024\/09\/Church_piso-3_final2-1071x2048.png 1071w, https:\/\/reverbdata.ipl.pt\/wp-content\/uploads\/2024\/09\/Church_piso-3_final2-6x12.png 6w, https:\/\/reverbdata.ipl.pt\/wp-content\/uploads\/2024\/09\/Church_piso-3_final2-200x382.png 200w\" sizes=\"auto, (max-width: 5100px) 100vw, 5100px\" \/><\/figure>\n<\/div>\n<\/div>\n<\/div>\n<\/div>\n\n\n\n<div class=\"wp-block-group has-global-padding is-layout-constrained wp-block-group-is-layout-constrained\">\n<div style=\"height:20px\" aria-hidden=\"true\" class=\"wp-block-spacer\"><\/div>\n\n\n\n<h3 class=\"wp-block-heading has-custom-color-1-color has-text-color has-link-color wp-elements-01bca5ce57de3daa64864e37b5fec474\">Ficheiros de \u00c1udio de Demonstra\u00e7\u00e3o<\/h3>\n\n\n\n<h6 class=\"wp-block-heading has-custom-color-1-color has-text-color has-link-color wp-elements-5d0b8381b06338b31183daec91eb03ed\">\"Discurso masculino e feminino\" -&gt; Original<\/h6>\n\n\n\n<figure class=\"wp-block-audio\"><audio controls src=\"https:\/\/reverbdata.ipl.pt\/wp-content\/uploads\/2025\/03\/Male_and_Female_speech_40s-1.wav\"><\/audio><\/figure>\n\n\n\n<h6 class=\"wp-block-heading has-custom-color-1-color has-text-color has-link-color wp-elements-05d1ab4ec7b116d35a88f5889981f89b\">\"Discurso masculino e feminino\" -&gt; Processado em Est\u00e9reo<\/h6>\n\n\n\n<figure class=\"wp-block-audio\"><audio controls src=\"https:\/\/reverbdata.ipl.pt\/wp-content\/uploads\/2025\/03\/Male_and_Female_speech_Stereo_40s-1.wav\"><\/audio><figcaption class=\"wp-element-caption\">Fonte Ac\u00fastica no P\u00falpito e Sistema de Aquisi\u00e7\u00e3o na posi\u00e7\u00e3o 1; T<sub>30,wide<\/sub> = 4.86 s<\/figcaption><\/figure>\n\n\n\n<h6 class=\"wp-block-heading has-custom-color-1-color has-text-color has-link-color wp-elements-cefd33f3fd0d3ace7f548d7653c7219d\">\"Discurso masculino e feminino\" -&gt; Processado em Binaural (usar headphones)<\/h6>\n\n\n\n<figure class=\"wp-block-audio\"><audio controls src=\"https:\/\/reverbdata.ipl.pt\/wp-content\/uploads\/2025\/03\/Male_and_Female_speech_Binaural_40s-1.wav\"><\/audio><figcaption class=\"wp-element-caption\">Fonte Ac\u00fastica no P\u00falpito e Sistema de Aquisi\u00e7\u00e3o na posi\u00e7\u00e3o 1; T<sub>30,wide<\/sub> = 4.86 s<\/figcaption><\/figure>\n\n\n\n<h6 class=\"wp-block-heading has-custom-color-1-color has-text-color has-link-color wp-elements-8b021da4f6891343264ec4075f892193\">\u201cGuitar_Capriccio_Arabe_Tarrega\u201d -&gt; Original<\/h6>\n\n\n\n<figure class=\"wp-block-audio\"><audio controls src=\"https:\/\/reverbdata.ipl.pt\/wp-content\/uploads\/2025\/03\/Guitar_Capriccio_Arabe_Tarrega_40s-1.wav\"><\/audio><\/figure>\n\n\n\n<h6 class=\"wp-block-heading has-custom-color-1-color has-text-color has-link-color wp-elements-da811de222d07d25a08b3306dca9165a\">\u201cGuitar_Capriccio_Arabe_Tarrega\u201d -&gt; Processado em Est\u00e9reo<\/h6>\n\n\n\n<figure class=\"wp-block-audio\"><audio controls src=\"https:\/\/reverbdata.ipl.pt\/wp-content\/uploads\/2025\/03\/Guitar_Capriccio_Arabe_Tarrega_Stereo_40s-1.wav\"><\/audio><figcaption class=\"wp-element-caption\">Fonte Ac\u00fastica no P\u00falpito e Sistema de Aquisi\u00e7\u00e3o na posi\u00e7\u00e3o 1; T<sub>30,wide<\/sub> = 4.86 s<\/figcaption><\/figure>\n\n\n\n<h6 class=\"wp-block-heading has-custom-color-1-color has-text-color has-link-color wp-elements-3e4b1e9003c333e6a9be23ad9cfcf89e\">\u201cGuitar_Capriccio_Arabe_Tarrega\u201d -&gt; Processado em Binaural (usar headphones)<\/h6>\n\n\n\n<figure class=\"wp-block-audio\"><audio controls src=\"https:\/\/reverbdata.ipl.pt\/wp-content\/uploads\/2025\/03\/Guitar_Capriccio_Arabe_Tarrega_Binaural_40s-1.wav\"><\/audio><figcaption class=\"wp-element-caption\">Fonte Ac\u00fastica no P\u00falpito e Sistema de Aquisi\u00e7\u00e3o na posi\u00e7\u00e3o 1; T<sub>30,wide<\/sub> = 4.86 s<\/figcaption><\/figure>\n\n\n\n<h6 class=\"wp-block-heading has-custom-color-1-color has-text-color has-link-color wp-elements-5e3ef03a3904366221432726cf86b293\">\u201cKyrie_Missa_Notre_Dame_Guillame_de_Machaut\u201d -&gt; Original<\/h6>\n\n\n\n<figure class=\"wp-block-audio\"><audio controls src=\"https:\/\/reverbdata.ipl.pt\/wp-content\/uploads\/2025\/03\/Kyrie_Missa_Notre_Dame_Guillaume_de_Machaut_40s-1.wav\"><\/audio><\/figure>\n\n\n\n<h6 class=\"wp-block-heading has-custom-color-1-color has-text-color has-link-color wp-elements-c8ec8eb0b94e1c4a27ce45cb43d2255f\">\u201cKyrie_Missa_Notre_Dame_Guillame_de_Machaut\u201d -&gt; Processado em Est\u00e9reo<\/h6>\n\n\n\n<figure class=\"wp-block-audio\"><audio controls src=\"https:\/\/reverbdata.ipl.pt\/wp-content\/uploads\/2025\/03\/Kyrie_Missa_Notre_Dame_Guillaume_de_Machaut_Stereo_40s-1.wav\"><\/audio><figcaption class=\"wp-element-caption\">Fonte Ac\u00fastica no P\u00falpito e Sistema de Aquisi\u00e7\u00e3o na posi\u00e7\u00e3o 1; T<sub>30,wide<\/sub> = 4.86 s<\/figcaption><\/figure>\n\n\n\n<h6 class=\"wp-block-heading has-custom-color-1-color has-text-color has-link-color wp-elements-ee7412d73cf813a98ed7e6f4bd41f78f\">\u201cKyrie_Missa_Notre_Dame_Guillame_de_Machaut\u201d -&gt; Processado em Binaural (usar headphones)<\/h6>\n\n\n\n<figure class=\"wp-block-audio\"><audio controls src=\"https:\/\/reverbdata.ipl.pt\/wp-content\/uploads\/2025\/03\/Kyrie_Missa_Notre_Dame_Guillaume_de_Machaut_Binaural_40s-1.wav\"><\/audio><figcaption class=\"wp-element-caption\">Fonte Ac\u00fastica no P\u00falpito e Sistema de Aquisi\u00e7\u00e3o na posi\u00e7\u00e3o 1; T<sub>30,wide<\/sub> = 4.86 s<\/figcaption><\/figure>\n\n\n\n<div style=\"height:20px\" aria-hidden=\"true\" class=\"wp-block-spacer\"><\/div>\n\n\n\n<div class=\"wp-block-group has-custom-color-1-background-color has-background has-global-padding is-layout-constrained wp-container-core-group-is-layout-e8732830 wp-block-group-is-layout-constrained\" style=\"min-height:0px;margin-top:0;margin-bottom:0;padding-right:5rem;padding-left:5rem\">\n<h3 class=\"wp-block-heading has-text-align-center has-base-color has-text-color has-link-color wp-elements-208eb43f39c0bbfef20ac2391bb35c4e\" id=\"1-room-impulse-response-files\" style=\"padding-top:0;padding-right:0;padding-bottom:0;padding-left:0\">Ficheiros de Resposta ao Impulso do Espa\u00e7o<\/h3>\n\n\n\n<div class=\"wp-block-buttons alignwide is-horizontal is-content-justification-center is-layout-flex wp-container-core-buttons-is-layout-967d4589 wp-block-buttons-is-layout-flex\" style=\"margin-top:var(--wp--preset--spacing--40);margin-bottom:0\">\n<div class=\"wp-block-button is-style-fill\"><a class=\"wp-block-button__link has-section-bg-color has-heading-background-color has-text-color has-background has-link-color has-text-align-center wp-element-button\" href=\"https:\/\/iplx-my.sharepoint.com\/:f:\/g\/personal\/reverbdata_esml_ipl_pt\/Eo2c4JNbWI1ApN1APSV47sUB9rpXPsQNsv7jsM4K7RmGZQ?e=5C0dpN\" style=\"border-style:none;border-width:0px\"><strong>Download<\/strong><\/a><\/div>\n<\/div>\n<\/div>\n\n\n\n<div class=\"wp-block-buttons is-content-justification-left is-layout-flex wp-container-core-buttons-is-layout-fc4fd283 wp-block-buttons-is-layout-flex\">\n<div class=\"wp-block-button is-style-outline is-style-outline--1\"><a class=\"wp-block-button__link has-custom-color-1-color has-white-background-color has-text-color has-background has-link-color wp-element-button\" href=\"https:\/\/reverbdata.ipl.pt\/pt\/#convent-of-christ\">Voltar ao Convento de Cristo<\/a><\/div>\n<\/div>\n\n\n\n<div class=\"wp-block-buttons is-content-justification-right is-layout-flex wp-container-core-buttons-is-layout-d445cf74 wp-block-buttons-is-layout-flex\">\n<div class=\"wp-block-button is-style-fill\"><a class=\"wp-block-button__link has-heading-color has-white-background-color has-text-color has-background has-link-color wp-element-button\" href=\"https:\/\/reverbdata.ipl.pt\/pt\/\">Voltar \u00e0 Pagina Inicial<\/a><\/div>\n<\/div>\n<\/div>","protected":false},"excerpt":{"rendered":"<p>The Church of the Convent of Christ is made up of the Charola (or Rotunda) and of the Main Body of the church. Measurement points and source location The sound source was placed on the pulpit, next to the triumphal arch connecting the Charola and the Body of the Church, and also in the middle [&hellip;]<\/p>\n","protected":false},"author":4,"featured_media":611,"parent":514,"menu_order":0,"comment_status":"closed","ping_status":"closed","template":"","meta":{"footnotes":""},"class_list":["post-613","page","type-page","status-publish","has-post-thumbnail","hentry"],"featured_image_src":"https:\/\/reverbdata.ipl.pt\/wp-content\/uploads\/2024\/08\/Church_comp.png","_links":{"self":[{"href":"https:\/\/reverbdata.ipl.pt\/pt\/wp-json\/wp\/v2\/pages\/613","targetHints":{"allow":["GET"]}}],"collection":[{"href":"https:\/\/reverbdata.ipl.pt\/pt\/wp-json\/wp\/v2\/pages"}],"about":[{"href":"https:\/\/reverbdata.ipl.pt\/pt\/wp-json\/wp\/v2\/types\/page"}],"author":[{"embeddable":true,"href":"https:\/\/reverbdata.ipl.pt\/pt\/wp-json\/wp\/v2\/users\/4"}],"replies":[{"embeddable":true,"href":"https:\/\/reverbdata.ipl.pt\/pt\/wp-json\/wp\/v2\/comments?post=613"}],"version-history":[{"count":30,"href":"https:\/\/reverbdata.ipl.pt\/pt\/wp-json\/wp\/v2\/pages\/613\/revisions"}],"predecessor-version":[{"id":2190,"href":"https:\/\/reverbdata.ipl.pt\/pt\/wp-json\/wp\/v2\/pages\/613\/revisions\/2190"}],"up":[{"embeddable":true,"href":"https:\/\/reverbdata.ipl.pt\/pt\/wp-json\/wp\/v2\/pages\/514"}],"wp:featuredmedia":[{"embeddable":true,"href":"https:\/\/reverbdata.ipl.pt\/pt\/wp-json\/wp\/v2\/media\/611"}],"wp:attachment":[{"href":"https:\/\/reverbdata.ipl.pt\/pt\/wp-json\/wp\/v2\/media?parent=613"}],"curies":[{"name":"wp","href":"https:\/\/api.w.org\/{rel}","templated":true}]}}

<div class="wp-block-group has-global-padding is-layout-constrained wp-block-group-is-layout-constrained">
<div class="wp-block-group has-global-padding is-layout-constrained wp-block-group-is-layout-constrained">
<div class="wp-block-columns is-layout-flex wp-container-core-columns-is-layout-0f3590de wp-block-columns-is-layout-flex">
<div class="wp-block-column is-layout-flow wp-block-column-is-layout-flow" style="flex-basis:50%"><h3 class="has-link-color wp-elements-d2e51c92208a6a2a5b724660ce272c42 wp-block-post-title has-text-color has-custom-color-1-color">Igreja do Convento de Cristo</h3>


<figure class="wp-block-image size-full"><img loading="lazy" decoding="async" width="5250" height="10499" src="https://reverbdata.ipl.pt/wp-content/uploads/2024/08/Church_comp.png" alt="" class="wp-image-611" srcset="https://reverbdata.ipl.pt/wp-content/uploads/2024/08/Church_comp.png 5250w, https://reverbdata.ipl.pt/wp-content/uploads/2024/08/Church_comp-150x300.png 150w, https://reverbdata.ipl.pt/wp-content/uploads/2024/08/Church_comp-512x1024.png 512w, https://reverbdata.ipl.pt/wp-content/uploads/2024/08/Church_comp-768x1536.png 768w, https://reverbdata.ipl.pt/wp-content/uploads/2024/08/Church_comp-1024x2048.png 1024w, https://reverbdata.ipl.pt/wp-content/uploads/2024/08/Church_comp-6x12.png 6w, https://reverbdata.ipl.pt/wp-content/uploads/2024/08/Church_comp-200x400.png 200w" sizes="auto, (max-width: 5250px) 100vw, 5250px" /></figure>



<p class="justify-text has-body-text-color has-text-color has-link-color wp-elements-5cd69a7c23de1b2aa203934fc7563b66">A Igreja do Convento de Cristo é composta pela Charola e pelo Corpo da Igreja.</p>
</div>



<div class="wp-block-column is-layout-flow wp-block-column-is-layout-flow" style="padding-top:3rem;flex-basis:50%">
<h5 class="wp-block-heading has-text-align-left has-custom-color-1-color has-text-color has-link-color wp-elements-8a45a6902f43687e0844961954a22124" id="0-measurement-points-and-source-location">Pontos de medição e localização da fonte acústica</h5>



<p class="justify-text has-body-text-color has-text-color has-link-color wp-elements-2291d6b9542ebe76a7a4390dbfef3cd7">A fonte acústica foi colocada no púlpito, junto ao arco triunfal de ligação entre a Charola e o Corpo da Igreja, e também no meio do coro alto, situado no Corpo da Igreja. As aquisições e registos acústicos foram efectuados em três locais na Charola: um situado no centro do oratório, outro situado mais a norte e outro situado mais a sul, na zona de corredor da rotunda.</p>



<figure class="wp-block-image alignwide size-full is-style-default"><img loading="lazy" decoding="async" width="5100" height="9750" src="https://reverbdata.ipl.pt/wp-content/uploads/2024/09/Church_piso-3_final2.png" alt="" class="wp-image-990" srcset="https://reverbdata.ipl.pt/wp-content/uploads/2024/09/Church_piso-3_final2.png 5100w, https://reverbdata.ipl.pt/wp-content/uploads/2024/09/Church_piso-3_final2-157x300.png 157w, https://reverbdata.ipl.pt/wp-content/uploads/2024/09/Church_piso-3_final2-536x1024.png 536w, https://reverbdata.ipl.pt/wp-content/uploads/2024/09/Church_piso-3_final2-768x1468.png 768w, https://reverbdata.ipl.pt/wp-content/uploads/2024/09/Church_piso-3_final2-803x1536.png 803w, https://reverbdata.ipl.pt/wp-content/uploads/2024/09/Church_piso-3_final2-1071x2048.png 1071w, https://reverbdata.ipl.pt/wp-content/uploads/2024/09/Church_piso-3_final2-6x12.png 6w, https://reverbdata.ipl.pt/wp-content/uploads/2024/09/Church_piso-3_final2-200x382.png 200w" sizes="auto, (max-width: 5100px) 100vw, 5100px" /></figure>
</div>
</div>
</div>
</div>



<div class="wp-block-group has-global-padding is-layout-constrained wp-block-group-is-layout-constrained">
<div style="height:20px" aria-hidden="true" class="wp-block-spacer"></div>



<h3 class="wp-block-heading has-custom-color-1-color has-text-color has-link-color wp-elements-01bca5ce57de3daa64864e37b5fec474">Ficheiros de Áudio de Demonstração</h3>



<h6 class="wp-block-heading has-custom-color-1-color has-text-color has-link-color wp-elements-5d0b8381b06338b31183daec91eb03ed">"Discurso masculino e feminino" -&gt; Original</h6>



<figure class="wp-block-audio"><audio controls src="https://reverbdata.ipl.pt/wp-content/uploads/2025/03/Male_and_Female_speech_40s-1.wav"></audio></figure>



<h6 class="wp-block-heading has-custom-color-1-color has-text-color has-link-color wp-elements-05d1ab4ec7b116d35a88f5889981f89b">"Discurso masculino e feminino" -&gt; Processado em Estéreo</h6>



<figure class="wp-block-audio"><audio controls src="https://reverbdata.ipl.pt/wp-content/uploads/2025/03/Male_and_Female_speech_Stereo_40s-1.wav"></audio><figcaption class="wp-element-caption">Fonte Acústica no Púlpito e Sistema de Aquisição na posição 1; T<sub>30,wide</sub> = 4.86 s</figcaption></figure>



<h6 class="wp-block-heading has-custom-color-1-color has-text-color has-link-color wp-elements-cefd33f3fd0d3ace7f548d7653c7219d">"Discurso masculino e feminino" -&gt; Processado em Binaural (usar headphones)</h6>



<figure class="wp-block-audio"><audio controls src="https://reverbdata.ipl.pt/wp-content/uploads/2025/03/Male_and_Female_speech_Binaural_40s-1.wav"></audio><figcaption class="wp-element-caption">Fonte Acústica no Púlpito e Sistema de Aquisição na posição 1; T<sub>30,wide</sub> = 4.86 s</figcaption></figure>



<h6 class="wp-block-heading has-custom-color-1-color has-text-color has-link-color wp-elements-8b021da4f6891343264ec4075f892193">“Guitar_Capriccio_Arabe_Tarrega” -&gt; Original</h6>



<figure class="wp-block-audio"><audio controls src="https://reverbdata.ipl.pt/wp-content/uploads/2025/03/Guitar_Capriccio_Arabe_Tarrega_40s-1.wav"></audio></figure>



<h6 class="wp-block-heading has-custom-color-1-color has-text-color has-link-color wp-elements-da811de222d07d25a08b3306dca9165a">“Guitar_Capriccio_Arabe_Tarrega” -&gt; Processado em Estéreo</h6>



<figure class="wp-block-audio"><audio controls src="https://reverbdata.ipl.pt/wp-content/uploads/2025/03/Guitar_Capriccio_Arabe_Tarrega_Stereo_40s-1.wav"></audio><figcaption class="wp-element-caption">Fonte Acústica no Púlpito e Sistema de Aquisição na posição 1; T<sub>30,wide</sub> = 4.86 s</figcaption></figure>



<h6 class="wp-block-heading has-custom-color-1-color has-text-color has-link-color wp-elements-3e4b1e9003c333e6a9be23ad9cfcf89e">“Guitar_Capriccio_Arabe_Tarrega” -&gt; Processado em Binaural (usar headphones)</h6>



<figure class="wp-block-audio"><audio controls src="https://reverbdata.ipl.pt/wp-content/uploads/2025/03/Guitar_Capriccio_Arabe_Tarrega_Binaural_40s-1.wav"></audio><figcaption class="wp-element-caption">Fonte Acústica no Púlpito e Sistema de Aquisição na posição 1; T<sub>30,wide</sub> = 4.86 s</figcaption></figure>



<h6 class="wp-block-heading has-custom-color-1-color has-text-color has-link-color wp-elements-5e3ef03a3904366221432726cf86b293">“Kyrie_Missa_Notre_Dame_Guillame_de_Machaut” -&gt; Original</h6>



<figure class="wp-block-audio"><audio controls src="https://reverbdata.ipl.pt/wp-content/uploads/2025/03/Kyrie_Missa_Notre_Dame_Guillaume_de_Machaut_40s-1.wav"></audio></figure>



<h6 class="wp-block-heading has-custom-color-1-color has-text-color has-link-color wp-elements-c8ec8eb0b94e1c4a27ce45cb43d2255f">“Kyrie_Missa_Notre_Dame_Guillame_de_Machaut” -&gt; Processado em Estéreo</h6>



<figure class="wp-block-audio"><audio controls src="https://reverbdata.ipl.pt/wp-content/uploads/2025/03/Kyrie_Missa_Notre_Dame_Guillaume_de_Machaut_Stereo_40s-1.wav"></audio><figcaption class="wp-element-caption">Fonte Acústica no Púlpito e Sistema de Aquisição na posição 1; T<sub>30,wide</sub> = 4.86 s</figcaption></figure>



<h6 class="wp-block-heading has-custom-color-1-color has-text-color has-link-color wp-elements-ee7412d73cf813a98ed7e6f4bd41f78f">“Kyrie_Missa_Notre_Dame_Guillame_de_Machaut” -&gt; Processado em Binaural (usar headphones)</h6>



<figure class="wp-block-audio"><audio controls src="https://reverbdata.ipl.pt/wp-content/uploads/2025/03/Kyrie_Missa_Notre_Dame_Guillaume_de_Machaut_Binaural_40s-1.wav"></audio><figcaption class="wp-element-caption">Fonte Acústica no Púlpito e Sistema de Aquisição na posição 1; T<sub>30,wide</sub> = 4.86 s</figcaption></figure>



<div style="height:20px" aria-hidden="true" class="wp-block-spacer"></div>



<div class="wp-block-group has-custom-color-1-background-color has-background has-global-padding is-layout-constrained wp-container-core-group-is-layout-e8732830 wp-block-group-is-layout-constrained" style="min-height:0px;margin-top:0;margin-bottom:0;padding-right:5rem;padding-left:5rem">
<h3 class="wp-block-heading has-text-align-center has-base-color has-text-color has-link-color wp-elements-208eb43f39c0bbfef20ac2391bb35c4e" id="1-room-impulse-response-files" style="padding-top:0;padding-right:0;padding-bottom:0;padding-left:0">Ficheiros de Resposta ao Impulso do Espaço</h3>



<div class="wp-block-buttons alignwide is-horizontal is-content-justification-center is-layout-flex wp-container-core-buttons-is-layout-967d4589 wp-block-buttons-is-layout-flex" style="margin-top:var(--wp--preset--spacing--40);margin-bottom:0">
<div class="wp-block-button is-style-fill"><a class="wp-block-button__link has-section-bg-color has-heading-background-color has-text-color has-background has-link-color has-text-align-center wp-element-button" href="https://iplx-my.sharepoint.com/:f:/g/personal/reverbdata_esml_ipl_pt/Eo2c4JNbWI1ApN1APSV47sUB9rpXPsQNsv7jsM4K7RmGZQ?e=5C0dpN" style="border-style:none;border-width:0px"><strong>Download</strong></a></div>
</div>
</div>



<div class="wp-block-buttons is-content-justification-left is-layout-flex wp-container-core-buttons-is-layout-fc4fd283 wp-block-buttons-is-layout-flex">
<div class="wp-block-button is-style-outline is-style-outline--1"><a class="wp-block-button__link has-custom-color-1-color has-white-background-color has-text-color has-background has-link-color wp-element-button" href="https://reverbdata.ipl.pt/pt/#convent-of-christ">Voltar ao Convento de Cristo</a></div>
</div>



<div class="wp-block-buttons is-content-justification-right is-layout-flex wp-container-core-buttons-is-layout-d445cf74 wp-block-buttons-is-layout-flex">
<div class="wp-block-button is-style-fill"><a class="wp-block-button__link has-heading-color has-white-background-color has-text-color has-background has-link-color wp-element-button" href="https://reverbdata.ipl.pt/pt/">Voltar à Pagina Inicial</a></div>
</div>
</div>
