{"id":706,"date":"2024-08-28T17:54:00","date_gmt":"2024-08-28T17:54:00","guid":{"rendered":"https:\/\/reverbdata.ipl.pt\/?page_id=706"},"modified":"2025-11-27T11:12:01","modified_gmt":"2025-11-27T11:12:01","slug":"cistern-of-the-crows-cloister","status":"publish","type":"page","link":"https:\/\/reverbdata.ipl.pt\/pt\/reverbdata\/cistern-of-the-crows-cloister\/","title":{"rendered":"Cisterna do Claustro dos Corvos"},"content":{"rendered":"<div class=\"wp-block-group has-global-padding is-layout-constrained wp-block-group-is-layout-constrained\">\n<div class=\"wp-block-group has-global-padding is-layout-constrained wp-block-group-is-layout-constrained\">\n<div class=\"wp-block-columns is-layout-flex wp-container-core-columns-is-layout-0f3590de wp-block-columns-is-layout-flex\">\n<div class=\"wp-block-column is-layout-flow wp-block-column-is-layout-flow\" style=\"flex-basis:50%\"><h3 class=\"has-link-color wp-elements-d2e51c92208a6a2a5b724660ce272c42 wp-block-post-title has-text-color has-custom-color-1-color\">Cisterna do Claustro dos Corvos<\/h3>\n\n\n<figure class=\"wp-block-image size-full\"><img loading=\"lazy\" decoding=\"async\" width=\"4134\" height=\"2756\" src=\"https:\/\/reverbdata.ipl.pt\/wp-content\/uploads\/2024\/08\/Cisterna_foto.png\" alt=\"\" class=\"wp-image-728\" srcset=\"https:\/\/reverbdata.ipl.pt\/wp-content\/uploads\/2024\/08\/Cisterna_foto.png 4134w, https:\/\/reverbdata.ipl.pt\/wp-content\/uploads\/2024\/08\/Cisterna_foto-300x200.png 300w, https:\/\/reverbdata.ipl.pt\/wp-content\/uploads\/2024\/08\/Cisterna_foto-1024x683.png 1024w, https:\/\/reverbdata.ipl.pt\/wp-content\/uploads\/2024\/08\/Cisterna_foto-768x512.png 768w, https:\/\/reverbdata.ipl.pt\/wp-content\/uploads\/2024\/08\/Cisterna_foto-1536x1024.png 1536w, https:\/\/reverbdata.ipl.pt\/wp-content\/uploads\/2024\/08\/Cisterna_foto-2048x1365.png 2048w, https:\/\/reverbdata.ipl.pt\/wp-content\/uploads\/2024\/08\/Cisterna_foto-18x12.png 18w, https:\/\/reverbdata.ipl.pt\/wp-content\/uploads\/2024\/08\/Cisterna_foto-200x133.png 200w\" sizes=\"auto, (max-width: 4134px) 100vw, 4134px\" \/><\/figure>\n\n\n\n<p class=\"justify-text has-body-text-color has-text-color has-link-color wp-elements-163f0d8b453f9765e807101fc97e7b85\">A Cisterna de formato quadrangular tem duas galerias de dupla arcada separadas por contrafortes, que sobem at\u00e9 ao 3.\u00ba registo a sul e oeste, e coberturas e suportes id\u00eanticos aos do Claustro da Micha. Rodeiam a quadra 4 corpos de 3 pisos, sendo o lado sul ocupado pelo antigo celeiro (hoje capela), o lado norte pela cozinha (piso t\u00e9rreo) e as celas do noviciado (1.\u00ba piso) e o lado este pelo Refeit\u00f3rio e pelas celas do bra\u00e7o sul dos dormit\u00f3rios.<\/p>\n<\/div>\n\n\n\n<div class=\"wp-block-column is-layout-flow wp-block-column-is-layout-flow\" style=\"padding-top:3rem;flex-basis:50%\">\n<h5 class=\"wp-block-heading has-text-align-left has-custom-color-1-color has-text-color has-link-color wp-elements-74cf0948a3128ab9f4ecf1f8834f4295\">Pontos de medi\u00e7\u00e3o e localiza\u00e7\u00e3o da fonte ac\u00fastica<\/h5>\n\n\n\n<p class=\"justify-text has-body-text-color has-text-color has-link-color wp-elements-b4ad16b969540e0b2d8850afa89d8806\">Foram escolhidas duas posi\u00e7\u00f5es de aquisi\u00e7\u00e3o no interior da cisterna em articula\u00e7\u00e3o com tr\u00eas posi\u00e7\u00f5es diferentes da fonte ac\u00fastica.<\/p>\n\n\n\n<figure class=\"wp-block-image alignwide size-full is-style-default\"><img loading=\"lazy\" decoding=\"async\" width=\"2400\" height=\"3750\" src=\"https:\/\/reverbdata.ipl.pt\/wp-content\/uploads\/2024\/09\/Cisterna_final.png\" alt=\"\" class=\"wp-image-992\" srcset=\"https:\/\/reverbdata.ipl.pt\/wp-content\/uploads\/2024\/09\/Cisterna_final.png 2400w, https:\/\/reverbdata.ipl.pt\/wp-content\/uploads\/2024\/09\/Cisterna_final-192x300.png 192w, https:\/\/reverbdata.ipl.pt\/wp-content\/uploads\/2024\/09\/Cisterna_final-655x1024.png 655w, https:\/\/reverbdata.ipl.pt\/wp-content\/uploads\/2024\/09\/Cisterna_final-768x1200.png 768w, https:\/\/reverbdata.ipl.pt\/wp-content\/uploads\/2024\/09\/Cisterna_final-983x1536.png 983w, https:\/\/reverbdata.ipl.pt\/wp-content\/uploads\/2024\/09\/Cisterna_final-1311x2048.png 1311w, https:\/\/reverbdata.ipl.pt\/wp-content\/uploads\/2024\/09\/Cisterna_final-8x12.png 8w, https:\/\/reverbdata.ipl.pt\/wp-content\/uploads\/2024\/09\/Cisterna_final-200x313.png 200w\" sizes=\"auto, (max-width: 2400px) 100vw, 2400px\" \/><\/figure>\n<\/div>\n<\/div>\n\n\n\n<h3 class=\"wp-block-heading has-custom-color-1-color has-text-color has-link-color wp-elements-01bca5ce57de3daa64864e37b5fec474\">Ficheiros de \u00c1udio de Demonstra\u00e7\u00e3o<\/h3>\n\n\n\n<h6 class=\"wp-block-heading has-custom-color-1-color has-text-color has-link-color wp-elements-3dcccc6407b28d21ef5ff8dfadb27658\">\"Discurso masculino e feminino\" -&gt; Original<\/h6>\n\n\n\n<figure class=\"wp-block-audio\"><audio controls src=\"https:\/\/reverbdata.ipl.pt\/wp-content\/uploads\/2025\/05\/Male_and_Female_speech_40s.wav\"><\/audio><\/figure>\n\n\n\n<h6 class=\"wp-block-heading has-custom-color-1-color has-text-color has-link-color wp-elements-526f9bc44a54ace3c0b686654b643940\">\"Discurso masculino e feminino\" -&gt; Processado em Est\u00e9reo<\/h6>\n\n\n\n<figure class=\"wp-block-audio\"><audio controls src=\"https:\/\/reverbdata.ipl.pt\/wp-content\/uploads\/2025\/04\/Male_and_Female_speech_Stereo_40s.wav\"><\/audio><figcaption class=\"wp-element-caption\">Fonte Ac\u00fastica em S3 e Sistema de Aquisi\u00e7\u00e3o na posi\u00e7\u00e3o 1; T<sub>30, wide<\/sub> = 9.61 s<\/figcaption><\/figure>\n\n\n\n<h6 class=\"wp-block-heading has-custom-color-1-color has-text-color has-link-color wp-elements-15d1e3bb90b012f2eafa8912ebde65d5\">\"Discurso masculino e feminino\" -&gt; Processado em Binaural (usar headphones)<\/h6>\n\n\n\n<figure class=\"wp-block-audio\"><audio controls src=\"https:\/\/reverbdata.ipl.pt\/wp-content\/uploads\/2025\/04\/Male_and_Female_speech_Binaural_40s.wav\"><\/audio><\/figure>\n\n\n\n<h6 class=\"wp-block-heading has-custom-color-1-color has-text-color has-link-color wp-elements-8b021da4f6891343264ec4075f892193\">\u201cGuitar_Capriccio_Arabe_Tarrega\u201d -&gt; Original<\/h6>\n\n\n\n<figure class=\"wp-block-audio\"><audio controls src=\"https:\/\/reverbdata.ipl.pt\/wp-content\/uploads\/2025\/05\/Guitar_Capriccio_Arabe_Tarrega_40s.wav\"><\/audio><\/figure>\n\n\n\n<h6 class=\"wp-block-heading has-custom-color-1-color has-text-color has-link-color wp-elements-da811de222d07d25a08b3306dca9165a\">\u201cGuitar_Capriccio_Arabe_Tarrega\u201d -&gt; Processado em Est\u00e9reo<\/h6>\n\n\n\n<figure class=\"wp-block-audio\"><audio controls src=\"https:\/\/reverbdata.ipl.pt\/wp-content\/uploads\/2025\/04\/Guitar_Capriccio_Arabe_Tarrega_Stereo_40s.wav\"><\/audio><figcaption class=\"wp-element-caption\">Fonte Ac\u00fastica em S3 e Sistema de Aquisi\u00e7\u00e3o na posi\u00e7\u00e3o 1; T<sub>30, wide<\/sub> = 9.61 s<\/figcaption><\/figure>\n\n\n\n<h6 class=\"wp-block-heading has-custom-color-1-color has-text-color has-link-color wp-elements-3e4b1e9003c333e6a9be23ad9cfcf89e\">\u201cGuitar_Capriccio_Arabe_Tarrega\u201d -&gt; Processado em Binaural (usar headphones)<\/h6>\n\n\n\n<figure class=\"wp-block-audio\"><audio controls src=\"https:\/\/reverbdata.ipl.pt\/wp-content\/uploads\/2025\/04\/Guitar_Capriccio_Arabe_Tarrega_Binaural_40s.wav\"><\/audio><figcaption class=\"wp-element-caption\">Fonte Ac\u00fastica em S3 e Sistema de Aquisi\u00e7\u00e3o na posi\u00e7\u00e3o 1; T<sub>30, wide<\/sub> = 9.61 s<\/figcaption><\/figure>\n\n\n\n<h6 class=\"wp-block-heading has-custom-color-1-color has-text-color has-link-color wp-elements-5e3ef03a3904366221432726cf86b293\">\u201cKyrie_Missa_Notre_Dame_Guillame_de_Machaut\u201d -&gt; Original<\/h6>\n\n\n\n<figure class=\"wp-block-audio\"><audio controls src=\"https:\/\/reverbdata.ipl.pt\/wp-content\/uploads\/2025\/05\/Kyrie_Missa_Notre_Dame_Guillame_de_Machaut_40s.wav\"><\/audio><\/figure>\n\n\n\n<h6 class=\"wp-block-heading has-custom-color-1-color has-text-color has-link-color wp-elements-c8ec8eb0b94e1c4a27ce45cb43d2255f\">\u201cKyrie_Missa_Notre_Dame_Guillame_de_Machaut\u201d -&gt; Processado em Est\u00e9reo<\/h6>\n\n\n\n<figure class=\"wp-block-audio\"><audio controls src=\"https:\/\/reverbdata.ipl.pt\/wp-content\/uploads\/2025\/04\/Kyrie_Missa_Notre_Dame_Guillaume_de_Machaut_Stereo_40s.wav\"><\/audio><figcaption class=\"wp-element-caption\">Fonte Ac\u00fastica em S3 e Sistema de Aquisi\u00e7\u00e3o na posi\u00e7\u00e3o 1; T<sub>30, wide<\/sub> = 9.61 s<\/figcaption><\/figure>\n\n\n\n<h6 class=\"wp-block-heading has-custom-color-1-color has-text-color has-link-color wp-elements-ee7412d73cf813a98ed7e6f4bd41f78f\">\u201cKyrie_Missa_Notre_Dame_Guillame_de_Machaut\u201d -&gt; Processado em Binaural (usar headphones)<\/h6>\n\n\n\n<figure class=\"wp-block-audio\"><audio controls src=\"https:\/\/reverbdata.ipl.pt\/wp-content\/uploads\/2025\/04\/Kyrie_Missa_Notre_Dame_Guillaume_de_Machaut_Binaural_40s.wav\"><\/audio><figcaption class=\"wp-element-caption\">Fonte Ac\u00fastica em S3 e Sistema de Aquisi\u00e7\u00e3o na posi\u00e7\u00e3o 1; T<sub>30, wide<\/sub> = 9.61 s<\/figcaption><\/figure>\n<\/div>\n<\/div>\n\n\n\n<div class=\"wp-block-group has-global-padding is-layout-constrained wp-block-group-is-layout-constrained\">\n<div style=\"height:40px\" aria-hidden=\"true\" class=\"wp-block-spacer\"><\/div>\n\n\n\n<div class=\"wp-block-group has-custom-color-1-background-color has-background has-global-padding is-layout-constrained wp-container-core-group-is-layout-e8732830 wp-block-group-is-layout-constrained\" style=\"min-height:0px;margin-top:0;margin-bottom:0;padding-right:5rem;padding-left:5rem\">\n<h3 class=\"wp-block-heading has-text-align-center has-base-color has-text-color has-link-color wp-elements-bdebf145cae9fa4460087a537381715d\" style=\"padding-top:0;padding-right:0;padding-bottom:0;padding-left:0\">Ficheiros de Resposta ao Impulso do Espa\u00e7o<\/h3>\n\n\n\n<div class=\"wp-block-buttons alignwide is-horizontal is-content-justification-center is-layout-flex wp-container-core-buttons-is-layout-967d4589 wp-block-buttons-is-layout-flex\" style=\"margin-top:var(--wp--preset--spacing--40);margin-bottom:0\">\n<div class=\"wp-block-button is-style-fill\"><a class=\"wp-block-button__link has-section-bg-color has-heading-background-color has-text-color has-background has-link-color has-text-align-center wp-element-button\" href=\"https:\/\/iplx-my.sharepoint.com\/:f:\/g\/personal\/reverbdata_esml_ipl_pt\/Eg1bJeCN_8BBjhGECyGGq28B0kUmAG_7iyduplO9VluIZA?e=TiScB9\" style=\"border-style:none;border-width:0px\"><strong>Download<\/strong><\/a><\/div>\n<\/div>\n<\/div>\n\n\n\n<div class=\"wp-block-buttons is-content-justification-left is-layout-flex wp-container-core-buttons-is-layout-fc4fd283 wp-block-buttons-is-layout-flex\">\n<div class=\"wp-block-button is-style-outline is-style-outline--1\"><a class=\"wp-block-button__link has-custom-color-1-color has-white-background-color has-text-color has-background has-link-color wp-element-button\" href=\"https:\/\/reverbdata.ipl.pt\/pt\/#convent-of-christ\">Voltar ao Convento de Cristo<\/a><\/div>\n<\/div>\n\n\n\n<div class=\"wp-block-buttons is-content-justification-right is-layout-flex wp-container-core-buttons-is-layout-d445cf74 wp-block-buttons-is-layout-flex\">\n<div class=\"wp-block-button is-style-fill\"><a class=\"wp-block-button__link has-heading-color has-white-background-color has-text-color has-background has-link-color wp-element-button\" href=\"https:\/\/reverbdata.ipl.pt\/pt\/\">Voltar \u00e0 Pagina Inicial<\/a><\/div>\n<\/div>\n<\/div>","protected":false},"excerpt":{"rendered":"<p>The quadrangular shaped Cistern has two double arcade galleries separated by buttresses, which rise to the 3rd register to the south and west, and coverings and supports identical to those of the Cloister of Micha. The block is surrounded by 4 bodies of 3 floors, with the south side occupied by the old granary (today [&hellip;]<\/p>\n","protected":false},"author":4,"featured_media":728,"parent":514,"menu_order":0,"comment_status":"closed","ping_status":"closed","template":"","meta":{"footnotes":""},"class_list":["post-706","page","type-page","status-publish","has-post-thumbnail","hentry"],"featured_image_src":"https:\/\/reverbdata.ipl.pt\/wp-content\/uploads\/2024\/08\/Cisterna_foto.png","_links":{"self":[{"href":"https:\/\/reverbdata.ipl.pt\/pt\/wp-json\/wp\/v2\/pages\/706","targetHints":{"allow":["GET"]}}],"collection":[{"href":"https:\/\/reverbdata.ipl.pt\/pt\/wp-json\/wp\/v2\/pages"}],"about":[{"href":"https:\/\/reverbdata.ipl.pt\/pt\/wp-json\/wp\/v2\/types\/page"}],"author":[{"embeddable":true,"href":"https:\/\/reverbdata.ipl.pt\/pt\/wp-json\/wp\/v2\/users\/4"}],"replies":[{"embeddable":true,"href":"https:\/\/reverbdata.ipl.pt\/pt\/wp-json\/wp\/v2\/comments?post=706"}],"version-history":[{"count":22,"href":"https:\/\/reverbdata.ipl.pt\/pt\/wp-json\/wp\/v2\/pages\/706\/revisions"}],"predecessor-version":[{"id":2196,"href":"https:\/\/reverbdata.ipl.pt\/pt\/wp-json\/wp\/v2\/pages\/706\/revisions\/2196"}],"up":[{"embeddable":true,"href":"https:\/\/reverbdata.ipl.pt\/pt\/wp-json\/wp\/v2\/pages\/514"}],"wp:featuredmedia":[{"embeddable":true,"href":"https:\/\/reverbdata.ipl.pt\/pt\/wp-json\/wp\/v2\/media\/728"}],"wp:attachment":[{"href":"https:\/\/reverbdata.ipl.pt\/pt\/wp-json\/wp\/v2\/media?parent=706"}],"curies":[{"name":"wp","href":"https:\/\/api.w.org\/{rel}","templated":true}]}}

<div class="wp-block-group has-global-padding is-layout-constrained wp-block-group-is-layout-constrained">
<div class="wp-block-group has-global-padding is-layout-constrained wp-block-group-is-layout-constrained">
<div class="wp-block-columns is-layout-flex wp-container-core-columns-is-layout-0f3590de wp-block-columns-is-layout-flex">
<div class="wp-block-column is-layout-flow wp-block-column-is-layout-flow" style="flex-basis:50%"><h3 class="has-link-color wp-elements-d2e51c92208a6a2a5b724660ce272c42 wp-block-post-title has-text-color has-custom-color-1-color">Cisterna do Claustro dos Corvos</h3>


<figure class="wp-block-image size-full"><img loading="lazy" decoding="async" width="4134" height="2756" src="https://reverbdata.ipl.pt/wp-content/uploads/2024/08/Cisterna_foto.png" alt="" class="wp-image-728" srcset="https://reverbdata.ipl.pt/wp-content/uploads/2024/08/Cisterna_foto.png 4134w, https://reverbdata.ipl.pt/wp-content/uploads/2024/08/Cisterna_foto-300x200.png 300w, https://reverbdata.ipl.pt/wp-content/uploads/2024/08/Cisterna_foto-1024x683.png 1024w, https://reverbdata.ipl.pt/wp-content/uploads/2024/08/Cisterna_foto-768x512.png 768w, https://reverbdata.ipl.pt/wp-content/uploads/2024/08/Cisterna_foto-1536x1024.png 1536w, https://reverbdata.ipl.pt/wp-content/uploads/2024/08/Cisterna_foto-2048x1365.png 2048w, https://reverbdata.ipl.pt/wp-content/uploads/2024/08/Cisterna_foto-18x12.png 18w, https://reverbdata.ipl.pt/wp-content/uploads/2024/08/Cisterna_foto-200x133.png 200w" sizes="auto, (max-width: 4134px) 100vw, 4134px" /></figure>



<p class="justify-text has-body-text-color has-text-color has-link-color wp-elements-163f0d8b453f9765e807101fc97e7b85">A Cisterna de formato quadrangular tem duas galerias de dupla arcada separadas por contrafortes, que sobem até ao 3.º registo a sul e oeste, e coberturas e suportes idênticos aos do Claustro da Micha. Rodeiam a quadra 4 corpos de 3 pisos, sendo o lado sul ocupado pelo antigo celeiro (hoje capela), o lado norte pela cozinha (piso térreo) e as celas do noviciado (1.º piso) e o lado este pelo Refeitório e pelas celas do braço sul dos dormitórios.</p>
</div>



<div class="wp-block-column is-layout-flow wp-block-column-is-layout-flow" style="padding-top:3rem;flex-basis:50%">
<h5 class="wp-block-heading has-text-align-left has-custom-color-1-color has-text-color has-link-color wp-elements-74cf0948a3128ab9f4ecf1f8834f4295">Pontos de medição e localização da fonte acústica</h5>



<p class="justify-text has-body-text-color has-text-color has-link-color wp-elements-b4ad16b969540e0b2d8850afa89d8806">Foram escolhidas duas posições de aquisição no interior da cisterna em articulação com três posições diferentes da fonte acústica.</p>



<figure class="wp-block-image alignwide size-full is-style-default"><img loading="lazy" decoding="async" width="2400" height="3750" src="https://reverbdata.ipl.pt/wp-content/uploads/2024/09/Cisterna_final.png" alt="" class="wp-image-992" srcset="https://reverbdata.ipl.pt/wp-content/uploads/2024/09/Cisterna_final.png 2400w, https://reverbdata.ipl.pt/wp-content/uploads/2024/09/Cisterna_final-192x300.png 192w, https://reverbdata.ipl.pt/wp-content/uploads/2024/09/Cisterna_final-655x1024.png 655w, https://reverbdata.ipl.pt/wp-content/uploads/2024/09/Cisterna_final-768x1200.png 768w, https://reverbdata.ipl.pt/wp-content/uploads/2024/09/Cisterna_final-983x1536.png 983w, https://reverbdata.ipl.pt/wp-content/uploads/2024/09/Cisterna_final-1311x2048.png 1311w, https://reverbdata.ipl.pt/wp-content/uploads/2024/09/Cisterna_final-8x12.png 8w, https://reverbdata.ipl.pt/wp-content/uploads/2024/09/Cisterna_final-200x313.png 200w" sizes="auto, (max-width: 2400px) 100vw, 2400px" /></figure>
</div>
</div>



<h3 class="wp-block-heading has-custom-color-1-color has-text-color has-link-color wp-elements-01bca5ce57de3daa64864e37b5fec474">Ficheiros de Áudio de Demonstração</h3>



<h6 class="wp-block-heading has-custom-color-1-color has-text-color has-link-color wp-elements-3dcccc6407b28d21ef5ff8dfadb27658">"Discurso masculino e feminino" -&gt; Original</h6>



<figure class="wp-block-audio"><audio controls src="https://reverbdata.ipl.pt/wp-content/uploads/2025/05/Male_and_Female_speech_40s.wav"></audio></figure>



<h6 class="wp-block-heading has-custom-color-1-color has-text-color has-link-color wp-elements-526f9bc44a54ace3c0b686654b643940">"Discurso masculino e feminino" -&gt; Processado em Estéreo</h6>



<figure class="wp-block-audio"><audio controls src="https://reverbdata.ipl.pt/wp-content/uploads/2025/04/Male_and_Female_speech_Stereo_40s.wav"></audio><figcaption class="wp-element-caption">Fonte Acústica em S3 e Sistema de Aquisição na posição 1; T<sub>30, wide</sub> = 9.61 s</figcaption></figure>



<h6 class="wp-block-heading has-custom-color-1-color has-text-color has-link-color wp-elements-15d1e3bb90b012f2eafa8912ebde65d5">"Discurso masculino e feminino" -&gt; Processado em Binaural (usar headphones)</h6>



<figure class="wp-block-audio"><audio controls src="https://reverbdata.ipl.pt/wp-content/uploads/2025/04/Male_and_Female_speech_Binaural_40s.wav"></audio></figure>



<h6 class="wp-block-heading has-custom-color-1-color has-text-color has-link-color wp-elements-8b021da4f6891343264ec4075f892193">“Guitar_Capriccio_Arabe_Tarrega” -&gt; Original</h6>



<figure class="wp-block-audio"><audio controls src="https://reverbdata.ipl.pt/wp-content/uploads/2025/05/Guitar_Capriccio_Arabe_Tarrega_40s.wav"></audio></figure>



<h6 class="wp-block-heading has-custom-color-1-color has-text-color has-link-color wp-elements-da811de222d07d25a08b3306dca9165a">“Guitar_Capriccio_Arabe_Tarrega” -&gt; Processado em Estéreo</h6>



<figure class="wp-block-audio"><audio controls src="https://reverbdata.ipl.pt/wp-content/uploads/2025/04/Guitar_Capriccio_Arabe_Tarrega_Stereo_40s.wav"></audio><figcaption class="wp-element-caption">Fonte Acústica em S3 e Sistema de Aquisição na posição 1; T<sub>30, wide</sub> = 9.61 s</figcaption></figure>



<h6 class="wp-block-heading has-custom-color-1-color has-text-color has-link-color wp-elements-3e4b1e9003c333e6a9be23ad9cfcf89e">“Guitar_Capriccio_Arabe_Tarrega” -&gt; Processado em Binaural (usar headphones)</h6>



<figure class="wp-block-audio"><audio controls src="https://reverbdata.ipl.pt/wp-content/uploads/2025/04/Guitar_Capriccio_Arabe_Tarrega_Binaural_40s.wav"></audio><figcaption class="wp-element-caption">Fonte Acústica em S3 e Sistema de Aquisição na posição 1; T<sub>30, wide</sub> = 9.61 s</figcaption></figure>



<h6 class="wp-block-heading has-custom-color-1-color has-text-color has-link-color wp-elements-5e3ef03a3904366221432726cf86b293">“Kyrie_Missa_Notre_Dame_Guillame_de_Machaut” -&gt; Original</h6>



<figure class="wp-block-audio"><audio controls src="https://reverbdata.ipl.pt/wp-content/uploads/2025/05/Kyrie_Missa_Notre_Dame_Guillame_de_Machaut_40s.wav"></audio></figure>



<h6 class="wp-block-heading has-custom-color-1-color has-text-color has-link-color wp-elements-c8ec8eb0b94e1c4a27ce45cb43d2255f">“Kyrie_Missa_Notre_Dame_Guillame_de_Machaut” -&gt; Processado em Estéreo</h6>



<figure class="wp-block-audio"><audio controls src="https://reverbdata.ipl.pt/wp-content/uploads/2025/04/Kyrie_Missa_Notre_Dame_Guillaume_de_Machaut_Stereo_40s.wav"></audio><figcaption class="wp-element-caption">Fonte Acústica em S3 e Sistema de Aquisição na posição 1; T<sub>30, wide</sub> = 9.61 s</figcaption></figure>



<h6 class="wp-block-heading has-custom-color-1-color has-text-color has-link-color wp-elements-ee7412d73cf813a98ed7e6f4bd41f78f">“Kyrie_Missa_Notre_Dame_Guillame_de_Machaut” -&gt; Processado em Binaural (usar headphones)</h6>



<figure class="wp-block-audio"><audio controls src="https://reverbdata.ipl.pt/wp-content/uploads/2025/04/Kyrie_Missa_Notre_Dame_Guillaume_de_Machaut_Binaural_40s.wav"></audio><figcaption class="wp-element-caption">Fonte Acústica em S3 e Sistema de Aquisição na posição 1; T<sub>30, wide</sub> = 9.61 s</figcaption></figure>
</div>
</div>



<div class="wp-block-group has-global-padding is-layout-constrained wp-block-group-is-layout-constrained">
<div style="height:40px" aria-hidden="true" class="wp-block-spacer"></div>



<div class="wp-block-group has-custom-color-1-background-color has-background has-global-padding is-layout-constrained wp-container-core-group-is-layout-e8732830 wp-block-group-is-layout-constrained" style="min-height:0px;margin-top:0;margin-bottom:0;padding-right:5rem;padding-left:5rem">
<h3 class="wp-block-heading has-text-align-center has-base-color has-text-color has-link-color wp-elements-bdebf145cae9fa4460087a537381715d" style="padding-top:0;padding-right:0;padding-bottom:0;padding-left:0">Ficheiros de Resposta ao Impulso do Espaço</h3>



<div class="wp-block-buttons alignwide is-horizontal is-content-justification-center is-layout-flex wp-container-core-buttons-is-layout-967d4589 wp-block-buttons-is-layout-flex" style="margin-top:var(--wp--preset--spacing--40);margin-bottom:0">
<div class="wp-block-button is-style-fill"><a class="wp-block-button__link has-section-bg-color has-heading-background-color has-text-color has-background has-link-color has-text-align-center wp-element-button" href="https://iplx-my.sharepoint.com/:f:/g/personal/reverbdata_esml_ipl_pt/Eg1bJeCN_8BBjhGECyGGq28B0kUmAG_7iyduplO9VluIZA?e=TiScB9" style="border-style:none;border-width:0px"><strong>Download</strong></a></div>
</div>
</div>



<div class="wp-block-buttons is-content-justification-left is-layout-flex wp-container-core-buttons-is-layout-fc4fd283 wp-block-buttons-is-layout-flex">
<div class="wp-block-button is-style-outline is-style-outline--1"><a class="wp-block-button__link has-custom-color-1-color has-white-background-color has-text-color has-background has-link-color wp-element-button" href="https://reverbdata.ipl.pt/pt/#convent-of-christ">Voltar ao Convento de Cristo</a></div>
</div>



<div class="wp-block-buttons is-content-justification-right is-layout-flex wp-container-core-buttons-is-layout-d445cf74 wp-block-buttons-is-layout-flex">
<div class="wp-block-button is-style-fill"><a class="wp-block-button__link has-heading-color has-white-background-color has-text-color has-background has-link-color wp-element-button" href="https://reverbdata.ipl.pt/pt/">Voltar à Pagina Inicial</a></div>
</div>
</div>
