{"id":710,"date":"2024-08-28T16:09:30","date_gmt":"2024-08-28T16:09:30","guid":{"rendered":"https:\/\/reverbdata.ipl.pt\/?page_id=710"},"modified":"2025-11-27T10:56:49","modified_gmt":"2025-11-27T10:56:49","slug":"refectory","status":"publish","type":"page","link":"https:\/\/reverbdata.ipl.pt\/pt\/reverbdata\/refectory\/","title":{"rendered":"Refeit\u00f3rio do Convento de Cristo"},"content":{"rendered":"<div class=\"wp-block-group has-global-padding is-layout-constrained wp-block-group-is-layout-constrained\">\n<div class=\"wp-block-group has-global-padding is-layout-constrained wp-block-group-is-layout-constrained\">\n<div class=\"wp-block-columns is-layout-flex wp-container-core-columns-is-layout-0f3590de wp-block-columns-is-layout-flex\">\n<div class=\"wp-block-column is-layout-flow wp-block-column-is-layout-flow\" style=\"flex-basis:50%\"><h3 class=\"has-link-color wp-elements-d2e51c92208a6a2a5b724660ce272c42 wp-block-post-title has-text-color has-custom-color-1-color\">Refeit\u00f3rio do Convento de Cristo<\/h3>\n\n\n<figure class=\"wp-block-image size-full\"><img loading=\"lazy\" decoding=\"async\" width=\"4134\" height=\"2756\" src=\"https:\/\/reverbdata.ipl.pt\/wp-content\/uploads\/2024\/08\/Refeitorio_2.png\" alt=\"\" class=\"wp-image-722\" srcset=\"https:\/\/reverbdata.ipl.pt\/wp-content\/uploads\/2024\/08\/Refeitorio_2.png 4134w, https:\/\/reverbdata.ipl.pt\/wp-content\/uploads\/2024\/08\/Refeitorio_2-300x200.png 300w, https:\/\/reverbdata.ipl.pt\/wp-content\/uploads\/2024\/08\/Refeitorio_2-1024x683.png 1024w, https:\/\/reverbdata.ipl.pt\/wp-content\/uploads\/2024\/08\/Refeitorio_2-768x512.png 768w, https:\/\/reverbdata.ipl.pt\/wp-content\/uploads\/2024\/08\/Refeitorio_2-1536x1024.png 1536w, https:\/\/reverbdata.ipl.pt\/wp-content\/uploads\/2024\/08\/Refeitorio_2-2048x1365.png 2048w, https:\/\/reverbdata.ipl.pt\/wp-content\/uploads\/2024\/08\/Refeitorio_2-18x12.png 18w, https:\/\/reverbdata.ipl.pt\/wp-content\/uploads\/2024\/08\/Refeitorio_2-200x133.png 200w\" sizes=\"auto, (max-width: 4134px) 100vw, 4134px\" \/><\/figure>\n\n\n\n<p class=\"justify-text has-body-text-color has-text-color has-link-color wp-elements-f714eb279adc2d39b01d80dedd94e869\">O espa\u00e7o possui umas interessantes nervuras perspectivadas na ab\u00f3bada e tem uma antec\u00e2mara que serviu de aparador e que comunica com a cozinha. Sob o refeit\u00f3rio localiza-se a adega do vinho e outras depend\u00eancias de cariz agr\u00edcola, em articula\u00e7\u00e3o com o laranjal (Horta dos Frades) e a cerca do Convento.<\/p>\n\n\n\n<p class=\"justify-text has-body-text-color has-text-color has-link-color wp-elements-ed79f6a1c036421214780c4217d4b2e0\">A actual organiza\u00e7\u00e3o das mesas deveu-se a obras posteriores, do tempo do Semin\u00e1rio das Miss\u00f5es (1922-92).<\/p>\n<\/div>\n\n\n\n<div class=\"wp-block-column is-layout-flow wp-block-column-is-layout-flow\" style=\"padding-top:3rem;flex-basis:50%\">\n<h5 class=\"wp-block-heading has-text-align-left has-custom-color-1-color has-text-color has-link-color wp-elements-74cf0948a3128ab9f4ecf1f8834f4295\">Pontos de medi\u00e7\u00e3o e localiza\u00e7\u00e3o da fonte ac\u00fastica<\/h5>\n\n\n\n<p class=\"justify-text has-body-text-color has-text-color has-link-color wp-elements-02c0ab3002ca45f9da7529730f4200f2\">Foram escolhidas duas posi\u00e7\u00f5es da fonte ac\u00fastica no interior do Refeit\u00f3rio, sendo a primeira o p\u00falpito oeste e a segunda o extremo sul da sala, no t\u00e9rmino das longas mesas. Foram definidas tr\u00eas posi\u00e7\u00f5es de aquisi\u00e7\u00e3o e registo ac\u00fastico, uma no extremo sul, outra no centro e a \u00faltima no extremo norte da sala, conforme apresentado na planta seguinte.<\/p>\n\n\n\n<figure class=\"wp-block-image alignwide size-full is-style-default\"><img loading=\"lazy\" decoding=\"async\" width=\"5700\" height=\"10171\" src=\"https:\/\/reverbdata.ipl.pt\/wp-content\/uploads\/2024\/09\/Refeitorio_final2.png\" alt=\"\" class=\"wp-image-1018\" srcset=\"https:\/\/reverbdata.ipl.pt\/wp-content\/uploads\/2024\/09\/Refeitorio_final2.png 5700w, https:\/\/reverbdata.ipl.pt\/wp-content\/uploads\/2024\/09\/Refeitorio_final2-168x300.png 168w, https:\/\/reverbdata.ipl.pt\/wp-content\/uploads\/2024\/09\/Refeitorio_final2-574x1024.png 574w, https:\/\/reverbdata.ipl.pt\/wp-content\/uploads\/2024\/09\/Refeitorio_final2-768x1370.png 768w, https:\/\/reverbdata.ipl.pt\/wp-content\/uploads\/2024\/09\/Refeitorio_final2-861x1536.png 861w, https:\/\/reverbdata.ipl.pt\/wp-content\/uploads\/2024\/09\/Refeitorio_final2-1148x2048.png 1148w, https:\/\/reverbdata.ipl.pt\/wp-content\/uploads\/2024\/09\/Refeitorio_final2-7x12.png 7w, https:\/\/reverbdata.ipl.pt\/wp-content\/uploads\/2024\/09\/Refeitorio_final2-200x357.png 200w\" sizes=\"auto, (max-width: 5700px) 100vw, 5700px\" \/><\/figure>\n<\/div>\n<\/div>\n<\/div>\n\n\n\n<h3 class=\"wp-block-heading has-custom-color-1-color has-text-color has-link-color wp-elements-01bca5ce57de3daa64864e37b5fec474\">Ficheiros de \u00c1udio de Demonstra\u00e7\u00e3o<\/h3>\n\n\n\n<h6 class=\"wp-block-heading has-custom-color-1-color has-text-color has-link-color wp-elements-5d0b8381b06338b31183daec91eb03ed\">\"Discurso masculino e feminino\" -&gt; Original<\/h6>\n\n\n\n<figure class=\"wp-block-audio\"><audio controls src=\"https:\/\/reverbdata.ipl.pt\/wp-content\/uploads\/2025\/05\/Male_and_Female_speech_40s.wav\"><\/audio><\/figure>\n\n\n\n<h6 class=\"wp-block-heading has-custom-color-1-color has-text-color has-link-color wp-elements-05d1ab4ec7b116d35a88f5889981f89b\">\"Discurso masculino e feminino\" -&gt; Processado em Est\u00e9reo<\/h6>\n\n\n\n<figure class=\"wp-block-audio\"><audio controls src=\"https:\/\/reverbdata.ipl.pt\/wp-content\/uploads\/2025\/04\/Male_and_Female_speech_Stereo_40s-2.wav\"><\/audio><figcaption class=\"wp-element-caption\">Fonte Ac\u00fastica em S1 e Sistema de Aquisi\u00e7\u00e3o na posi\u00e7\u00e3o 2; T<sub>30,wide<\/sub> = 6.24 s<\/figcaption><\/figure>\n\n\n\n<h6 class=\"wp-block-heading has-custom-color-1-color has-text-color has-link-color wp-elements-cefd33f3fd0d3ace7f548d7653c7219d\">\"Discurso masculino e feminino\" -&gt; Processado em Binaural (usar headphones)<\/h6>\n\n\n\n<figure class=\"wp-block-audio\"><audio controls src=\"https:\/\/reverbdata.ipl.pt\/wp-content\/uploads\/2025\/04\/Male_and_Female_speech_Binaural_40s-2.wav\"><\/audio><figcaption class=\"wp-element-caption\">Fonte Ac\u00fastica em S1 e Sistema de Aquisi\u00e7\u00e3o na posi\u00e7\u00e3o 2; T<sub>30,wide<\/sub> = 6.24 s<\/figcaption><\/figure>\n\n\n\n<h6 class=\"wp-block-heading has-custom-color-1-color has-text-color has-link-color wp-elements-8b021da4f6891343264ec4075f892193\">\u201cGuitar_Capriccio_Arabe_Tarrega\u201d -&gt; Original<\/h6>\n\n\n\n<figure class=\"wp-block-audio\"><audio controls src=\"https:\/\/reverbdata.ipl.pt\/wp-content\/uploads\/2025\/05\/Guitar_Capriccio_Arabe_Tarrega_40s.wav\"><\/audio><\/figure>\n\n\n\n<h6 class=\"wp-block-heading has-custom-color-1-color has-text-color has-link-color wp-elements-da811de222d07d25a08b3306dca9165a\">\u201cGuitar_Capriccio_Arabe_Tarrega\u201d -&gt; Processado em Est\u00e9reo<\/h6>\n\n\n\n<figure class=\"wp-block-audio\"><audio controls src=\"https:\/\/reverbdata.ipl.pt\/wp-content\/uploads\/2025\/04\/Guitar_Capriccio_Arabe_Tarrega_Stereo_40s-2.wav\"><\/audio><figcaption class=\"wp-element-caption\">Fonte Ac\u00fastica em S1 e Sistema de Aquisi\u00e7\u00e3o na posi\u00e7\u00e3o 2; T<sub>30,wide<\/sub> = 6.24 s<\/figcaption><\/figure>\n\n\n\n<h6 class=\"wp-block-heading has-custom-color-1-color has-text-color has-link-color wp-elements-3e4b1e9003c333e6a9be23ad9cfcf89e\">\u201cGuitar_Capriccio_Arabe_Tarrega\u201d -&gt; Processado em Binaural (usar headphones)<\/h6>\n\n\n\n<figure class=\"wp-block-audio\"><audio controls src=\"https:\/\/reverbdata.ipl.pt\/wp-content\/uploads\/2025\/04\/Guitar_Capriccio_Arabe_Tarrega_Binaural_40s-2.wav\"><\/audio><figcaption class=\"wp-element-caption\">Fonte Ac\u00fastica em S1 e Sistema de Aquisi\u00e7\u00e3o na posi\u00e7\u00e3o 2; T<sub>30,wide<\/sub> = 6.24 s<\/figcaption><\/figure>\n\n\n\n<h6 class=\"wp-block-heading has-custom-color-1-color has-text-color has-link-color wp-elements-5e3ef03a3904366221432726cf86b293\">\u201cKyrie_Missa_Notre_Dame_Guillame_de_Machaut\u201d -&gt; Original<\/h6>\n\n\n\n<figure class=\"wp-block-audio\"><audio controls src=\"https:\/\/reverbdata.ipl.pt\/wp-content\/uploads\/2025\/05\/Kyrie_Missa_Notre_Dame_Guillame_de_Machaut_40s.wav\"><\/audio><\/figure>\n\n\n\n<h6 class=\"wp-block-heading has-custom-color-1-color has-text-color has-link-color wp-elements-c8ec8eb0b94e1c4a27ce45cb43d2255f\">\u201cKyrie_Missa_Notre_Dame_Guillame_de_Machaut\u201d -&gt; Processado em Est\u00e9reo<\/h6>\n\n\n\n<figure class=\"wp-block-audio\"><audio controls src=\"https:\/\/reverbdata.ipl.pt\/wp-content\/uploads\/2025\/04\/Kyrie_Missa_Notre_Dame_Guillaume_de_Machaut_Stereo_40s-2.wav\"><\/audio><figcaption class=\"wp-element-caption\">Fonte Ac\u00fastica em S1 e Sistema de Aquisi\u00e7\u00e3o na posi\u00e7\u00e3o 2; T<sub>30,wide<\/sub> = 6.24 s<\/figcaption><\/figure>\n\n\n\n<h6 class=\"wp-block-heading has-custom-color-1-color has-text-color has-link-color wp-elements-ee7412d73cf813a98ed7e6f4bd41f78f\">\u201cKyrie_Missa_Notre_Dame_Guillame_de_Machaut\u201d -&gt; Processado em Binaural (usar headphones)<\/h6>\n\n\n\n<figure class=\"wp-block-audio\"><audio controls src=\"https:\/\/reverbdata.ipl.pt\/wp-content\/uploads\/2025\/04\/Kyrie_Missa_Notre_Dame_Guillaume_de_Machaut_Binaural_40s-2.wav\"><\/audio><figcaption class=\"wp-element-caption\">Fonte Ac\u00fastica em S1 e Sistema de Aquisi\u00e7\u00e3o na posi\u00e7\u00e3o 2; T<sub>30,wide<\/sub> = 6.24 s<\/figcaption><\/figure>\n<\/div>\n\n\n\n<div class=\"wp-block-group has-global-padding is-layout-constrained wp-block-group-is-layout-constrained\">\n<div style=\"height:40px\" aria-hidden=\"true\" class=\"wp-block-spacer\"><\/div>\n\n\n\n<div class=\"wp-block-group has-custom-color-1-background-color has-background has-global-padding is-layout-constrained wp-container-core-group-is-layout-e8732830 wp-block-group-is-layout-constrained\" style=\"min-height:0px;margin-top:0;margin-bottom:0;padding-right:5rem;padding-left:5rem\">\n<h3 class=\"wp-block-heading has-text-align-center has-base-color has-text-color has-link-color wp-elements-bdebf145cae9fa4460087a537381715d\" style=\"padding-top:0;padding-right:0;padding-bottom:0;padding-left:0\">Ficheiros de Resposta ao Impulso do Espa\u00e7o<\/h3>\n\n\n\n<div class=\"wp-block-buttons alignwide is-horizontal is-content-justification-center is-layout-flex wp-container-core-buttons-is-layout-967d4589 wp-block-buttons-is-layout-flex\" style=\"margin-top:var(--wp--preset--spacing--40);margin-bottom:0\">\n<div class=\"wp-block-button is-style-fill\"><a class=\"wp-block-button__link has-section-bg-color has-heading-background-color has-text-color has-background has-link-color has-text-align-center wp-element-button\" href=\"https:\/\/iplx-my.sharepoint.com\/:f:\/g\/personal\/reverbdata_esml_ipl_pt\/Ej1Lza8_oBJJjLCqqrXc2q4BVaDhCAvie1mI395GHCrfNA?e=Jvh6EJ\" style=\"border-style:none;border-width:0px\"><strong>Download<\/strong><\/a><\/div>\n<\/div>\n<\/div>\n\n\n\n<div class=\"wp-block-buttons is-content-justification-left is-layout-flex wp-container-core-buttons-is-layout-fc4fd283 wp-block-buttons-is-layout-flex\">\n<div class=\"wp-block-button is-style-outline is-style-outline--1\"><a class=\"wp-block-button__link has-custom-color-1-color has-white-background-color has-text-color has-background has-link-color wp-element-button\" href=\"https:\/\/reverbdata.ipl.pt\/pt\/#convent-of-christ\">Voltar ao Convento de Cristo<\/a><\/div>\n<\/div>\n\n\n\n<div class=\"wp-block-buttons is-content-justification-right is-layout-flex wp-container-core-buttons-is-layout-d445cf74 wp-block-buttons-is-layout-flex\">\n<div class=\"wp-block-button is-style-fill\"><a class=\"wp-block-button__link has-heading-color has-white-background-color has-text-color has-background has-link-color wp-element-button\" href=\"https:\/\/reverbdata.ipl.pt\/pt\/\">Voltar \u00e0 Pagina Inicial<\/a><\/div>\n<\/div>\n<\/div>","protected":false},"excerpt":{"rendered":"<p>It has very interesting vaulting ribs. The antechamber served as a pantry and gave access to the kitchen. The wine and olive oil cellars lay below the refectory, as did other rooms of agricultural nature, connected to the orange grove (Friars\u2019 Garden) and the Convent enclosure. The present arrangement of the tables was due to [&hellip;]<\/p>\n","protected":false},"author":4,"featured_media":722,"parent":514,"menu_order":0,"comment_status":"closed","ping_status":"closed","template":"","meta":{"footnotes":""},"class_list":["post-710","page","type-page","status-publish","has-post-thumbnail","hentry"],"featured_image_src":"https:\/\/reverbdata.ipl.pt\/wp-content\/uploads\/2024\/08\/Refeitorio_2.png","_links":{"self":[{"href":"https:\/\/reverbdata.ipl.pt\/pt\/wp-json\/wp\/v2\/pages\/710","targetHints":{"allow":["GET"]}}],"collection":[{"href":"https:\/\/reverbdata.ipl.pt\/pt\/wp-json\/wp\/v2\/pages"}],"about":[{"href":"https:\/\/reverbdata.ipl.pt\/pt\/wp-json\/wp\/v2\/types\/page"}],"author":[{"embeddable":true,"href":"https:\/\/reverbdata.ipl.pt\/pt\/wp-json\/wp\/v2\/users\/4"}],"replies":[{"embeddable":true,"href":"https:\/\/reverbdata.ipl.pt\/pt\/wp-json\/wp\/v2\/comments?post=710"}],"version-history":[{"count":14,"href":"https:\/\/reverbdata.ipl.pt\/pt\/wp-json\/wp\/v2\/pages\/710\/revisions"}],"predecessor-version":[{"id":2192,"href":"https:\/\/reverbdata.ipl.pt\/pt\/wp-json\/wp\/v2\/pages\/710\/revisions\/2192"}],"up":[{"embeddable":true,"href":"https:\/\/reverbdata.ipl.pt\/pt\/wp-json\/wp\/v2\/pages\/514"}],"wp:featuredmedia":[{"embeddable":true,"href":"https:\/\/reverbdata.ipl.pt\/pt\/wp-json\/wp\/v2\/media\/722"}],"wp:attachment":[{"href":"https:\/\/reverbdata.ipl.pt\/pt\/wp-json\/wp\/v2\/media?parent=710"}],"curies":[{"name":"wp","href":"https:\/\/api.w.org\/{rel}","templated":true}]}}

Refeitório do Convento de Cristo

<div class="wp-block-group has-global-padding is-layout-constrained wp-block-group-is-layout-constrained">
<div class="wp-block-group has-global-padding is-layout-constrained wp-block-group-is-layout-constrained">
<div class="wp-block-columns is-layout-flex wp-container-core-columns-is-layout-0f3590de wp-block-columns-is-layout-flex">
<div class="wp-block-column is-layout-flow wp-block-column-is-layout-flow" style="flex-basis:50%"><h3 class="has-link-color wp-elements-d2e51c92208a6a2a5b724660ce272c42 wp-block-post-title has-text-color has-custom-color-1-color">Refeitório do Convento de Cristo</h3>


<figure class="wp-block-image size-full"><img loading="lazy" decoding="async" width="4134" height="2756" src="https://reverbdata.ipl.pt/wp-content/uploads/2024/08/Refeitorio_2.png" alt="" class="wp-image-722" srcset="https://reverbdata.ipl.pt/wp-content/uploads/2024/08/Refeitorio_2.png 4134w, https://reverbdata.ipl.pt/wp-content/uploads/2024/08/Refeitorio_2-300x200.png 300w, https://reverbdata.ipl.pt/wp-content/uploads/2024/08/Refeitorio_2-1024x683.png 1024w, https://reverbdata.ipl.pt/wp-content/uploads/2024/08/Refeitorio_2-768x512.png 768w, https://reverbdata.ipl.pt/wp-content/uploads/2024/08/Refeitorio_2-1536x1024.png 1536w, https://reverbdata.ipl.pt/wp-content/uploads/2024/08/Refeitorio_2-2048x1365.png 2048w, https://reverbdata.ipl.pt/wp-content/uploads/2024/08/Refeitorio_2-18x12.png 18w, https://reverbdata.ipl.pt/wp-content/uploads/2024/08/Refeitorio_2-200x133.png 200w" sizes="auto, (max-width: 4134px) 100vw, 4134px" /></figure>



<p class="justify-text has-body-text-color has-text-color has-link-color wp-elements-f714eb279adc2d39b01d80dedd94e869">O espaço possui umas interessantes nervuras perspectivadas na abóbada e tem uma antecâmara que serviu de aparador e que comunica com a cozinha. Sob o refeitório localiza-se a adega do vinho e outras dependências de cariz agrícola, em articulação com o laranjal (Horta dos Frades) e a cerca do Convento.</p>



<p class="justify-text has-body-text-color has-text-color has-link-color wp-elements-ed79f6a1c036421214780c4217d4b2e0">A actual organização das mesas deveu-se a obras posteriores, do tempo do Seminário das Missões (1922-92).</p>
</div>



<div class="wp-block-column is-layout-flow wp-block-column-is-layout-flow" style="padding-top:3rem;flex-basis:50%">
<h5 class="wp-block-heading has-text-align-left has-custom-color-1-color has-text-color has-link-color wp-elements-74cf0948a3128ab9f4ecf1f8834f4295">Pontos de medição e localização da fonte acústica</h5>



<p class="justify-text has-body-text-color has-text-color has-link-color wp-elements-02c0ab3002ca45f9da7529730f4200f2">Foram escolhidas duas posições da fonte acústica no interior do Refeitório, sendo a primeira o púlpito oeste e a segunda o extremo sul da sala, no término das longas mesas. Foram definidas três posições de aquisição e registo acústico, uma no extremo sul, outra no centro e a última no extremo norte da sala, conforme apresentado na planta seguinte.</p>



<figure class="wp-block-image alignwide size-full is-style-default"><img loading="lazy" decoding="async" width="5700" height="10171" src="https://reverbdata.ipl.pt/wp-content/uploads/2024/09/Refeitorio_final2.png" alt="" class="wp-image-1018" srcset="https://reverbdata.ipl.pt/wp-content/uploads/2024/09/Refeitorio_final2.png 5700w, https://reverbdata.ipl.pt/wp-content/uploads/2024/09/Refeitorio_final2-168x300.png 168w, https://reverbdata.ipl.pt/wp-content/uploads/2024/09/Refeitorio_final2-574x1024.png 574w, https://reverbdata.ipl.pt/wp-content/uploads/2024/09/Refeitorio_final2-768x1370.png 768w, https://reverbdata.ipl.pt/wp-content/uploads/2024/09/Refeitorio_final2-861x1536.png 861w, https://reverbdata.ipl.pt/wp-content/uploads/2024/09/Refeitorio_final2-1148x2048.png 1148w, https://reverbdata.ipl.pt/wp-content/uploads/2024/09/Refeitorio_final2-7x12.png 7w, https://reverbdata.ipl.pt/wp-content/uploads/2024/09/Refeitorio_final2-200x357.png 200w" sizes="auto, (max-width: 5700px) 100vw, 5700px" /></figure>
</div>
</div>
</div>



<h3 class="wp-block-heading has-custom-color-1-color has-text-color has-link-color wp-elements-01bca5ce57de3daa64864e37b5fec474">Ficheiros de Áudio de Demonstração</h3>



<h6 class="wp-block-heading has-custom-color-1-color has-text-color has-link-color wp-elements-5d0b8381b06338b31183daec91eb03ed">"Discurso masculino e feminino" -&gt; Original</h6>



<figure class="wp-block-audio"><audio controls src="https://reverbdata.ipl.pt/wp-content/uploads/2025/05/Male_and_Female_speech_40s.wav"></audio></figure>



<h6 class="wp-block-heading has-custom-color-1-color has-text-color has-link-color wp-elements-05d1ab4ec7b116d35a88f5889981f89b">"Discurso masculino e feminino" -&gt; Processado em Estéreo</h6>



<figure class="wp-block-audio"><audio controls src="https://reverbdata.ipl.pt/wp-content/uploads/2025/04/Male_and_Female_speech_Stereo_40s-2.wav"></audio><figcaption class="wp-element-caption">Fonte Acústica em S1 e Sistema de Aquisição na posição 2; T<sub>30,wide</sub> = 6.24 s</figcaption></figure>



<h6 class="wp-block-heading has-custom-color-1-color has-text-color has-link-color wp-elements-cefd33f3fd0d3ace7f548d7653c7219d">"Discurso masculino e feminino" -&gt; Processado em Binaural (usar headphones)</h6>



<figure class="wp-block-audio"><audio controls src="https://reverbdata.ipl.pt/wp-content/uploads/2025/04/Male_and_Female_speech_Binaural_40s-2.wav"></audio><figcaption class="wp-element-caption">Fonte Acústica em S1 e Sistema de Aquisição na posição 2; T<sub>30,wide</sub> = 6.24 s</figcaption></figure>



<h6 class="wp-block-heading has-custom-color-1-color has-text-color has-link-color wp-elements-8b021da4f6891343264ec4075f892193">“Guitar_Capriccio_Arabe_Tarrega” -&gt; Original</h6>



<figure class="wp-block-audio"><audio controls src="https://reverbdata.ipl.pt/wp-content/uploads/2025/05/Guitar_Capriccio_Arabe_Tarrega_40s.wav"></audio></figure>



<h6 class="wp-block-heading has-custom-color-1-color has-text-color has-link-color wp-elements-da811de222d07d25a08b3306dca9165a">“Guitar_Capriccio_Arabe_Tarrega” -&gt; Processado em Estéreo</h6>



<figure class="wp-block-audio"><audio controls src="https://reverbdata.ipl.pt/wp-content/uploads/2025/04/Guitar_Capriccio_Arabe_Tarrega_Stereo_40s-2.wav"></audio><figcaption class="wp-element-caption">Fonte Acústica em S1 e Sistema de Aquisição na posição 2; T<sub>30,wide</sub> = 6.24 s</figcaption></figure>



<h6 class="wp-block-heading has-custom-color-1-color has-text-color has-link-color wp-elements-3e4b1e9003c333e6a9be23ad9cfcf89e">“Guitar_Capriccio_Arabe_Tarrega” -&gt; Processado em Binaural (usar headphones)</h6>



<figure class="wp-block-audio"><audio controls src="https://reverbdata.ipl.pt/wp-content/uploads/2025/04/Guitar_Capriccio_Arabe_Tarrega_Binaural_40s-2.wav"></audio><figcaption class="wp-element-caption">Fonte Acústica em S1 e Sistema de Aquisição na posição 2; T<sub>30,wide</sub> = 6.24 s</figcaption></figure>



<h6 class="wp-block-heading has-custom-color-1-color has-text-color has-link-color wp-elements-5e3ef03a3904366221432726cf86b293">“Kyrie_Missa_Notre_Dame_Guillame_de_Machaut” -&gt; Original</h6>



<figure class="wp-block-audio"><audio controls src="https://reverbdata.ipl.pt/wp-content/uploads/2025/05/Kyrie_Missa_Notre_Dame_Guillame_de_Machaut_40s.wav"></audio></figure>



<h6 class="wp-block-heading has-custom-color-1-color has-text-color has-link-color wp-elements-c8ec8eb0b94e1c4a27ce45cb43d2255f">“Kyrie_Missa_Notre_Dame_Guillame_de_Machaut” -&gt; Processado em Estéreo</h6>



<figure class="wp-block-audio"><audio controls src="https://reverbdata.ipl.pt/wp-content/uploads/2025/04/Kyrie_Missa_Notre_Dame_Guillaume_de_Machaut_Stereo_40s-2.wav"></audio><figcaption class="wp-element-caption">Fonte Acústica em S1 e Sistema de Aquisição na posição 2; T<sub>30,wide</sub> = 6.24 s</figcaption></figure>



<h6 class="wp-block-heading has-custom-color-1-color has-text-color has-link-color wp-elements-ee7412d73cf813a98ed7e6f4bd41f78f">“Kyrie_Missa_Notre_Dame_Guillame_de_Machaut” -&gt; Processado em Binaural (usar headphones)</h6>



<figure class="wp-block-audio"><audio controls src="https://reverbdata.ipl.pt/wp-content/uploads/2025/04/Kyrie_Missa_Notre_Dame_Guillaume_de_Machaut_Binaural_40s-2.wav"></audio><figcaption class="wp-element-caption">Fonte Acústica em S1 e Sistema de Aquisição na posição 2; T<sub>30,wide</sub> = 6.24 s</figcaption></figure>
</div>



<div class="wp-block-group has-global-padding is-layout-constrained wp-block-group-is-layout-constrained">
<div style="height:40px" aria-hidden="true" class="wp-block-spacer"></div>



<div class="wp-block-group has-custom-color-1-background-color has-background has-global-padding is-layout-constrained wp-container-core-group-is-layout-e8732830 wp-block-group-is-layout-constrained" style="min-height:0px;margin-top:0;margin-bottom:0;padding-right:5rem;padding-left:5rem">
<h3 class="wp-block-heading has-text-align-center has-base-color has-text-color has-link-color wp-elements-bdebf145cae9fa4460087a537381715d" style="padding-top:0;padding-right:0;padding-bottom:0;padding-left:0">Ficheiros de Resposta ao Impulso do Espaço</h3>



<div class="wp-block-buttons alignwide is-horizontal is-content-justification-center is-layout-flex wp-container-core-buttons-is-layout-967d4589 wp-block-buttons-is-layout-flex" style="margin-top:var(--wp--preset--spacing--40);margin-bottom:0">
<div class="wp-block-button is-style-fill"><a class="wp-block-button__link has-section-bg-color has-heading-background-color has-text-color has-background has-link-color has-text-align-center wp-element-button" href="https://iplx-my.sharepoint.com/:f:/g/personal/reverbdata_esml_ipl_pt/Ej1Lza8_oBJJjLCqqrXc2q4BVaDhCAvie1mI395GHCrfNA?e=Jvh6EJ" style="border-style:none;border-width:0px"><strong>Download</strong></a></div>
</div>
</div>



<div class="wp-block-buttons is-content-justification-left is-layout-flex wp-container-core-buttons-is-layout-fc4fd283 wp-block-buttons-is-layout-flex">
<div class="wp-block-button is-style-outline is-style-outline--1"><a class="wp-block-button__link has-custom-color-1-color has-white-background-color has-text-color has-background has-link-color wp-element-button" href="https://reverbdata.ipl.pt/pt/#convent-of-christ">Voltar ao Convento de Cristo</a></div>
</div>



<div class="wp-block-buttons is-content-justification-right is-layout-flex wp-container-core-buttons-is-layout-d445cf74 wp-block-buttons-is-layout-flex">
<div class="wp-block-button is-style-fill"><a class="wp-block-button__link has-heading-color has-white-background-color has-text-color has-background has-link-color wp-element-button" href="https://reverbdata.ipl.pt/pt/">Voltar à Pagina Inicial</a></div>
</div>
</div>
